-- Table structure for table `geo_cities`
--

CREATE TABLE IF NOT EXISTS `geo_cities` (
  `city_id` int(10) unsigned NOT NULL AUTO_INCREMENT,
  `region` varchar(2) DEFAULT NULL,
  `title` varchar(80) DEFAULT NULL,
  `alias` varchar(80) NOT NULL,
  `postalCode` varchar(10) DEFAULT NULL,
  `latitude` decimal(7,4) DEFAULT NULL,
  `longitude` decimal(8,4) DEFAULT NULL,
  `metroCode` varchar(10) DEFAULT NULL,
  `areaCode` varchar(10) DEFAULT NULL,
  PRIMARY KEY (`city_id`),
  KEY `alias` (`alias`),
  KEY `region` (`region`)
) ENGINE=InnoDB  DEFAULT CHARSET=utf8 AUTO_INCREMENT=2220 ;

--
-- Dumping data for table `geo_cities`
--

INSERT INTO `geo_cities` (`city_id`, `region`, `title`, `alias`, `postalCode`, `latitude`, `longitude`, `metroCode`, `areaCode`) VALUES
(1, 'MD', 'Baltimore', 'baltimore', '', '39.3181', '-76.6140', '512', '410'),
(2, 'UT', 'Salt Lake City', 'salt-lake-city', '', '40.7242', '-111.8787', '770', '801'),
(3, 'CO', 'Denver', 'denver', '', '39.7437', '-104.9793', '751', '303'),
(4, 'IA', 'West Des Moines', 'west-des-moines', '', '41.5650', '-93.7623', '679', '515'),
(5, 'PA', 'King Of Prussia', 'king-of-prussia', '', '40.0902', '-75.3937', '504', '610'),
(6, 'CA', 'Rancho Santa Fe', 'rancho-santa-fe', '', '33.0380', '-117.1947', '825', '858'),
(7, 'MA', 'Waltham', 'waltham', '', '42.3892', '-71.2372', '506', '781'),
(8, 'TN', 'Brentwood', 'brentwood', '', '35.9985', '-86.7806', '659', '615'),
(9, 'CA', 'Irvine', 'irvine', '', '33.6922', '-117.7867', '803', '714'),
(10, 'CT', 'Fairfield', 'fairfield', '', '41.1854', '-73.2645', '501', '203'),
(11, 'CA', 'Orange', 'orange', '', '33.8031', '-117.8289', '803', '714'),
(12, 'GA', 'Cairo', 'cairo', '', '30.8859', '-84.2135', '530', '229'),
(13, 'IL', 'Elk Grove Villag', 'elk-grove-villag', '', '42.0152', '-87.9901', '602', '847'),
(14, 'NC', 'Sanford', 'sanford', '', '35.4414', '-79.1693', '560', '919'),
(15, 'FL', 'West Palm Beach', 'west-palm-beach', '', '26.7177', '-80.1258', '548', '561'),
(16, 'SC', 'Hilton Head Isla', 'hilton-head-isla', '', '32.1964', '-80.7420', '507', '843'),
(17, 'CA', 'City Of Industry', 'city-of-industry', '', '34.0130', '-117.9672', '803', '626'),
(18, 'NJ', 'Secaucus', 'secaucus', '', '40.7801', '-74.0633', '501', '201'),
(19, 'CA', 'South San Franci', 'south-san-franci', '', '37.6534', '-122.4231', '807', '650'),
(20, 'CA', 'Santa Fe Springs', 'santa-fe-springs', '', '33.9275', '-118.0657', '803', '562'),
(21, 'MA', 'Watertown', 'watertown', '', '42.3723', '-71.1787', '506', '617'),
(22, 'WI', 'Fond Du Lac', 'fond-du-lac', '', '43.7592', '-88.4524', '658', '920'),
(23, 'CA', 'Garden Grove', 'garden-grove', '', '33.7751', '-117.9704', '803', '714'),
(24, 'MD', 'Rockville', 'rockville', '', '39.0807', '-77.1302', '511', '301'),
(25, 'TX', 'North Richland H', 'north-richland-h', '', '32.8659', '-97.2176', '623', '817'),
(26, 'FL', 'Orlando', 'orlando', '', '28.5037', '-81.3306', '534', '407'),
(27, 'TX', 'Carrollton', 'carrollton', '', '32.9951', '-96.8873', '623', '972'),
(28, 'NY', 'Uniondale', 'uniondale', '', '40.7058', '-73.5923', '501', '516'),
(29, 'UT', 'Park City', 'park-city', '', '40.6829', '-111.5262', '770', '435'),
(30, 'NV', 'Las Vegas', 'las-vegas', '', '36.1515', '-115.2048', '839', '702'),
(31, 'GA', 'Austell', 'austell', '', '33.8072', '-84.6038', '524', '770'),
(32, 'NH', 'Manchester', 'manchester', '', '42.9841', '-71.4487', '506', '603'),
(33, 'FL', 'Palm Beach Garde', 'palm-beach-garde', '', '26.8498', '-80.1400', '548', '561'),
(34, 'KY', 'Louisville', 'louisville', '', '38.2085', '-85.6918', '529', '502'),
(35, 'TX', 'Fort Worth', 'fort-worth', '', '32.7551', '-97.3332', '623', '817'),
(36, 'GA', 'Cumming', 'cumming', '', '34.1882', '-84.1592', '524', '770'),
(37, 'NC', 'Charlotte', 'charlotte', '', '35.2060', '-80.8290', '517', '704'),
(38, 'IN', 'Valparaiso', 'valparaiso', '', '41.4605', '-87.0699', '602', '219'),
(39, 'WV', 'Charleston', 'charleston', '', '38.3627', '-81.6285', '564', '304'),
(40, 'CA', 'Corona', 'corona', '', '33.8424', '-117.5486', '803', '951'),
(41, 'MI', 'Southfield', 'southfield', '', '42.4791', '-83.2491', '505', '248'),
(42, 'OH', 'Columbus', 'columbus', '', '39.9968', '-82.9882', '535', '614'),
(43, 'MN', 'Duluth', 'duluth', '', '46.8144', '-92.1269', '676', '218'),
(44, 'WI', 'Stevens Point', 'stevens-point', '', '44.5526', '-89.5167', '705', '715'),
(45, 'FL', 'Winter Park', 'winter-park', '', '28.6051', '-81.3322', '534', '407'),
(46, 'CA', 'San Luis Obispo', 'san-luis-obispo', '', '35.2678', '-120.6591', '855', '805'),
(47, 'CA', 'Sunnyvale', 'sunnyvale', '', '37.3842', '-122.0196', '807', '408'),
(48, 'KS', 'Overland Park', 'overland-park', '', '38.9188', '-94.6802', '616', '913'),
(49, 'NJ', 'New Brunswick', 'new-brunswick', '', '40.4834', '-74.4433', '501', '732'),
(50, 'IN', 'Kokomo', 'kokomo', '', '40.4842', '-86.1284', '527', '765'),
(51, 'CA', 'Yorba Linda', 'yorba-linda', '', '33.8901', '-117.7583', '803', '714'),
(52, 'CT', 'Windsor', 'windsor', '', '41.8648', '-72.6819', '533', '412'),
(53, 'KY', 'Lexington', 'lexington', '', '38.0293', '-84.4927', '541', '859'),
(54, 'NY', 'Port Washington', 'port-washington', '', '40.8374', '-73.6938', '501', '516'),
(55, 'NY', 'New Hyde Park', 'new-hyde-park', '', '40.7547', '-73.6890', '501', '516'),
(56, 'NY', 'White Plains', 'white-plains', '', '41.0300', '-73.7733', '501', '914'),
(57, 'FL', 'Miami', 'miami', '', '25.7615', '-80.2939', '528', '305'),
(58, 'NJ', 'Morristown', 'morristown', '', '40.7684', '-74.4942', '501', '973'),
(59, 'KY', 'Henderson', 'henderson', '', '37.8249', '-87.5334', '649', '270'),
(60, 'NY', 'Long Island City', 'long-island-city', '', '40.7423', '-73.9469', '501', '718'),
(61, 'OK', 'Tulsa', 'tulsa', '', '36.1352', '-95.9364', '671', '918'),
(62, 'CA', 'Brea', 'brea', '', '33.9266', '-117.8316', '803', '714'),
(63, 'MT', 'Missoula', 'missoula', '', '46.8898', '-114.0306', '762', '406'),
(64, 'FL', 'Sarasota', 'sarasota', '', '27.3100', '-82.4795', '539', '941'),
(65, 'FL', 'Tampa', 'tampa', '', '27.9984', '-82.4781', '539', '813'),
(66, 'CA', 'Ontario', 'ontario', '', '34.0504', '-117.6294', '803', '484'),
(67, 'OH', 'Dayton', 'dayton', '', '39.7449', '-84.1786', '542', '937'),
(68, 'WA', 'Kent', 'kent', '', '47.3809', '-122.1902', '819', '253'),
(69, 'NY', 'Jamaica', 'jamaica', '', '40.6860', '-73.7921', '501', '718'),
(70, 'FL', 'Jacksonville', 'jacksonville', '', '30.2939', '-81.6552', '561', '904'),
(71, 'KY', 'Newport', 'newport', '', '39.0428', '-84.4563', '515', '859'),
(72, 'NV', 'Reno', 'reno', '', '39.5545', '-119.8062', '811', '775'),
(73, 'CA', 'San Francisco', 'san-francisco', '', '37.7645', '-122.4294', '807', '415'),
(74, 'MS', 'Jackson', 'jackson', '', '32.3281', '-90.1999', '718', '601'),
(75, 'WI', 'Silver Lake', 'silver-lake', '', '42.5520', '-88.1684', '617', '262'),
(76, 'GA', 'Alpharetta', 'alpharetta', '', '34.0817', '-84.2553', '524', '770'),
(77, 'VA', 'Herndon', 'herndon', '', '38.9553', '-77.3881', '511', '703'),
(78, 'NY', 'Poughkeepsie', 'poughkeepsie', '', '41.6904', '-73.8919', '501', '845'),
(79, 'NY', 'Buffalo', 'buffalo', '', '42.9096', '-78.8291', '514', '716'),
(80, 'NY', 'Syracuse', 'syracuse', '', '43.0514', '-76.1495', '555', '315'),
(81, 'NY', 'Binghamton', 'binghamton', '', '42.1393', '-75.8798', '502', '607'),
(82, 'MA', 'Lexington', 'lexington', '', '42.4501', '-71.2248', '506', '781'),
(83, 'CA', 'Los Angeles', 'los-angeles', '', '34.0416', '-118.2988', '803', '323'),
(84, 'FL', 'Clearwater', 'clearwater', '', '27.9617', '-82.7368', '539', '727'),
(85, 'VA', 'Reston', 'reston', '', '38.9579', '-77.3439', '511', '703'),
(86, 'ID', 'Moscow', 'moscow', '', '46.7172', '-116.9179', '881', '208'),
(87, 'VA', 'Vienna', 'vienna', '', '38.9120', '-77.2716', '511', '703'),
(88, 'GA', 'Atlanta', 'atlanta', '', '33.8004', '-84.3865', '524', '404'),
(89, 'OH', 'Toledo', 'toledo', '', '41.6654', '-83.5811', '547', '419'),
(90, 'CA', 'Tustin', 'tustin', '', '33.7458', '-117.7956', '803', '714'),
(91, 'CA', 'Marina Del Rey', 'marina-del-rey', '', '33.9777', '-118.4351', '803', '310'),
(92, 'MA', 'Arlington', 'arlington', '', '42.4161', '-71.1612', '506', '781'),
(93, 'MA', 'Boston', 'boston', '', '42.3425', '-71.0677', '506', '617'),
(94, 'DC', 'Washington', 'washington', '', '38.9097', '-77.0231', '511', '202'),
(95, 'NY', 'New York', 'new-york', '', '40.7619', '-73.9763', '501', '212'),
(96, 'NJ', 'Edison', 'edison', '', '40.5378', '-74.3714', '501', '732'),
(97, 'NJ', 'Cherry Hill', 'cherry-hill', '', '39.9084', '-74.9983', '504', '856'),
(98, 'PA', 'Scranton', 'scranton', '', '41.4201', '-75.6485', '577', '570'),
(99, 'PA', 'Greensburg', 'greensburg', '', '40.3356', '-79.5507', '508', '724'),
(100, 'PA', 'Harrisburg', 'harrisburg', '', '40.2843', '-76.8446', '566', '717'),
(101, 'PA', 'Altoona', 'altoona', '', '40.5354', '-78.3951', '574', '814'),
(102, 'PA', 'Philadelphia', 'philadelphia', '', '39.9968', '-75.1485', '504', '610'),
(103, 'VA', 'Richmond', 'richmond', '', '37.5409', '-77.4801', '556', '804'),
(104, 'VA', 'Chesapeake', 'chesapeake', '', '36.7558', '-76.2928', '544', '757'),
(105, 'VA', 'Glen Allen', 'glen-allen', '', '37.6850', '-77.5375', '556', '804'),
(106, 'VA', 'Roanoke', 'roanoke', '', '37.2744', '-79.9576', '573', '540'),
(107, 'WV', 'Clarksburg', 'clarksburg', '', '39.2824', '-80.3687', '598', '304'),
(108, 'MA', 'Springfield', 'springfield', '', '42.1091', '-72.5464', '543', '413'),
(109, 'NY', 'Garden City', 'garden-city', '', '40.7276', '-73.6344', '501', '516'),
(110, 'VA', 'Leesburg', 'leesburg', '', '39.1117', '-77.5704', '511', '703'),
(111, 'VA', 'Mclean', 'mclean', '', '38.9428', '-77.1922', '', ''),
(112, 'VA', 'Virginia Beach', 'virginia-beach', '', '36.8061', '-76.0612', '544', '757'),
(113, 'DE', 'Wilmington', 'wilmington', '', '39.7592', '-75.5664', '504', '302'),
(114, 'CT', 'Greenwich', 'greenwich', '', '41.0625', '-73.6452', '501', '203'),
(115, 'NY', 'Flushing', 'flushing', '', '40.7600', '-73.8276', '501', '201'),
(116, 'NY', 'Bronx', 'bronx', '', '40.8499', '-73.8769', '501', '718'),
(117, 'FL', 'Lakeland', 'lakeland', '', '28.0614', '-81.9616', '539', '863'),
(118, 'NC', 'Matthews', 'matthews', '', '35.0905', '-80.6947', '517', '704'),
(119, 'NY', 'Brooklyn', 'brooklyn', '', '40.6525', '-73.9554', '501', '718'),
(120, 'CT', 'Westport', 'westport', '', '41.1450', '-73.3428', '501', '203'),
(121, 'VA', 'Sterling', 'sterling', '', '39.0158', '-77.4198', '511', '202'),
(122, 'AR', 'North Little Roc', 'north-little-roc', '', '34.7984', '-92.2449', '693', '501'),
(123, 'VA', 'Fairfax', 'fairfax', '', '38.8490', '-77.3165', '511', '703'),
(124, 'MD', 'Hunt Valley', 'hunt-valley', '', '39.4878', '-76.6567', '512', '410'),
(125, 'MD', 'Cumberland', 'cumberland', '', '39.6351', '-78.7665', '511', '301'),
(126, 'VA', 'Fredericksburg', 'fredericksburg', '', '38.3023', '-77.4847', '511', '540'),
(127, 'VA', 'Warrenton', 'warrenton', '', '38.7257', '-77.7982', '511', '540'),
(128, 'GA', 'Moultrie', 'moultrie', '', '31.1600', '-83.7626', '525', '229'),
(129, 'NC', 'Mooresville', 'mooresville', '', '35.5783', '-80.8294', '517', '704'),
(130, 'NC', 'Huntersville', 'huntersville', '', '35.4034', '-80.8611', '517', '704'),
(131, 'NC', 'Raleigh', 'raleigh', '', '35.8278', '-78.6421', '560', '919'),
(132, 'OK', 'Woodward', 'woodward', '', '36.4545', '-99.4170', '650', '580'),
(133, 'OK', 'Duncan', 'duncan', '', '34.4926', '-97.8522', '627', '580'),
(134, 'OK', 'Ardmore', 'ardmore', '', '34.1894', '-97.1603', '657', '580'),
(135, 'IL', 'Arlington Height', 'arlington-height', '', '42.0887', '-87.9864', '602', '847'),
(136, 'IL', 'Waukegan', 'waukegan', '', '42.3782', '-87.8633', '602', '847'),
(137, 'NV', 'Carson City', 'carson-city', '', '39.1447', '-119.7818', '811', '775'),
(138, 'NY', 'Hicksville', 'hicksville', '', '40.7670', '-73.5254', '501', '516'),
(139, 'KS', 'Kansas City', 'kansas-city', '', '39.1111', '-94.6904', '616', '913'),
(140, 'WI', 'Madison', 'madison', '', '43.0714', '-89.3932', '669', '608'),
(141, 'CA', 'Palo Alto', 'palo-alto', '', '37.4225', '-122.1423', '807', '650'),
(142, 'TX', 'Amarillo', 'amarillo', '', '35.1967', '-101.8466', '634', '806'),
(143, 'FL', 'Largo', 'largo', '', '27.8954', '-82.7875', '539', '727'),
(144, 'CA', 'Sacramento', 'sacramento', '', '38.5765', '-121.4445', '862', '916'),
(145, 'MA', 'Brookline', 'brookline', '', '42.3326', '-71.1282', '506', '617'),
(146, 'TX', 'Plano', 'plano', '', '33.0483', '-96.7347', '623', '972'),
(147, 'MA', 'Brockton', 'brockton', '', '42.0827', '-71.0191', '506', '508'),
(148, 'CA', 'Santa Cruz', 'santa-cruz', '', '37.0101', '-122.0324', '828', '831'),
(149, 'SC', 'Charleston', 'charleston', '', '32.8255', '-79.9680', '519', '843'),
(150, 'VA', 'Chantilly', 'chantilly', '', '38.9092', '-77.4698', '511', '703'),
(151, 'FL', 'Leesburg', 'leesburg', '', '28.8119', '-81.8243', '534', '352'),
(152, 'MI', 'Ann Arbor', 'ann-arbor', '', '42.2747', '-83.7472', '505', '734'),
(153, 'GA', 'Duluth', 'duluth', '', '34.0099', '-84.1580', '524', '770'),
(154, 'NE', 'Omaha', 'omaha', '', '41.2603', '-96.0463', '652', '402'),
(155, 'IL', 'Downers Grove', 'downers-grove', '', '41.7845', '-88.0256', '602', '630'),
(156, 'OK', 'Tahlequah', 'tahlequah', '', '35.9582', '-94.9624', '671', '918'),
(157, 'IL', 'Chicago', 'chicago', '', '41.8675', '-87.6744', '602', '312'),
(158, 'MI', 'Saginaw', 'saginaw', '', '43.4314', '-83.9784', '513', '989'),
(159, 'MA', 'Plymouth', 'plymouth', '', '41.8734', '-70.6394', '506', '508'),
(160, 'TX', 'Sherman', 'sherman', '', '33.6172', '-96.6350', '657', '903'),
(161, 'IN', 'Indianapolis', 'indianapolis', '', '39.8062', '-86.1407', '527', '317'),
(162, 'AR', 'Little Rock', 'little-rock', '', '34.7338', '-92.3665', '693', '501'),
(163, 'TX', 'San Antonio', 'san-antonio', '', '29.4717', '-98.5140', '641', '210'),
(164, 'GA', 'Athens', 'athens', '', '33.9650', '-83.3892', '524', '706'),
(165, 'NC', 'Durham', 'durham', '', '35.9925', '-78.9017', '560', '919'),
(166, 'VA', 'Manassas', 'manassas', '', '38.7391', '-77.4702', '511', '703'),
(167, 'GA', 'Lawrenceville', 'lawrenceville', '', '33.9543', '-84.0101', '524', '770'),
(168, 'NM', 'Albuquerque', 'albuquerque', '', '35.1025', '-106.6117', '790', '505'),
(169, 'CA', 'Playa Del Rey', 'playa-del-rey', '', '33.9454', '-118.4398', '803', '310'),
(170, 'CT', 'Norwalk', 'norwalk', '', '41.1057', '-73.4229', '501', '203'),
(171, 'FL', 'Pinellas Park', 'pinellas-park', '', '27.8506', '-82.7130', '539', '727'),
(172, 'VA', 'Round Hill', 'round-hill', '', '39.1034', '-77.7919', '511', '540'),
(173, 'VA', 'Purcellville', 'purcellville', '', '39.1797', '-77.7326', '511', '540'),
(174, 'MI', 'Warren', 'warren', '', '42.4972', '-83.0217', '505', '586'),
(175, 'MD', 'Suitland', 'suitland', '', '38.8324', '-76.9084', '511', '301'),
(176, 'MD', 'Germantown', 'germantown', '', '39.1694', '-77.2630', '511', '301'),
(177, 'OK', 'Oklahoma City', 'oklahoma-city', '', '35.4715', '-97.5190', '650', '405'),
(178, 'MN', 'Stillwater', 'stillwater', '', '45.0648', '-92.8473', '613', '651'),
(179, 'CA', 'Fullerton', 'fullerton', '', '33.8817', '-117.9241', '803', '714'),
(180, 'AZ', 'Phoenix', 'phoenix', '', '33.5222', '-112.0839', '753', '602'),
(181, 'CA', 'Placentia', 'placentia', '', '33.8818', '-117.8503', '803', '714'),
(182, 'VA', 'Gainesville', 'gainesville', '', '38.8175', '-77.6308', '511', '703'),
(183, 'MN', 'Inver Grove Heig', 'inver-grove-heig', '', '44.8310', '-93.0472', '613', '651'),
(184, 'MI', 'Lansing', 'lansing', '', '42.7285', '-84.5662', '551', '517'),
(185, 'FL', 'Ponte Vedra Beac', 'ponte-vedra-beac', '', '30.1023', '-81.3532', '561', '904'),
(186, 'TN', 'Chattanooga', 'chattanooga', '', '35.0481', '-85.2833', '575', '423'),
(187, 'CA', 'Buena Park', 'buena-park', '', '33.8586', '-118.0006', '803', '714'),
(188, 'CA', 'San Leandro', 'san-leandro', '', '37.7035', '-122.1484', '807', '510'),
(189, 'FL', 'Bonita Springs', 'bonita-springs', '', '26.3672', '-81.8034', '571', '239'),
(190, 'TX', 'Houston', 'houston', '', '29.7755', '-95.4152', '618', '713'),
(191, 'CA', 'South Lake Tahoe', 'south-lake-tahoe', '', '38.8479', '-120.0139', '811', '530'),
(192, 'GA', 'Conyers', 'conyers', '', '33.6554', '-84.0090', '524', '770'),
(193, 'ID', 'Nampa', 'nampa', '', '43.5669', '-116.5899', '757', '208'),
(194, 'CA', 'Santa Clara', 'santa-clara', '', '37.3649', '-121.9660', '807', '408'),
(195, 'MI', 'Clarkston', 'clarkston', '', '42.7414', '-83.4167', '505', '248'),
(196, 'CO', 'Pueblo', 'pueblo', '', '38.2786', '-104.6434', '752', '719'),
(197, 'SD', 'Sioux Falls', 'sioux-falls', '', '43.5398', '-96.7163', '725', '605'),
(198, 'CA', 'Temecula', 'temecula', '', '33.5158', '-117.1245', '803', '951'),
(199, 'PA', 'Reading', 'reading', '', '40.3375', '-75.9445', '504', '610'),
(200, 'OR', 'Portland', 'portland', '', '45.5184', '-122.6554', '820', '503'),
(201, 'MA', 'North Attleboro', 'north-attleboro', '', '41.9656', '-71.3257', '521', '508'),
(202, 'CA', 'National City', 'national-city', '', '32.6707', '-117.0946', '825', '619'),
(203, 'FL', 'Homosassa', 'homosassa', '', '28.7653', '-82.5532', '539', '352'),
(204, 'WA', 'Everett', 'everett', '', '47.9469', '-122.1974', '819', '425'),
(205, 'MI', 'Muskegon', 'muskegon', '', '43.2271', '-86.2241', '563', '231'),
(206, 'CA', 'San Diego', 'san-diego', '', '32.7977', '-117.1322', '825', '619'),
(207, 'FL', 'Fort Walton Beac', 'fort-walton-beac', '', '30.4369', '-86.6295', '686', '850'),
(208, 'TN', 'Memphis', 'memphis', '', '35.1242', '-89.9521', '640', '713'),
(209, 'OK', 'Stillwater', 'stillwater', '', '36.1318', '-97.0443', '650', '405'),
(210, 'MI', 'Allen Park', 'allen-park', '', '42.2654', '-83.2080', '505', '313'),
(211, 'CA', 'Menlo Park', 'menlo-park', '', '37.4590', '-122.1781', '807', '650'),
(212, 'CA', 'Pleasanton', 'pleasanton', '', '37.6624', '-121.8963', '807', '925'),
(213, 'CA', 'Morgan Hill', 'morgan-hill', '', '37.1747', '-121.6518', '807', '408'),
(214, 'IL', 'Peoria', 'peoria', '', '40.7021', '-89.6209', '675', '309'),
(215, 'CA', 'Burbank', 'burbank', '', '34.1855', '-118.3146', '803', '818'),
(216, 'FL', 'Pensacola', 'pensacola', '', '30.4506', '-87.2755', '686', '850'),
(217, 'CA', 'San Jose', 'san-jose', '', '37.3073', '-121.8568', '807', '408'),
(218, 'IL', 'Skokie', 'skokie', '', '42.0364', '-87.7449', '602', '847'),
(219, 'CA', 'Torrance', 'torrance', '', '33.8352', '-118.3289', '803', '310'),
(220, 'CA', 'Huntington Beach', 'huntington-beach', '', '33.6944', '-118.0078', '803', '714'),
(221, 'CA', 'San Juan Capistr', 'san-juan-capistr', '', '33.5256', '-117.6191', '803', '949'),
(222, 'CA', 'Glendale', 'glendale', '', '34.1646', '-118.2548', '803', '818'),
(223, 'SC', 'Summerville', 'summerville', '', '33.0311', '-80.1884', '519', '843'),
(224, 'GA', 'Macon', 'macon', '', '32.8374', '-83.6586', '503', '478'),
(225, 'WA', 'Port Angeles', 'port-angeles', '', '48.0089', '-123.5400', '819', '360'),
(226, 'OH', 'Cleveland', 'cleveland', '', '41.4789', '-81.6473', '510', '216'),
(227, 'TX', 'El Paso', 'el-paso', '', '31.7969', '-106.3874', '765', '915'),
(228, 'TX', 'Dallas', 'dallas', '', '32.8098', '-96.7993', '623', '214'),
(229, 'AZ', 'Tucson', 'tucson', '', '32.2369', '-110.9559', '789', '520'),
(230, 'FL', 'Naples', 'naples', '', '26.1783', '-81.7145', '571', '239'),
(231, 'AZ', 'Lake Havasu City', 'lake-havasu-city', '', '34.5139', '-114.2929', '753', '928'),
(232, 'FL', 'New Port Richey', 'new-port-richey', '', '28.2482', '-82.6799', '539', '727'),
(233, 'TN', 'Franklin', 'franklin', '', '35.9340', '-86.8878', '659', '615'),
(234, 'VA', 'Newport News', 'newport-news', '', '37.0863', '-76.4914', '544', '757'),
(235, 'GA', 'Woodstock', 'woodstock', '', '34.1229', '-84.5108', '524', '770'),
(236, 'TN', 'Knoxville', 'knoxville', '', '35.9724', '-83.9595', '557', '865'),
(237, 'OH', 'Hamilton', 'hamilton', '', '39.4046', '-84.5527', '515', '513'),
(238, 'MA', 'New Bedford', 'new-bedford', '', '41.6529', '-70.9377', '521', '508'),
(239, 'CA', 'Anaheim', 'anaheim', '', '33.8323', '-117.8803', '803', '714'),
(240, 'UT', 'Orem', 'orem', '', '40.3004', '-111.7038', '770', '801'),
(241, 'PA', 'Lancaster', 'lancaster', '', '40.0306', '-76.2983', '566', '717'),
(242, 'CO', 'Englewood', 'englewood', '', '39.6135', '-104.9034', '751', '303'),
(243, 'WY', 'Casper', 'casper', '', '42.9045', '-106.3248', '767', '307'),
(244, 'VA', 'Arlington', 'arlington', '', '38.8782', '-77.1054', '511', '703'),
(245, 'PA', 'York', 'york', '', '39.9571', '-76.7055', '566', '717'),
(246, 'MA', 'North Reading', 'north-reading', '', '42.5804', '-71.0870', '506', '978'),
(247, 'TX', 'Austin', 'austin', '', '30.3037', '-97.7696', '635', '512'),
(248, 'MA', 'Framingham', 'framingham', '', '42.3011', '-71.4393', '506', '508'),
(249, 'NC', 'Morganton', 'morganton', '', '35.7612', '-81.7280', '517', '828'),
(250, 'OH', 'Akron', 'akron', '', '41.0738', '-81.5373', '510', '330'),
(251, 'VA', 'Christiansburg', 'christiansburg', '', '37.1035', '-80.4207', '573', '540'),
(252, 'NH', 'Portsmouth', 'portsmouth', '', '43.0677', '-70.8008', '506', '603'),
(253, 'VA', 'Nokesville', 'nokesville', '', '38.6934', '-77.5664', '511', '703'),
(254, 'MS', 'Stennis Space Ce', 'stennis-space-ce', '', '30.4032', '-89.4982', '622', '228'),
(255, 'WA', 'Kirkland', 'kirkland', '', '47.6966', '-122.1970', '819', '425'),
(256, 'CA', 'Santa Barbara', 'santa-barbara', '', '34.3738', '-119.7178', '855', '805'),
(257, 'FL', 'Panama City Beac', 'panama-city-beac', '', '30.2798', '-85.8118', '656', '850'),
(258, 'MN', 'Minneapolis', 'minneapolis', '', '44.9823', '-93.3063', '613', '612'),
(259, 'IL', 'Normal', 'normal', '', '40.5282', '-88.9801', '675', '309'),
(260, 'AL', 'Gadsden', 'gadsden', '', '33.9963', '-85.9354', '630', '256'),
(261, 'IL', 'Decatur', 'decatur', '', '39.8557', '-88.9567', '648', '217'),
(262, 'MO', 'Columbia', 'columbia', '', '38.9383', '-92.2990', '604', '573'),
(263, 'LA', 'New Orleans', 'new-orleans', '', '29.9731', '-90.0575', '622', '504'),
(264, 'VA', 'Centreville', 'centreville', '', '38.8358', '-77.4652', '511', '703'),
(265, 'VA', 'Ashburn', 'ashburn', '', '39.0165', '-77.5062', '511', '703'),
(266, 'CO', 'Boulder', 'boulder', '', '40.0174', '-105.2647', '751', '303'),
(267, 'NJ', 'Jersey City', 'jersey-city', '', '40.7245', '-74.0621', '501', '201'),
(268, 'GA', 'Norcross', 'norcross', '', '33.9394', '-84.2077', '524', '404'),
(269, 'WA', 'Spokane', 'spokane', '', '47.6779', '-117.3793', '881', '509'),
(270, 'CA', 'Gardena', 'gardena', '', '33.8911', '-118.2970', '803', '310'),
(271, 'AL', 'Anniston', 'anniston', '', '33.7037', '-85.7909', '630', '256'),
(272, 'TN', 'Oak Ridge', 'oak-ridge', '', '35.9724', '-84.2904', '557', '865'),
(273, 'FL', 'Maitland', 'maitland', '', '28.6294', '-81.3619', '534', '407'),
(274, 'IA', 'Cedar Rapids', 'cedar-rapids', '', '41.9874', '-91.6838', '637', '319'),
(275, 'MD', 'Hanover', 'hanover', '', '39.1758', '-76.7298', '512', '410'),
(276, 'GA', 'Snellville', 'snellville', '', '33.8297', '-84.0206', '524', '770'),
(277, 'NY', 'Rochester', 'rochester', '', '43.1693', '-77.6189', '538', '585'),
(278, 'LA', 'Houma', 'houma', '', '29.5861', '-90.7153', '622', '985'),
(279, 'MN', 'Eden Prairie', 'eden-prairie', '', '44.8545', '-93.4591', '613', '952'),
(280, 'CA', 'San Ramon', 'san-ramon', '', '37.7806', '-121.9904', '807', '925'),
(281, 'MI', 'Grand Rapids', 'grand-rapids', '', '42.9384', '-85.6436', '563', '616'),
(282, 'MA', 'Burlington', 'burlington', '', '42.5051', '-71.2047', '506', '781'),
(283, 'CA', 'Rancho Cucamonga', 'rancho-cucamonga', '', '34.1460', '-117.5798', '803', '909'),
(284, 'NE', 'Sidney', 'sidney', '', '41.1480', '-103.0633', '740', '308'),
(285, 'AL', 'Jasper', 'jasper', '', '33.8793', '-87.2514', '630', '205'),
(286, 'CA', 'Fresno', 'fresno', '', '36.7695', '-119.7951', '866', '559'),
(287, 'CA', 'Malibu', 'malibu', '', '34.0547', '-118.7627', '803', '310'),
(288, 'CA', 'Long Beach', 'long-beach', '', '33.7976', '-118.1617', '803', '562'),
(289, 'MO', 'Saint Louis', 'saint-louis', '', '38.6385', '-90.3026', '609', '314'),
(290, 'WA', 'Seattle', 'seattle', '', '47.5951', '-122.3326', '819', '206'),
(291, 'GA', 'Augusta', 'augusta', '', '33.4393', '-82.0512', '520', '706'),
(292, 'AL', 'Albertville', 'albertville', '', '34.2947', '-86.2034', '691', '256'),
(293, 'RI', 'Newport', 'newport', '', '41.5014', '-71.3144', '521', '401'),
(294, 'ID', 'Meridian', 'meridian', '', '43.5992', '-116.4235', '757', '208'),
(295, 'CA', 'Canoga Park', 'canoga-park', '', '34.2136', '-118.6005', '803', '818'),
(296, 'WI', 'Sheboygan', 'sheboygan', '', '43.7680', '-87.7614', '617', '920'),
(297, 'CA', 'Sausalito', 'sausalito', '', '37.8488', '-122.5349', '807', '415'),
(298, 'WA', 'Redmond', 'redmond', '', '47.6706', '-122.0685', '819', '425'),
(299, 'SC', 'North Myrtle Bea', 'north-myrtle-bea', '', '33.8322', '-78.6491', '570', '843'),
(300, 'GA', 'Forest Park', 'forest-park', '', '33.6116', '-84.3726', '524', '404'),
(301, 'SC', 'Conway', 'conway', '', '33.8125', '-79.0643', '570', '843'),
(302, 'CA', 'Novato', 'novato', '', '38.1014', '-122.5775', '807', '415'),
(303, 'CA', 'Fremont', 'fremont', '', '37.5353', '-121.9792', '807', '510'),
(304, 'CA', 'Redlands', 'redlands', '', '34.0311', '-117.1500', '803', '909'),
(305, 'WA', 'Tacoma', 'tacoma', '', '47.2166', '-122.4515', '819', '253'),
(306, 'ID', 'Boise', 'boise', '', '43.6161', '-116.1999', '757', '208'),
(307, 'MN', 'Rochester', 'rochester', '', '44.0301', '-92.4622', '611', '507'),
(308, 'WA', 'Issaquah', 'issaquah', '', '47.5304', '-122.0078', '819', '425'),
(309, 'MA', 'Cambridge', 'cambridge', '', '42.3741', '-71.1072', '506', '617'),
(310, 'TX', 'Richardson', 'richardson', '', '32.9716', '-96.7058', '623', '972'),
(311, 'VT', 'Burlington', 'burlington', '', '44.4929', '-73.2253', '523', '802'),
(312, 'VT', 'White River Junc', 'white-river-junc', '', '43.6543', '-72.3904', '523', '802'),
(313, 'CA', 'Napa', 'napa', '', '38.3961', '-122.2266', '807', '707'),
(314, 'CA', 'Scotts Valley', 'scotts-valley', '', '37.0614', '-122.0118', '828', '831'),
(315, 'PA', 'Warren', 'warren', '', '41.8050', '-79.2212', '516', '814'),
(316, 'NE', 'Scottsbluff', 'scottsbluff', '', '41.9923', '-103.6329', '759', '308'),
(317, 'NY', 'Yonkers', 'yonkers', '', '40.9435', '-73.8713', '501', '914'),
(318, 'MD', 'Columbia', 'columbia', '', '39.1966', '-76.8492', '512', '410'),
(319, 'OR', 'Lake Oswego', 'lake-oswego', '', '45.4104', '-122.7020', '820', '503'),
(320, 'MA', 'Andover', 'andover', '', '42.6489', '-71.1655', '506', '978'),
(321, 'NY', 'Farmingdale', 'farmingdale', '', '40.7334', '-73.4281', '501', '516'),
(322, 'WA', 'Bellevue', 'bellevue', '', '47.6027', '-122.1556', '819', '425'),
(323, 'CA', 'Stockton', 'stockton', '', '37.9861', '-121.2998', '862', '209'),
(324, 'CA', 'Bakersfield', 'bakersfield', '', '35.3381', '-119.0225', '800', '661'),
(325, 'CA', 'Culver City', 'culver-city', '', '34.0076', '-118.3923', '803', '310'),
(326, 'CA', 'Venice', 'venice', '', '33.9944', '-118.4638', '803', '310'),
(327, 'CA', 'Pico Rivera', 'pico-rivera', '', '33.9864', '-118.0884', '803', '562'),
(328, 'WA', 'Olympia', 'olympia', '', '47.0387', '-122.8920', '819', '360'),
(329, 'CA', 'Hayward', 'hayward', '', '37.6503', '-122.0730', '807', '510'),
(330, 'VA', 'Alexandria', 'alexandria', '', '38.7909', '-77.0947', '511', '703'),
(331, 'CA', 'Simi Valley', 'simi-valley', '', '34.2771', '-118.7525', '803', '805'),
(332, 'CA', 'Granada Hills', 'granada-hills', '', '34.2942', '-118.5071', '803', '818'),
(333, 'CA', 'Moorpark', 'moorpark', '', '34.3106', '-118.8787', '803', '805'),
(334, 'TN', 'Nashville', 'nashville', '', '36.1458', '-86.7844', '659', '615'),
(335, 'WI', 'Milwaukee', 'milwaukee', '', '43.0522', '-87.9650', '617', '414'),
(336, 'FL', 'North Fort Myers', 'north-fort-myers', '', '26.7066', '-81.8757', '571', '239'),
(337, 'FL', 'Fort Myers Beach', 'fort-myers-beach', '', '26.4707', '-81.9181', '571', '239'),
(338, 'FL', 'Arcadia', 'arcadia', '', '27.1417', '-81.9286', '571', '863'),
(339, 'FL', 'Marco Island', 'marco-island', '', '25.9376', '-81.6977', '571', '239'),
(340, 'NC', 'Greenville', 'greenville', '', '35.6056', '-77.2335', '545', '252'),
(341, 'CT', 'Ridgefield', 'ridgefield', '', '41.3074', '-73.4947', '501', '203'),
(342, 'RI', 'Providence', 'providence', '', '41.8220', '-71.4219', '521', '401'),
(343, 'ME', 'Portland', 'portland', '', '43.6724', '-70.2849', '500', '207'),
(344, 'NH', 'Keene', 'keene', '', '42.9703', '-72.2800', '506', '603'),
(345, 'TN', 'Antioch', 'antioch', '', '36.0371', '-86.6372', '659', '615'),
(346, 'VA', 'Williamsburg', 'williamsburg', '', '37.2891', '-76.7310', '544', '757'),
(347, 'MI', 'Flint', 'flint', '', '43.0267', '-83.7038', '513', '810'),
(348, 'GA', 'Lilburn', 'lilburn', '', '33.8639', '-84.1243', '524', '770'),
(349, 'CA', 'La Canada Flintr', 'la-canada-flintr', '', '34.2313', '-118.1486', '803', '818'),
(350, 'CT', 'Stamford', 'stamford', '', '41.0831', '-73.5388', '501', '203'),
(351, 'CA', 'Burlingame', 'burlingame', '', '37.5671', '-122.3710', '807', '650'),
(352, 'LA', 'Shreveport', 'shreveport', '', '32.4492', '-93.7835', '612', '318'),
(353, 'CA', 'San Mateo', 'san-mateo', '', '37.5488', '-122.3124', '807', '650'),
(354, 'CA', 'Castro Valley', 'castro-valley', '', '37.7028', '-122.0523', '807', '510'),
(355, 'CA', 'Emeryville', 'emeryville', '', '37.8342', '-122.2897', '807', '510'),
(356, 'CA', 'San Bruno', 'san-bruno', '', '37.6228', '-122.4364', '807', '650'),
(357, 'UT', 'Ogden', 'ogden', '', '41.2232', '-111.9920', '770', '801'),
(358, 'CA', 'Citrus Heights', 'citrus-heights', '', '38.6929', '-121.2903', '862', '916'),
(359, 'MO', 'Kansas City', 'kansas-city', '', '39.1024', '-94.5502', '616', '816'),
(360, 'TX', 'Hurst', 'hurst', '', '32.8394', '-97.1746', '623', '817'),
(361, 'FL', 'New Smyrna Beach', 'new-smyrna-beach', '', '28.9876', '-80.9610', '534', '386'),
(362, 'OR', 'Salem', 'salem', '', '44.9500', '-123.0198', '820', '503'),
(363, 'CA', 'Campbell', 'campbell', '', '37.2803', '-121.9567', '807', '408'),
(364, 'AZ', 'Tempe', 'tempe', '', '33.3844', '-111.9287', '753', '480'),
(365, 'CT', 'New Haven', 'new-haven', '', '41.3111', '-72.9241', '533', '860'),
(366, 'CA', 'Mill Valley', 'mill-valley', '', '37.8959', '-122.5663', '807', '415'),
(367, 'CO', 'Castle Rock', 'castle-rock', '', '39.3780', '-104.8585', '751', '303'),
(368, 'FL', 'Kissimmee', 'kissimmee', '', '28.2519', '-81.4381', '534', '407'),
(369, 'IA', 'Clinton', 'clinton', '', '41.9137', '-90.2711', '682', '563'),
(370, 'NV', 'North Las Vegas', 'north-las-vegas', '', '36.2536', '-115.1459', '839', '702'),
(371, 'MD', 'Beltsville', 'beltsville', '', '39.0504', '-76.9055', '511', '301'),
(372, 'PA', 'West Chester', 'west-chester', '', '39.9566', '-75.6162', '504', '610'),
(373, 'CA', 'Carlsbad', 'carlsbad', '', '33.1158', '-117.2870', '825', '760'),
(374, 'NY', 'Lockport', 'lockport', '', '43.1751', '-78.7378', '514', '716'),
(375, 'CA', 'San Rafael', 'san-rafael', '', '37.9980', '-122.5212', '807', '415'),
(376, 'MD', 'Bethesda', 'bethesda', '', '38.9878', '-77.1262', '511', '301'),
(377, 'CA', 'Laguna Niguel', 'laguna-niguel', '', '33.5351', '-117.7053', '803', '949'),
(378, 'AL', 'Birmingham', 'birmingham', '', '33.5054', '-86.7987', '630', '205'),
(379, 'CA', 'Redondo Beach', 'redondo-beach', '', '33.8527', '-118.3798', '803', '310'),
(380, 'CO', 'Golden', 'golden', '', '39.7791', '-105.3099', '751', '303'),
(381, 'NJ', 'Newark', 'newark', '', '40.7340', '-74.1868', '501', '973'),
(382, 'WV', 'Martinsburg', 'martinsburg', '', '39.4632', '-77.9521', '511', '304'),
(383, 'MD', 'Glen Burnie', 'glen-burnie', '', '39.1625', '-76.6046', '512', '410'),
(384, 'NC', 'Wake Forest', 'wake-forest', '', '35.9767', '-78.5544', '560', '919'),
(385, 'CA', 'Woodland Hills', 'woodland-hills', '', '34.1634', '-118.6077', '803', '818'),
(386, 'CA', 'Walnut Creek', 'walnut-creek', '', '37.8983', '-122.0486', '807', '925'),
(387, 'NC', 'Greensboro', 'greensboro', '', '36.0844', '-79.8209', '518', '336'),
(388, 'NH', 'Concord', 'concord', '', '43.2718', '-71.6044', '506', '603'),
(389, 'SC', 'Greenville', 'greenville', '', '34.8477', '-82.3791', '567', '864'),
(390, 'FL', 'Land O Lakes', 'land-o-lakes', '', '28.2580', '-82.4797', '539', '813'),
(391, 'KS', 'Shawnee Mission', 'shawnee-mission', '', '38.8999', '-94.8320', '616', '913'),
(392, 'GA', 'Columbus', 'columbus', '', '32.4845', '-84.9494', '522', '706'),
(393, 'PA', 'Valley Forge', 'valley-forge', '', '40.2119', '-75.3559', '504', '610'),
(394, 'MI', 'Troy', 'troy', '', '42.5778', '-83.1482', '505', '248'),
(395, 'CA', 'Beverly Hills', 'beverly-hills', '', '34.0749', '-118.3997', '803', '310'),
(396, 'CA', 'Berkeley', 'berkeley', '', '37.8781', '-122.2710', '807', '510'),
(397, 'WI', 'Waukesha', 'waukesha', '', '42.9997', '-88.2689', '617', '262'),
(398, 'TX', 'Friendswood', 'friendswood', '', '29.5142', '-95.1903', '618', '281'),
(399, 'CA', 'Hawthorne', 'hawthorne', '', '33.9129', '-118.3439', '803', '310'),
(400, 'MD', 'Riverdale', 'riverdale', '', '38.9660', '-76.9077', '511', '301'),
(401, 'FL', 'Palm Harbor', 'palm-harbor', '', '28.0901', '-82.7251', '539', '727'),
(402, 'MI', 'Detroit', 'detroit', '', '42.3662', '-83.1015', '505', '313'),
(403, 'MI', 'Farmington', 'farmington', '', '42.4831', '-83.3774', '505', '248'),
(404, 'CA', 'Roseville', 'roseville', '', '38.7638', '-121.3020', '862', '916'),
(405, 'NC', 'Southern Pines', 'southern-pines', '', '35.1752', '-79.3834', '560', '910'),
(406, 'NC', 'Statesville', 'statesville', '', '35.8038', '-80.9018', '517', '704'),
(407, 'AL', 'Montgomery', 'montgomery', '', '32.3573', '-86.2727', '698', '334'),
(408, 'TN', 'Clarksville', 'clarksville', '', '36.5090', '-87.3396', '659', '931'),
(409, 'LA', 'Lafayette', 'lafayette', '', '30.2078', '-92.0386', '642', '337'),
(410, 'LA', 'Baton Rouge', 'baton-rouge', '', '30.4499', '-91.0978', '716', '225'),
(411, 'LA', 'Alexandria', 'alexandria', '', '31.2519', '-92.4535', '644', '318'),
(412, 'MS', 'Tupelo', 'tupelo', '', '34.2499', '-88.7168', '673', '662'),
(413, 'NJ', 'Atlantic City', 'atlantic-city', '', '39.3652', '-74.4378', '504', '609'),
(414, 'CA', 'Visalia', 'visalia', '', '36.3597', '-119.3155', '866', '559'),
(415, 'CA', 'Ridgecrest', 'ridgecrest', '', '35.5532', '-117.6765', '803', '760'),
(416, 'NJ', 'Paramus', 'paramus', '', '40.9445', '-74.0700', '501', '201'),
(417, 'FL', 'Delray Beach', 'delray-beach', '', '26.4561', '-80.1143', '548', '561'),
(418, 'LA', 'Lake Charles', 'lake-charles', '', '30.2031', '-93.1988', '643', '337'),
(419, 'MS', 'Gulfport', 'gulfport', '', '30.4211', '-89.0981', '746', '228'),
(420, 'NC', 'Rocky Mount', 'rocky-mount', '', '35.9368', '-77.8190', '560', '252'),
(421, 'NC', 'Fayetteville', 'fayetteville', '', '35.0407', '-78.9024', '560', '910'),
(422, 'AL', 'Huntsville', 'huntsville', '', '34.7018', '-86.6108', '691', '256'),
(423, 'AL', 'Bessemer', 'bessemer', '', '33.4056', '-86.9977', '630', '205'),
(424, 'WA', 'Lakewood', 'lakewood', '', '47.1516', '-122.5232', '819', '253'),
(425, 'FL', 'Port Orange', 'port-orange', '', '29.1137', '-81.0285', '534', '386'),
(426, 'NC', 'Cary', 'cary', '', '35.7821', '-78.8177', '560', '919'),
(427, 'FL', 'Jupiter', 'jupiter', '', '26.9473', '-80.1360', '548', '561'),
(428, 'AL', 'Alexander City', 'alexander-city', '', '32.9061', '-85.9370', '698', '256'),
(429, 'TN', 'Morristown', 'morristown', '', '36.2039', '-83.3038', '557', '423'),
(430, 'OR', 'Eugene', 'eugene', '', '44.0539', '-123.1088', '801', '541'),
(431, 'CO', 'Parker', 'parker', '', '39.4985', '-104.7224', '751', '303'),
(432, 'CO', 'Fort Collins', 'fort-collins', '', '40.5610', '-105.0536', '751', '970'),
(433, 'GA', 'Gainesville', 'gainesville', '', '34.3067', '-83.8086', '524', '770'),
(434, 'MA', 'Salem', 'salem', '', '42.5153', '-70.9075', '506', '978'),
(435, 'MA', 'Worcester', 'worcester', '', '42.2647', '-71.8089', '506', '508'),
(436, 'MA', 'Dedham', 'dedham', '', '42.2451', '-71.1840', '506', '781'),
(437, 'GA', 'Marietta', 'marietta', '', '33.9532', '-84.5177', '524', '404'),
(438, 'WV', 'Fairmont', 'fairmont', '', '39.4841', '-80.0601', '598', '304'),
(439, 'FL', 'Sanford', 'sanford', '', '28.7912', '-81.3046', '534', '407'),
(440, 'NH', 'Lebanon', 'lebanon', '', '43.6361', '-72.2413', '523', '603'),
(441, 'MA', 'Somerville', 'somerville', '', '42.3919', '-71.1025', '506', '617'),
(442, 'CA', 'Westlake Village', 'westlake-village', '', '34.1444', '-118.8935', '803', '805'),
(443, 'CA', 'La Jolla', 'la-jolla', '', '32.8737', '-117.2420', '825', '858'),
(444, 'CA', 'Oakland', 'oakland', '', '37.7950', '-122.2193', '807', '510'),
(445, 'CA', 'Santa Monica', 'santa-monica', '', '34.0246', '-118.4848', '803', '310'),
(446, 'CA', 'Palmdale', 'palmdale', '', '34.5574', '-118.0394', '803', '661'),
(447, 'GA', 'Savannah', 'savannah', '', '32.0433', '-81.1167', '507', '912'),
(448, 'CA', 'Costa Mesa', 'costa-mesa', '', '33.6639', '-117.9120', '803', '714'),
(449, 'CA', 'Pasadena', 'pasadena', '', '34.1563', '-118.1362', '803', '626'),
(450, 'CO', 'Canon City', 'canon-city', '', '38.4779', '-105.4556', '752', '719'),
(451, 'CO', 'Colorado Springs', 'colorado-springs', '', '38.8326', '-104.7405', '752', '719'),
(452, 'CO', 'Aspen', 'aspen', '', '39.1556', '-106.7454', '751', '970'),
(453, 'VA', 'Lorton', 'lorton', '', '38.6911', '-77.2060', '511', '703'),
(454, 'IL', 'Naperville', 'naperville', '', '41.7511', '-88.1462', '602', '630'),
(455, 'CA', 'Mountain View', 'mountain-view', '', '37.3974', '-122.0732', '807', '650'),
(456, 'CA', 'El Monte', 'el-monte', '', '34.0767', '-118.0238', '803', '626'),
(457, 'CA', 'Cupertino', 'cupertino', '', '37.3042', '-122.0946', '807', '408'),
(458, 'CA', 'Fairfield', 'fairfield', '', '38.2580', '-122.0668', '862', '707'),
(459, 'CA', 'Escondido', 'escondido', '', '33.1349', '-117.0416', '825', '760'),
(460, 'WI', 'Oshkosh', 'oshkosh', '', '44.0009', '-88.5723', '658', '920'),
(461, 'CT', 'Hartford', 'hartford', '', '41.7690', '-72.6835', '533', '860'),
(462, 'PA', 'Bethlehem', 'bethlehem', '', '40.6361', '-75.3649', '504', '610'),
(463, 'CA', 'Moreno Valley', 'moreno-valley', '', '33.9200', '-117.2080', '803', '951'),
(464, 'WA', 'Vancouver', 'vancouver', '', '45.6676', '-122.6063', '820', '360'),
(465, 'FL', 'Fort Myers', 'fort-myers', '', '26.5737', '-81.8269', '571', '239'),
(466, 'CA', 'Santa Ana', 'santa-ana', '', '33.7438', '-117.8658', '803', '714'),
(467, 'AL', 'Mobile', 'mobile', '', '30.6809', '-88.1268', '686', '251'),
(468, 'TN', 'Jackson', 'jackson', '', '35.6439', '-88.7804', '639', '731'),
(469, 'MS', 'Vicksburg', 'vicksburg', '', '32.3334', '-90.7842', '718', '601'),
(470, 'LA', 'Denham Springs', 'denham-springs', '', '30.5292', '-90.9015', '716', '225'),
(471, 'MS', 'Laurel', 'laurel', '', '31.6957', '-89.1144', '710', '601'),
(472, 'LA', 'Kenner', 'kenner', '', '30.0088', '-90.2517', '622', '504'),
(473, 'LA', 'New Iberia', 'new-iberia', '', '29.9939', '-91.8013', '642', '337'),
(474, 'GA', 'Tucker', 'tucker', '', '33.8560', '-84.2129', '524', '770'),
(475, 'AL', 'Tuscaloosa', 'tuscaloosa', '', '33.2024', '-87.5268', '630', '205'),
(476, 'LA', 'Morgan City', 'morgan-city', '', '29.6997', '-91.0655', '716', '985'),
(477, 'MS', 'Biloxi', 'biloxi', '', '30.4415', '-88.9425', '746', '228'),
(478, 'LA', 'Slidell', 'slidell', '', '30.2774', '-89.7826', '622', '985'),
(479, 'LA', 'Monroe', 'monroe', '', '32.4993', '-92.0597', '628', '318'),
(480, 'MS', 'Pascagoula', 'pascagoula', '', '30.3604', '-88.5177', '746', '228'),
(481, 'GA', 'Jonesboro', 'jonesboro', '', '33.5092', '-84.3523', '524', '770'),
(482, 'GA', 'Smyrna', 'smyrna', '', '33.8599', '-84.5168', '524', '770'),
(483, 'NJ', 'East Orange', 'east-orange', '', '40.7639', '-74.2126', '501', '973'),
(484, 'WV', 'Huntington', 'huntington', '', '38.3958', '-82.4023', '564', '304'),
(485, 'NJ', 'Holmdel', 'holmdel', '', '40.3754', '-74.1712', '501', '732'),
(486, 'PA', 'Pottstown', 'pottstown', '', '40.2269', '-75.6452', '504', '610'),
(487, 'TX', 'Spring', 'spring', '', '30.1145', '-95.4729', '618', '281'),
(488, 'NJ', 'Piscataway', 'piscataway', '', '40.5515', '-74.4637', '501', '732'),
(489, 'IL', 'Elgin', 'elgin', '', '42.0270', '-88.2987', '602', '847'),
(490, 'IL', 'Glenview', 'glenview', '', '42.0855', '-87.8247', '602', '847'),
(491, 'CA', 'Los Gatos', 'los-gatos', '', '37.1991', '-121.9619', '807', '408'),
(492, 'CO', 'Vail', 'vail', '', '39.6412', '-106.3228', '751', '970'),
(493, 'AZ', 'Mesa', 'mesa', '', '33.4253', '-111.7273', '753', '480'),
(494, 'ND', 'Fargo', 'fargo', '', '46.8574', '-96.8466', '724', '701'),
(495, 'FL', 'Tallahassee', 'tallahassee', '', '30.4629', '-84.2446', '530', '850'),
(496, 'ME', 'Auburn', 'auburn', '', '44.0861', '-70.2434', '500', '207'),
(497, 'OR', 'Klamath Falls', 'klamath-falls', '', '42.3146', '-121.8941', '813', '541'),
(498, 'NJ', 'Princeton', 'princeton', '', '40.3648', '-74.6598', '504', '609'),
(499, 'CA', 'Manhattan Beach', 'manhattan-beach', '', '33.8893', '-118.4010', '803', '310'),
(500, 'AL', 'Madison', 'madison', '', '34.7228', '-86.7647', '691', '256'),
(501, 'MD', 'Greenbelt', 'greenbelt', '', '39.0027', '-76.8807', '511', '301'),
(502, 'VA', 'Falls Church', 'falls-church', '', '38.8718', '-77.1721', '511', '703'),
(503, 'AZ', 'Sun City West', 'sun-city-west', '', '33.6746', '-112.3672', '753', '623'),
(504, 'GA', 'Covington', 'covington', '', '33.5381', '-83.8967', '524', '770'),
(505, 'NJ', 'Sayreville', 'sayreville', '', '40.4619', '-74.3561', '501', '732'),
(506, 'PA', 'Lehigh Valley', 'lehigh-valley', '', '40.6934', '-75.4712', '504', '094'),
(507, 'CA', 'Newport Beach', 'newport-beach', '', '33.6153', '-117.9001', '803', '949'),
(508, 'MA', 'Northampton', 'northampton', '', '42.3306', '-72.6306', '543', '413'),
(509, 'MA', 'Shrewsbury', 'shrewsbury', '', '42.2865', '-71.7147', '506', '508'),
(510, 'MA', 'Westborough', 'westborough', '', '42.2658', '-71.6105', '506', '525'),
(511, 'IN', 'Fort Wayne', 'fort-wayne', '', '41.0791', '-85.1423', '509', '260'),
(512, 'CA', 'Cotati', 'cotati', '', '38.3180', '-122.7091', '807', '510'),
(513, 'WA', 'Lacey', 'lacey', '', '47.0257', '-122.7967', '819', '360'),
(514, 'WA', 'Puyallup', 'puyallup', '', '47.1592', '-122.3015', '819', '253'),
(515, 'WA', 'Bellingham', 'bellingham', '', '48.7413', '-122.4337', '819', '360'),
(516, 'OR', 'Albany', 'albany', '', '44.6307', '-123.0687', '820', '541'),
(517, 'OR', 'Medford', 'medford', '', '42.3134', '-122.8494', '813', '541'),
(518, 'CA', 'Santa Rosa', 'santa-rosa', '', '38.4493', '-122.7085', '807', '707'),
(519, 'CA', 'Larkspur', 'larkspur', '', '37.9361', '-122.5367', '807', '415'),
(520, 'NV', 'Sparks', 'sparks', '', '39.5727', '-119.6171', '811', '775'),
(521, 'OR', 'Springfield', 'springfield', '', '44.0797', '-122.9063', '801', '541'),
(522, 'GA', 'Riverdale', 'riverdale', '', '33.5524', '-84.4273', '524', '770'),
(523, 'KS', 'Wichita', 'wichita', '', '37.6910', '-97.3292', '678', '316'),
(524, 'GA', 'Mcdonough', 'mcdonough', '', '33.4646', '-84.1129', '524', '770'),
(525, 'FL', 'Fort Lauderdale', 'fort-lauderdale', '', '26.1275', '-80.2331', '528', '954'),
(526, 'CT', 'Bridgeport', 'bridgeport', '', '41.1858', '-73.1914', '501', '203'),
(527, 'RI', 'Warwick', 'warwick', '', '41.7186', '-71.4212', '521', '401'),
(528, 'NE', 'Lincoln', 'lincoln', '', '40.8200', '-96.6806', '722', '402'),
(529, 'CA', 'Encino', 'encino', '', '34.1554', '-118.5106', '803', '818'),
(530, 'NY', 'Croton On Hudson', 'croton-on-hudson', '', '41.2153', '-73.8716', '501', '914'),
(531, 'PA', 'Allentown', 'allentown', '', '40.6012', '-75.5215', '504', '610'),
(532, 'AL', 'Russellville', 'russellville', '', '34.5152', '-87.7509', '691', '256'),
(533, 'MT', 'Bozeman', 'bozeman', '', '45.7115', '-111.0563', '754', '406'),
(534, 'TN', 'Cordova', 'cordova', '', '35.1575', '-89.7646', '640', '901'),
(535, 'WA', 'Woodinville', 'woodinville', '', '47.7570', '-122.0928', '819', '425'),
(536, 'WV', 'Beckley', 'beckley', '', '37.8164', '-81.2329', '559', '304'),
(537, 'SC', 'Columbia', 'columbia', '', '34.0391', '-80.9882', '546', '803'),
(538, 'MA', 'Lawrence', 'lawrence', '', '42.7023', '-71.1551', '506', '978'),
(539, 'IL', 'Urbana', 'urbana', '', '40.1148', '-88.1837', '648', '217'),
(540, 'MI', 'Bloomfield Hills', 'bloomfield-hills', '', '42.5719', '-83.2701', '505', '248'),
(541, 'IN', 'Elkhart', 'elkhart', '', '41.6679', '-85.9721', '588', '574'),
(542, 'VA', 'Mckenney', 'mckenney', '', '36.9968', '-77.7399', '', ''),
(543, 'MA', 'Quincy', 'quincy', '', '42.2654', '-71.0185', '506', '617'),
(544, 'GA', 'Tifton', 'tifton', '', '31.4536', '-83.5082', '525', '229'),
(545, 'NJ', 'Perth Amboy', 'perth-amboy', '', '40.5213', '-74.2752', '501', '732'),
(546, 'GA', 'Newnan', 'newnan', '', '33.3961', '-84.7821', '524', '770'),
(547, 'WI', 'Eau Claire', 'eau-claire', '', '44.7899', '-91.5431', '702', '715'),
(548, 'UT', 'Saint George', 'saint-george', '', '37.1239', '-113.5872', '770', '435'),
(549, 'NM', 'Alamogordo', 'alamogordo', '', '32.8426', '-105.9891', '790', '575'),
(550, 'AL', 'Decatur', 'decatur', '', '34.5727', '-86.9406', '691', '256'),
(551, 'MO', 'Florissant', 'florissant', '', '38.8161', '-90.3020', '609', '314'),
(552, 'GA', 'Lagrange', 'lagrange', '', '33.0161', '-85.0279', '524', '706'),
(553, 'TN', 'Kingsport', 'kingsport', '', '36.5164', '-82.5413', '531', '423'),
(554, 'TN', 'Lebanon', 'lebanon', '', '36.2020', '-86.2632', '659', '615'),
(555, 'NC', 'Hickory', 'hickory', '', '35.7217', '-81.3603', '517', '828'),
(556, 'SC', 'Simpsonville', 'simpsonville', '', '34.7304', '-82.2496', '567', '864'),
(557, 'KY', 'Somerset', 'somerset', '', '37.0985', '-84.5067', '541', '606'),
(558, 'NC', 'Boone', 'boone', '', '36.2191', '-81.6563', '517', '828'),
(559, 'MN', 'Mankato', 'mankato', '', '44.1747', '-94.0492', '737', '507'),
(560, 'WI', 'Janesville', 'janesville', '', '42.6810', '-89.0438', '669', '608'),
(561, 'VA', 'Suffolk', 'suffolk', '', '36.7783', '-76.5987', '544', '757'),
(562, 'CT', 'New Britain', 'new-britain', '', '41.6714', '-72.7880', '533', '860'),
(563, 'GA', 'Thomasville', 'thomasville', '', '30.8294', '-83.9841', '530', '229'),
(564, 'CO', 'Estes Park', 'estes-park', '', '40.3974', '-105.6234', '751', '970'),
(565, 'TX', 'Rockport', 'rockport', '', '28.0380', '-97.0937', '600', '361'),
(566, 'MI', 'Auburn Hills', 'auburn-hills', '', '42.6644', '-83.2303', '505', '248'),
(567, 'CA', 'Riverside', 'riverside', '', '33.9404', '-117.3959', '803', '951'),
(568, 'AL', 'Troy', 'troy', '', '31.8491', '-85.9417', '698', '334'),
(569, 'MN', 'Saint Paul', 'saint-paul', '', '44.9487', '-93.1002', '613', '651'),
(570, 'NC', 'Roxboro', 'roxboro', '', '36.4080', '-78.9178', '560', '336'),
(571, 'AL', 'Auburn', 'auburn', '', '32.5667', '-85.5456', '522', '334'),
(572, 'CA', 'Hesperia', 'hesperia', '', '34.3661', '-117.3205', '803', '760'),
(573, 'TX', 'Round Rock', 'round-rock', '', '30.5248', '-97.6795', '635', '512'),
(574, 'WI', 'Wausau', 'wausau', '', '45.0113', '-89.6151', '705', '715'),
(575, 'NC', 'Asheville', 'asheville', '', '35.5912', '-82.5460', '567', '828'),
(576, 'LA', 'Thibodaux', 'thibodaux', '', '29.8028', '-90.7973', '622', '985'),
(577, 'SC', 'Spartanburg', 'spartanburg', '', '34.9392', '-81.9172', '567', '864'),
(578, 'MN', 'Saint Cloud', 'saint-cloud', '', '45.5314', '-94.1607', '613', '320'),
(579, 'SC', 'Beaufort', 'beaufort', '', '32.3839', '-80.7230', '507', '843'),
(580, 'MO', 'Independence', 'independence', '', '39.1029', '-94.3826', '616', '816'),
(581, 'FL', 'Panama City', 'panama-city', '', '30.1955', '-85.6377', '656', '850'),
(582, 'OK', 'Shawnee', 'shawnee', '', '35.3562', '-96.9529', '650', '405'),
(583, 'NM', 'Ruidoso', 'ruidoso', '', '33.3539', '-105.6328', '790', '575'),
(584, 'IL', 'Springfield', 'springfield', '', '39.7912', '-89.6746', '648', '217'),
(585, 'NC', 'Camp Lejeune', 'camp-lejeune', '', '34.6403', '-77.3043', '545', '910'),
(586, 'FL', 'Lake Wales', 'lake-wales', '', '27.8700', '-81.5316', '539', '863'),
(587, 'CA', 'Murrieta', 'murrieta', '', '33.5608', '-117.2401', '803', '951'),
(588, 'IL', 'Bloomington', 'bloomington', '', '40.4698', '-88.9474', '675', '309'),
(589, 'CA', 'Westminster', 'westminster', '', '33.7474', '-117.9939', '803', '714'),
(590, 'AK', 'Fairbanks', 'fairbanks', '', '64.8834', '-147.4984', '745', '907'),
(591, 'TX', 'Temple', 'temple', '', '31.1012', '-97.3326', '625', '254'),
(592, 'CA', 'Ventura', 'ventura', '', '34.2991', '-119.2339', '803', '805'),
(593, 'GA', 'Peachtree City', 'peachtree-city', '', '33.3910', '-84.5615', '524', '770'),
(594, 'NJ', 'Brick', 'brick', '', '40.0707', '-74.1108', '501', '732'),
(595, 'TX', 'Lubbock', 'lubbock', '', '33.5663', '-101.8829', '651', '806'),
(596, 'WA', 'Federal Way', 'federal-way', '', '47.3058', '-122.3460', '819', '253'),
(597, 'WA', 'Kennewick', 'kennewick', '', '46.1529', '-119.1699', '810', '509'),
(598, 'CT', 'Wethersfield', 'wethersfield', '', '41.7037', '-72.6628', '533', '860'),
(599, 'CA', 'Richmond', 'richmond', '', '37.9426', '-122.3457', '807', '510'),
(600, 'CA', 'San Bernardino', 'san-bernardino', '', '34.1362', '-117.2978', '803', '909'),
(601, 'CA', 'Arcadia', 'arcadia', '', '34.1314', '-118.0378', '803', '626'),
(602, 'CA', 'Altadena', 'altadena', '', '34.2005', '-118.1362', '803', '626'),
(603, 'CA', 'Agoura Hills', 'agoura-hills', '', '34.1268', '-118.7648', '803', '818'),
(604, 'CA', 'Modesto', 'modesto', '', '37.6680', '-121.0041', '862', '209'),
(605, 'CA', 'Carson', 'carson', '', '33.8437', '-118.2585', '803', '310'),
(606, 'CA', 'Reseda', 'reseda', '', '34.2005', '-118.5404', '803', '818'),
(607, 'CA', 'Tulare', 'tulare', '', '36.1815', '-119.3623', '866', '559'),
(608, 'FL', 'Boca Raton', 'boca-raton', '', '26.3739', '-80.1468', '548', '561'),
(609, 'IA', 'Des Moines', 'des-moines', '', '41.5898', '-93.6184', '679', '515'),
(610, 'AZ', 'Scottsdale', 'scottsdale', '', '33.5984', '-111.8669', '753', '480'),
(611, 'OR', 'Beaverton', 'beaverton', '', '45.4804', '-122.8356', '820', '503'),
(612, 'UT', 'Sandy', 'sandy', '', '40.5751', '-111.8232', '770', '801'),
(613, 'AZ', 'Surprise', 'surprise', '', '33.6559', '-112.3911', '753', '623'),
(614, 'CO', 'Aurora', 'aurora', '', '39.6919', '-104.7725', '751', '303'),
(615, 'WY', 'Cheyenne', 'cheyenne', '', '41.1864', '-104.8034', '759', '307'),
(616, 'CO', 'Grand Junction', 'grand-junction', '', '39.0836', '-108.5631', '773', '970'),
(617, 'ND', 'Bismarck', 'bismarck', '', '46.7999', '-100.6973', '687', '701'),
(618, 'AZ', 'Peoria', 'peoria', '', '33.6534', '-112.2462', '753', '623'),
(619, 'CA', 'Montrose', 'montrose', '', '34.2120', '-118.2302', '803', '818'),
(620, 'NJ', 'Clifton', 'clifton', '', '40.8575', '-74.1493', '501', '973'),
(621, 'NY', 'West Point', 'west-point', '', '41.3931', '-73.9733', '501', '845'),
(622, 'CA', 'Calabasas', 'calabasas', '', '34.1182', '-118.6739', '803', '818'),
(623, 'FL', 'Bradenton', 'bradenton', '', '27.4550', '-82.5112', '539', '941'),
(624, 'NC', 'Kernersville', 'kernersville', '', '36.1172', '-80.0765', '518', '336'),
(625, 'FL', 'Deerfield Beach', 'deerfield-beach', '', '26.3097', '-80.1220', '528', '954'),
(626, 'IL', 'Danville', 'danville', '', '40.1510', '-87.6591', '648', '217'),
(627, 'IA', 'Davenport', 'davenport', '', '41.5409', '-90.5961', '682', '563'),
(628, 'IA', 'Dubuque', 'dubuque', '', '42.5031', '-90.7006', '637', '563'),
(629, 'MD', 'Annapolis', 'annapolis', '', '38.9861', '-76.5137', '512', '410'),
(630, 'CA', 'Fountain Valley', 'fountain-valley', '', '33.7100', '-117.9478', '803', '714'),
(631, 'NM', 'Los Alamos', 'los-alamos', '', '35.8366', '-106.3093', '790', '505'),
(632, 'CA', 'Rohnert Park', 'rohnert-park', '', '38.3434', '-122.7041', '807', '707'),
(633, 'MI', 'Birmingham', 'birmingham', '', '42.5457', '-83.2165', '505', '248');
INSERT INTO `geo_cities` (`city_id`, `region`, `title`, `alias`, `postalCode`, `latitude`, `longitude`, `metroCode`, `areaCode`) VALUES
(634, 'WI', 'Brookfield', 'brookfield', '', '43.0607', '-88.1270', '617', '262'),
(635, 'MI', 'Sterling Heights', 'sterling-heights', '', '42.5829', '-83.0340', '505', '586'),
(636, 'MI', 'Livonia', 'livonia', '', '42.3968', '-83.3732', '505', '734'),
(637, 'IL', 'Tinley Park', 'tinley-park', '', '41.5696', '-87.7994', '602', '708'),
(638, 'NJ', 'Hackensack', 'hackensack', '', '40.8859', '-74.0468', '501', '201'),
(639, 'SC', 'North Charleston', 'north-charleston', '', '32.8916', '-80.0404', '519', '843'),
(640, 'IL', 'Schaumburg', 'schaumburg', '', '42.0463', '-88.1169', '602', '847'),
(641, 'CA', 'Gilroy', 'gilroy', '', '37.0692', '-121.5567', '807', '408'),
(642, 'CA', 'Los Altos', 'los-altos', '', '37.3558', '-122.1282', '807', '650'),
(643, 'MD', 'Frederick', 'frederick', '', '39.4107', '-77.3973', '511', '301'),
(644, 'MA', 'Peabody', 'peabody', '', '42.5324', '-70.9737', '506', '978'),
(645, 'OH', 'Mansfield', 'mansfield', '', '40.7446', '-82.5355', '510', '419'),
(646, 'TX', 'Flower Mound', 'flower-mound', '', '33.0292', '-97.0905', '623', '972'),
(647, 'OH', 'Youngstown', 'youngstown', '', '41.0871', '-80.6616', '536', '330'),
(648, 'WI', 'Appleton', 'appleton', '', '44.2796', '-88.4121', '658', '920'),
(649, 'IL', 'Plainfield', 'plainfield', '', '41.6113', '-88.2484', '602', '815'),
(650, 'WI', 'Racine', 'racine', '', '42.7398', '-87.8266', '617', '262'),
(651, 'IL', 'Northbrook', 'northbrook', '', '42.1197', '-87.8445', '602', '847'),
(652, 'IL', 'Oak Park', 'oak-park', '', '41.8850', '-87.7925', '602', '708'),
(653, 'MI', 'Northville', 'northville', '', '42.4165', '-83.5297', '505', '248'),
(654, 'MI', 'Saint Clair Shor', 'saint-clair-shor', '', '42.4950', '-82.8945', '505', '586'),
(655, 'OH', 'Mentor', 'mentor', '', '41.6892', '-81.3266', '510', '440'),
(656, 'MI', 'Grand Blanc', 'grand-blanc', '', '42.9196', '-83.6496', '513', '810'),
(657, 'IL', 'Aurora', 'aurora', '', '41.7630', '-88.3114', '602', '630'),
(658, 'MI', 'Kalamazoo', 'kalamazoo', '', '42.2899', '-85.5883', '563', '269'),
(659, 'MA', 'Lynn', 'lynn', '', '42.4721', '-70.9584', '506', '781'),
(660, 'MI', 'Washington', 'washington', '', '42.7579', '-83.0384', '505', '586'),
(661, 'CO', 'Littleton', 'littleton', '', '39.5593', '-105.0056', '751', '303'),
(662, 'TX', 'Lewisville', 'lewisville', '', '33.0503', '-97.0147', '623', '972'),
(663, 'TX', 'Euless', 'euless', '', '32.8347', '-97.0940', '623', '817'),
(664, 'MD', 'Oxon Hill', 'oxon-hill', '', '38.8046', '-76.9947', '511', '301'),
(665, 'MI', 'Battle Creek', 'battle-creek', '', '42.3241', '-85.1783', '563', '269'),
(666, 'CT', 'New Canaan', 'new-canaan', '', '41.1625', '-73.5021', '501', '203'),
(667, 'TX', 'Arlington', 'arlington', '', '32.6988', '-97.1237', '623', '817'),
(668, 'MO', 'Fenton', 'fenton', '', '38.4980', '-90.4600', '609', '636'),
(669, 'CA', 'Livermore', 'livermore', '', '37.6385', '-121.6384', '807', '925'),
(670, 'CA', 'Northridge', 'northridge', '', '34.2525', '-118.5424', '803', '818'),
(671, 'CA', 'West Sacramento', 'west-sacramento', '', '38.6290', '-121.5871', '862', '916'),
(672, 'CA', 'Tracy', 'tracy', '', '37.7051', '-121.4802', '862', '209'),
(673, 'CA', 'Yuba City', 'yuba-city', '', '39.0554', '-121.6743', '862', '530'),
(674, 'CA', 'San Marcos', 'san-marcos', '', '33.1370', '-117.1679', '825', '760'),
(675, 'CA', 'Encinitas', 'encinitas', '', '33.0501', '-117.2528', '825', '760'),
(676, 'CA', 'Rocklin', 'rocklin', '', '38.8118', '-121.2636', '862', '916'),
(677, 'MI', 'Holland', 'holland', '', '42.7975', '-86.0962', '563', '616'),
(678, 'NJ', 'Paterson', 'paterson', '', '40.9164', '-74.1630', '501', '973'),
(679, 'CA', 'Carmel', 'carmel', '', '36.4691', '-121.8231', '828', '831'),
(680, 'TX', 'Bedford', 'bedford', '', '32.8417', '-97.1392', '623', '817'),
(681, 'NY', 'New Rochelle', 'new-rochelle', '', '40.9218', '-73.7836', '501', '914'),
(682, 'CA', 'Thousand Oaks', 'thousand-oaks', '', '34.2049', '-118.8494', '803', '805'),
(683, 'CT', 'Farmington', 'farmington', '', '41.7252', '-72.8295', '533', '860'),
(684, 'OH', 'Cuyahoga Falls', 'cuyahoga-falls', '', '41.1583', '-81.5024', '510', '330'),
(685, 'CT', 'West Hartford', 'west-hartford', '', '41.7580', '-72.7444', '533', '860'),
(686, 'CA', 'Monterey Park', 'monterey-park', '', '34.0520', '-118.1294', '803', '626'),
(687, 'PA', 'Easton', 'easton', '', '40.6919', '-75.2437', '504', '610'),
(688, 'CT', 'Stratford', 'stratford', '', '41.2021', '-73.1311', '501', '203'),
(689, 'CT', 'Danbury', 'danbury', '', '41.4006', '-73.4731', '501', '203'),
(690, 'AR', 'Bryant', 'bryant', '', '34.6008', '-92.4911', '693', '501'),
(691, 'AR', 'Fayetteville', 'fayetteville', '', '36.0581', '-94.0778', '670', '479'),
(692, 'MO', 'Saint Joseph', 'saint-joseph', '', '39.7547', '-94.8151', '638', '816'),
(693, 'TX', 'Desoto', 'desoto', '', '32.6042', '-96.8653', '623', '972'),
(694, 'VT', 'Brattleboro', 'brattleboro', '', '42.8496', '-72.6645', '506', '802'),
(695, 'CA', 'Rialto', 'rialto', '', '34.1323', '-117.3904', '803', '909'),
(696, 'MA', 'Woburn', 'woburn', '', '42.4897', '-71.1595', '506', '781'),
(697, 'GA', 'Roswell', 'roswell', '', '34.0413', '-84.3473', '524', '770'),
(698, 'MS', 'Hattiesburg', 'hattiesburg', '', '31.2889', '-89.3427', '710', '601'),
(699, 'FL', 'Hallandale', 'hallandale', '', '25.9863', '-80.1518', '528', '954'),
(700, 'MD', 'Laurel', 'laurel', '', '39.0907', '-76.8398', '511', '301'),
(701, 'SC', 'Lexington', 'lexington', '', '33.9434', '-81.2445', '546', '803'),
(702, 'NY', 'Bayside', 'bayside', '', '40.7788', '-73.7760', '501', '718'),
(703, 'MA', 'Lowell', 'lowell', '', '42.6416', '-71.3225', '506', '978'),
(704, 'MA', 'Haverhill', 'haverhill', '', '42.7801', '-71.0917', '506', '978'),
(705, 'MA', 'Gloucester', 'gloucester', '', '42.6179', '-70.7154', '506', '978'),
(706, 'CA', 'Valencia', 'valencia', '', '34.4421', '-118.5705', '803', '661'),
(707, 'IL', 'Mchenry', 'mchenry', '', '42.3595', '-88.2734', '602', '815'),
(708, 'IL', 'Barrington', 'barrington', '', '42.1584', '-88.1592', '602', '847'),
(709, 'OR', 'Bend', 'bend', '', '43.9647', '-121.3410', '821', '541'),
(710, 'CA', 'San Clemente', 'san-clemente', '', '33.4515', '-117.6171', '803', '949'),
(711, 'ID', 'Coeur D Alene', 'coeur-d-alene', '', '47.6609', '-116.8343', '881', '208'),
(712, 'OH', 'Westerville', 'westerville', '', '40.1384', '-82.9106', '535', '614'),
(713, 'CT', 'Milford', 'milford', '', '41.2241', '-73.0517', '533', '203'),
(714, 'TN', 'Maryville', 'maryville', '', '35.7057', '-83.9838', '557', '865'),
(715, 'NJ', 'Ridgewood', 'ridgewood', '', '40.9816', '-74.1138', '501', '201'),
(716, 'CT', 'Hamden', 'hamden', '', '41.3820', '-72.9171', '533', '203'),
(717, 'NY', 'Utica', 'utica', '', '43.1146', '-75.1771', '526', '315'),
(718, 'MA', 'Braintree', 'braintree', '', '42.2032', '-71.0096', '506', '781'),
(719, 'MA', 'Taunton', 'taunton', '', '41.9113', '-71.1300', '521', '508'),
(720, 'GA', 'Decatur', 'decatur', '', '33.7503', '-84.2615', '524', '404'),
(721, 'CA', 'Lancaster', 'lancaster', '', '34.7176', '-118.1813', '803', '661'),
(722, 'DE', 'Dover', 'dover', '', '39.1703', '-75.5456', '504', '302'),
(723, 'WA', 'Gig Harbor', 'gig-harbor', '', '47.3435', '-122.6474', '819', '253'),
(724, 'IL', 'Champaign', 'champaign', '', '40.1196', '-88.2730', '648', '217'),
(725, 'CA', 'Redwood City', 'redwood-city', '', '37.4742', '-122.2494', '807', '650'),
(726, 'CA', 'Monrovia', 'monrovia', '', '34.1539', '-117.9919', '803', '626'),
(727, 'TX', 'Mcallen', 'mcallen', '', '26.2173', '-98.2407', '636', '956'),
(728, 'AZ', 'Chandler', 'chandler', '', '33.2819', '-111.8795', '753', '480'),
(729, 'AZ', 'Gilbert', 'gilbert', '', '33.3202', '-111.7610', '753', '480'),
(730, 'CO', 'Loveland', 'loveland', '', '40.4265', '-105.1981', '751', '970'),
(731, 'CO', 'Westminster', 'westminster', '', '39.8541', '-105.0391', '751', '303'),
(732, 'FL', 'Wesley Chapel', 'wesley-chapel', '', '28.2059', '-82.3201', '539', '813'),
(733, 'TX', 'Mckinney', 'mckinney', '', '33.2065', '-96.6569', '623', '972'),
(734, 'MT', 'Helena', 'helena', '', '46.6411', '-112.0681', '766', '406'),
(735, 'AZ', 'Sedona', 'sedona', '', '34.8529', '-111.8594', '753', '928'),
(736, 'NJ', 'Trenton', 'trenton', '', '40.2001', '-74.6967', '504', '609'),
(737, 'PA', 'Pittsburgh', 'pittsburgh', '', '40.4456', '-79.9794', '508', '412'),
(738, 'MO', 'Chesterfield', 'chesterfield', '', '38.6426', '-90.6004', '609', '636'),
(739, 'KS', 'Lenexa', 'lenexa', '', '38.9604', '-94.8049', '616', '913'),
(740, 'TX', 'Weatherford', 'weatherford', '', '32.7827', '-97.7914', '623', '817'),
(741, 'CA', 'Desert Hot Sprin', 'desert-hot-sprin', '', '33.8821', '-116.3932', '804', '760'),
(742, 'CA', 'West Hills', 'west-hills', '', '34.2034', '-118.6922', '803', '818'),
(743, 'CA', 'Van Nuys', 'van-nuys', '', '34.1882', '-118.4582', '803', '678'),
(744, 'IL', 'Orland Park', 'orland-park', '', '41.6104', '-87.8633', '602', '708'),
(745, 'PA', 'Warrendale', 'warrendale', '', '40.6594', '-80.0933', '508', '724'),
(746, 'TX', 'Midland', 'midland', '', '31.9776', '-102.0796', '633', '432'),
(747, 'TX', 'Lancaster', 'lancaster', '', '32.6036', '-96.7612', '623', '972'),
(748, 'FL', 'Palmetto', 'palmetto', '', '27.5931', '-82.5051', '539', '941'),
(749, 'MI', 'West Bloomfield', 'west-bloomfield', '', '42.5703', '-83.3810', '505', '248'),
(750, 'MD', 'Towson', 'towson', '', '39.4089', '-76.6023', '512', '410'),
(751, 'NY', 'Jericho', 'jericho', '', '40.7932', '-73.5424', '501', '516'),
(752, 'IL', 'Evanston', 'evanston', '', '42.0448', '-87.7011', '602', '847'),
(753, 'MI', 'Monroe', 'monroe', '', '41.9310', '-83.4554', '505', '734'),
(754, 'IL', 'Libertyville', 'libertyville', '', '42.2833', '-87.9606', '602', '847'),
(755, 'WI', 'Manitowoc', 'manitowoc', '', '44.1099', '-87.7100', '658', '920'),
(756, 'AR', 'Arkadelphia', 'arkadelphia', '', '34.0268', '-93.0644', '693', '870'),
(757, 'TX', 'Frisco', 'frisco', '', '33.1427', '-96.8123', '623', '214'),
(758, 'NJ', 'Summit', 'summit', '', '40.7139', '-74.3689', '501', '908'),
(759, 'CO', 'Evergreen', 'evergreen', '', '39.6545', '-105.4486', '751', '303'),
(760, 'MI', 'Walled Lake', 'walled-lake', '', '42.5530', '-83.4802', '505', '248'),
(761, 'NJ', 'Raritan', 'raritan', '', '40.5715', '-74.6402', '501', '908'),
(762, 'VA', 'Petersburg', 'petersburg', '', '37.1625', '-77.4316', '556', '804'),
(763, 'CA', 'Compton', 'compton', '', '33.8894', '-118.2309', '803', '310'),
(764, 'CA', 'Milpitas', 'milpitas', '', '37.4404', '-121.8705', '807', '408'),
(765, 'PA', 'Mechanicsburg', 'mechanicsburg', '', '40.2134', '-77.0098', '566', '717'),
(766, 'NY', 'Ridgewood', 'ridgewood', '', '40.6983', '-73.8880', '501', '718'),
(767, 'NY', 'Great Neck', 'great-neck', '', '40.7939', '-73.7280', '501', '516'),
(768, 'NJ', 'Whippany', 'whippany', '', '40.8229', '-74.4197', '501', '973'),
(769, 'WY', 'Gillette', 'gillette', '', '44.2256', '-105.6077', '764', '307'),
(770, 'AL', 'Fort Payne', 'fort-payne', '', '34.4467', '-85.7434', '691', '256'),
(771, 'IA', 'Sioux City', 'sioux-city', '', '42.5106', '-96.3908', '624', '712'),
(772, 'LA', 'Harvey', 'harvey', '', '29.8485', '-90.0633', '622', '504'),
(773, 'LA', 'Baker', 'baker', '', '30.5841', '-91.1298', '716', '225'),
(774, 'AL', 'Theodore', 'theodore', '', '30.5035', '-88.1432', '686', '251'),
(775, 'FL', 'Longwood', 'longwood', '', '28.7202', '-81.3794', '534', '407'),
(776, 'FL', 'Casselberry', 'casselberry', '', '28.6565', '-81.3276', '534', '407'),
(777, 'GA', 'Bainbridge', 'bainbridge', '', '30.8661', '-84.5776', '530', '229'),
(778, 'SC', 'Clemson', 'clemson', '', '34.6839', '-82.8117', '567', '864'),
(779, 'GA', 'Warner Robins', 'warner-robins', '', '32.6180', '-83.6191', '503', '478'),
(780, 'AL', 'Dothan', 'dothan', '', '31.2042', '-85.4389', '606', '334'),
(781, 'FL', 'Lake City', 'lake-city', '', '30.1329', '-82.6508', '561', '386'),
(782, 'AL', 'Opelika', 'opelika', '', '32.6162', '-85.3807', '522', '334'),
(783, 'AL', 'Mcintosh', 'mcintosh', '', '31.2270', '-88.0869', '', ''),
(784, 'AL', 'Florence', 'florence', '', '34.8725', '-87.7004', '691', '256'),
(785, 'SC', 'West Columbia', 'west-columbia', '', '33.9444', '-81.1089', '546', '803'),
(786, 'SC', 'Duncan', 'duncan', '', '34.9104', '-82.1230', '567', '864'),
(787, 'CT', 'Cheshire', 'cheshire', '', '41.5059', '-72.9081', '533', '203'),
(788, 'TX', 'Huntsville', 'huntsville', '', '30.7260', '-95.5500', '618', '936'),
(789, 'GA', 'Morrow', 'morrow', '', '33.5855', '-84.3279', '524', '404'),
(790, 'CA', 'Fontana', 'fontana', '', '34.0958', '-117.4621', '803', '909'),
(791, 'CA', 'Aliso Viejo', 'aliso-viejo', '', '33.5717', '-117.7289', '803', '949'),
(792, 'MO', 'Joplin', 'joplin', '', '37.0688', '-94.4955', '603', '417'),
(793, 'VA', 'Woodbridge', 'woodbridge', '', '38.6485', '-77.3108', '511', '703'),
(794, 'CA', 'Palm Springs', 'palm-springs', '', '33.7714', '-116.5816', '804', '760'),
(795, 'GA', 'Milledgeville', 'milledgeville', '', '33.0247', '-83.2296', '503', '478'),
(796, 'NE', 'Kearney', 'kearney', '', '40.7571', '-99.1087', '722', '308'),
(797, 'ND', 'Grand Forks', 'grand-forks', '', '47.9312', '-97.1582', '724', '701'),
(798, 'CA', 'Fallbrook', 'fallbrook', '', '33.3989', '-117.2957', '825', '760'),
(799, 'OR', 'Corvallis', 'corvallis', '', '44.5577', '-123.2977', '801', '541'),
(800, 'MI', 'Bay City', 'bay-city', '', '43.5885', '-83.8841', '513', '989'),
(801, 'MA', 'Chicopee', 'chicopee', '', '42.1852', '-72.5636', '543', '413'),
(802, 'CA', 'Crescent City', 'crescent-city', '', '41.6731', '-123.9455', '802', '707'),
(803, 'CA', 'Turlock', 'turlock', '', '37.5058', '-120.8531', '862', '209'),
(804, 'WA', 'Port Orchard', 'port-orchard', '', '47.5061', '-122.6208', '819', '360'),
(805, 'MO', 'Cape Girardeau', 'cape-girardeau', '', '37.3076', '-89.5695', '632', '573'),
(806, 'NE', 'Grand Island', 'grand-island', '', '40.9323', '-98.3488', '722', '308'),
(807, 'NE', 'North Platte', 'north-platte', '', '41.1191', '-100.7915', '740', '308'),
(808, 'WI', 'Marshfield', 'marshfield', '', '44.6271', '-90.1981', '705', '715'),
(809, 'TX', 'Marshall', 'marshall', '', '32.5170', '-94.3502', '612', '903'),
(810, 'WI', 'Wisconsin Rapids', 'wisconsin-rapids', '', '44.3618', '-89.8514', '705', '715'),
(811, 'WA', 'Yakima', 'yakima', '', '46.6202', '-120.6029', '810', '509'),
(812, 'TX', 'Rockwall', 'rockwall', '', '32.9087', '-96.4188', '623', '972'),
(813, 'NY', 'Albany', 'albany', '', '42.6706', '-73.7791', '532', '518'),
(814, 'SC', 'Greer', 'greer', '', '34.9208', '-82.2167', '567', '864'),
(815, 'FL', 'Palm City', 'palm-city', '', '27.1188', '-80.3666', '548', '772'),
(816, 'TX', 'Allen', 'allen', '', '33.0989', '-96.6526', '623', '972'),
(817, 'WA', 'Auburn', 'auburn', '', '47.3018', '-122.1926', '819', '253'),
(818, 'OR', 'Grants Pass', 'grants-pass', '', '42.4590', '-123.3731', '813', '541'),
(819, 'CA', 'Petaluma', 'petaluma', '', '38.2251', '-122.6647', '807', '707'),
(820, 'NY', 'Staten Island', 'staten-island', '', '40.5865', '-74.1497', '501', '718'),
(821, 'FL', 'Cocoa Beach', 'cocoa-beach', '', '28.3257', '-80.6122', '534', '321'),
(822, 'FL', 'Hollywood', 'hollywood', '', '26.0098', '-80.2592', '528', '954'),
(823, 'AL', 'Selma', 'selma', '', '32.4833', '-86.9982', '698', '334'),
(824, 'FL', 'Ocala', 'ocala', '', '29.1569', '-82.1558', '534', '352'),
(825, 'SC', 'Myrtle Beach', 'myrtle-beach', '', '33.6948', '-78.9200', '570', '843'),
(826, 'TN', 'Dickson', 'dickson', '', '36.0643', '-87.4302', '659', '615'),
(827, 'IL', 'Palatine', 'palatine', '', '42.1159', '-88.0517', '602', '847'),
(828, 'IL', 'Rockford', 'rockford', '', '42.2711', '-89.0593', '610', '815'),
(829, 'MI', 'Royal Oak', 'royal-oak', '', '42.5055', '-83.1526', '505', '248'),
(830, 'WI', 'Kenosha', 'kenosha', '', '42.5852', '-87.8635', '617', '262'),
(831, 'MI', 'Dearborn', 'dearborn', '', '42.3140', '-83.2204', '505', '313'),
(832, 'IN', 'Bloomington', 'bloomington', '', '39.1679', '-86.5169', '527', '812'),
(833, 'IN', 'Evansville', 'evansville', '', '38.0000', '-87.5631', '649', '812'),
(834, 'OH', 'Findlay', 'findlay', '', '41.0221', '-83.6789', '547', '419'),
(835, 'MI', 'Pontiac', 'pontiac', '', '42.6474', '-83.2862', '505', '248'),
(836, 'OH', 'Miamisburg', 'miamisburg', '', '39.6182', '-84.2488', '542', '937'),
(837, 'OH', 'Zanesville', 'zanesville', '', '39.9553', '-82.0718', '596', '740'),
(838, 'OH', 'Kent', 'kent', '', '41.1413', '-81.3339', '510', '330'),
(839, 'NC', 'Concord', 'concord', '', '35.3932', '-80.5981', '517', '704'),
(840, 'ID', 'Sun Valley', 'sun-valley', '', '43.7271', '-114.2636', '760', '208'),
(841, 'TX', 'Freeport', 'freeport', '', '28.9487', '-95.4634', '618', '979'),
(842, 'CA', 'Laguna Beach', 'laguna-beach', '', '33.5558', '-117.7858', '803', '949'),
(843, 'NJ', 'Vineland', 'vineland', '', '39.4760', '-74.9883', '504', '856'),
(844, 'SC', 'Hartsville', 'hartsville', '', '34.4021', '-80.0767', '570', '843'),
(845, 'CA', 'Barstow', 'barstow', '', '34.9701', '-116.9929', '803', '760'),
(846, 'FL', 'Palm Coast', 'palm-coast', '', '29.5273', '-81.2045', '534', '386'),
(847, 'KY', 'Paducah', 'paducah', '', '37.0269', '-88.6481', '632', '270'),
(848, 'OH', 'Cincinnati', 'cincinnati', '', '39.1699', '-84.4859', '515', '513'),
(849, 'VA', 'Norfolk', 'norfolk', '', '36.8861', '-76.2668', '544', '757'),
(850, 'IL', 'Hinsdale', 'hinsdale', '', '41.8024', '-87.9306', '602', '630'),
(851, 'MI', 'Utica', 'utica', '', '42.6685', '-83.0349', '505', '586'),
(852, 'IL', 'Joliet', 'joliet', '', '41.5187', '-88.1131', '602', '815'),
(853, 'ID', 'Fruitvale', 'fruitvale', '', '44.8585', '-116.4376', '', ''),
(854, 'VA', 'Haymarket', 'haymarket', '', '38.8694', '-77.6373', '511', '703'),
(855, 'TX', 'Corpus Christi', 'corpus-christi', '', '27.7518', '-97.4346', '600', '361'),
(856, 'FL', 'Palm Bay', 'palm-bay', '', '27.9801', '-80.6542', '534', '321'),
(857, 'KS', 'Olathe', 'olathe', '', '38.8686', '-94.8344', '616', '913'),
(858, 'IN', 'Muncie', 'muncie', '', '40.2112', '-85.4016', '527', '765'),
(859, 'TX', 'Denton', 'denton', '', '33.2048', '-97.1167', '623', '940'),
(860, 'NY', 'Plattsburgh', 'plattsburgh', '', '44.7144', '-73.4543', '523', '518'),
(861, 'NE', 'Hastings', 'hastings', '', '40.5970', '-98.3311', '722', '402'),
(862, 'TN', 'Columbia', 'columbia', '', '35.6489', '-86.9958', '659', '931'),
(863, 'TX', 'Conroe', 'conroe', '', '30.2737', '-95.4146', '618', '936'),
(864, 'LA', 'Opelousas', 'opelousas', '', '30.5335', '-92.1163', '642', '337'),
(865, 'VA', 'Radford', 'radford', '', '37.1120', '-80.5472', '573', '540'),
(866, 'CT', 'Manchester', 'manchester', '', '41.7771', '-72.5236', '533', '860'),
(867, 'GA', 'Douglasville', 'douglasville', '', '33.7221', '-84.7525', '524', '770'),
(868, 'NE', 'Mccook', 'mccook', '', '40.2711', '-100.6466', '', ''),
(869, 'MI', 'Wyoming', 'wyoming', '', '42.8988', '-85.7059', '563', '616'),
(870, 'TX', 'Brenham', 'brenham', '', '30.1991', '-96.3878', '618', '979'),
(871, 'CT', 'Wallingford', 'wallingford', '', '41.4566', '-72.8103', '533', '203'),
(872, 'CT', 'Groton', 'groton', '', '41.3533', '-72.0386', '533', '860'),
(873, 'MS', 'Columbus', 'columbus', '', '33.4865', '-88.4354', '673', '662'),
(874, 'MS', 'Meridian', 'meridian', '', '32.3661', '-88.6743', '711', '601'),
(875, 'NC', 'Gastonia', 'gastonia', '', '35.2326', '-81.1766', '517', '704'),
(876, 'PA', 'Wayne', 'wayne', '', '40.0548', '-75.4083', '504', '610'),
(877, 'TN', 'La Vergne', 'la-vergne', '', '36.0212', '-86.5595', '659', '615'),
(878, 'KY', 'Berea', 'berea', '', '37.5742', '-84.2700', '541', '859'),
(879, 'PA', 'Meadville', 'meadville', '', '41.6465', '-80.1733', '516', '814'),
(880, 'FL', 'Englewood', 'englewood', '', '26.9662', '-82.3243', '539', '941'),
(881, 'TX', 'Grand Prairie', 'grand-prairie', '', '32.7199', '-96.9905', '623', '972'),
(882, 'IN', 'Greenwood', 'greenwood', '', '39.6051', '-86.1441', '527', '317'),
(883, 'TN', 'Murfreesboro', 'murfreesboro', '', '35.8496', '-86.3850', '659', '615'),
(884, 'CA', 'Porterville', 'porterville', '', '35.9678', '-118.9199', '866', '559'),
(885, 'MO', 'Branson', 'branson', '', '36.6696', '-93.2615', '619', '417'),
(886, 'MI', 'Traverse City', 'traverse-city', '', '44.7951', '-85.6498', '540', '231'),
(887, 'OH', 'Canton', 'canton', '', '40.8187', '-81.3780', '510', '330'),
(888, 'FL', 'Riverview', 'riverview', '', '27.8223', '-82.2797', '539', '813'),
(889, 'OH', 'Elyria', 'elyria', '', '41.3650', '-82.1150', '510', '440'),
(890, 'GA', 'Buford', 'buford', '', '34.1046', '-83.9815', '524', '770'),
(891, 'NC', 'Wilmington', 'wilmington', '', '34.2321', '-77.8835', '550', '910'),
(892, 'TN', 'Pigeon Forge', 'pigeon-forge', '', '35.7778', '-83.5733', '557', '865'),
(893, 'NJ', 'Somerset', 'somerset', '', '40.4981', '-74.5245', '501', '732'),
(894, 'FL', 'Venice', 'venice', '', '27.0755', '-82.3951', '539', '941'),
(895, 'NC', 'Kinston', 'kinston', '', '35.2157', '-77.5764', '545', '252'),
(896, 'AL', 'Wetumpka', 'wetumpka', '', '32.5640', '-86.1583', '698', '334'),
(897, 'TX', 'Waco', 'waco', '', '31.5581', '-97.1463', '625', '254'),
(898, 'MI', 'Macomb', 'macomb', '', '42.6619', '-82.9211', '505', '586'),
(899, 'TX', 'Tyler', 'tyler', '', '32.3508', '-95.2854', '709', '903'),
(900, 'KY', 'Glasgow', 'glasgow', '', '36.9376', '-85.9463', '736', '270'),
(901, 'NC', 'Salisbury', 'salisbury', '', '35.6744', '-80.4803', '517', '704'),
(902, 'NC', 'Winston Salem', 'winston-salem', '', '36.0864', '-80.2636', '518', '336'),
(903, 'NC', 'Burlington', 'burlington', '', '36.0918', '-79.4503', '518', '336'),
(904, 'TX', 'Paris', 'paris', '', '33.6338', '-95.5328', '623', '903'),
(905, 'CA', 'Antioch', 'antioch', '', '37.9790', '-121.7880', '807', '925'),
(906, 'AL', 'Enterprise', 'enterprise', '', '31.3076', '-85.8806', '606', '334'),
(907, 'IL', 'Des Plaines', 'des-plaines', '', '42.0255', '-87.8967', '602', '847'),
(908, 'MI', 'Burton', 'burton', '', '42.9973', '-83.6259', '513', '810'),
(909, 'CA', 'Chico', 'chico', '', '39.7870', '-121.8281', '868', '530'),
(910, 'AR', 'Conway', 'conway', '', '35.0581', '-92.4423', '693', '501'),
(911, 'VA', 'Danville', 'danville', '', '36.6292', '-79.4933', '573', '434'),
(912, 'TX', 'Keller', 'keller', '', '32.9342', '-97.2515', '623', '817'),
(913, 'SC', 'Easley', 'easley', '', '34.8257', '-82.5746', '567', '864'),
(914, 'OH', 'Marion', 'marion', '', '40.5982', '-83.1425', '535', '740'),
(915, 'OK', 'Bartlesville', 'bartlesville', '', '36.7392', '-95.9851', '671', '918'),
(916, 'NY', 'Corning', 'corning', '', '42.0843', '-77.0278', '565', '607'),
(917, 'AZ', 'Buckeye', 'buckeye', '', '33.3846', '-112.5517', '753', '623'),
(918, 'OR', 'Hillsboro', 'hillsboro', '', '45.5146', '-122.9390', '820', '503'),
(919, 'CA', 'Tarzana', 'tarzana', '', '34.1553', '-118.5476', '803', '818'),
(920, 'AR', 'El Dorado', 'el-dorado', '', '33.1929', '-92.6434', '628', '870'),
(921, 'HI', 'Honolulu', 'honolulu', '', '21.3139', '-157.8245', '744', '808'),
(922, 'CA', 'Lodi', 'lodi', '', '38.1279', '-121.2821', '862', '209'),
(923, 'WA', 'Bothell', 'bothell', '', '47.7953', '-122.2018', '819', '425'),
(924, 'AK', 'Anchorage', 'anchorage', '', '61.1692', '-149.8443', '743', '907'),
(925, 'PA', 'Media', 'media', '', '39.9193', '-75.4190', '504', '610'),
(926, 'TX', 'Irving', 'irving', '', '32.8569', '-96.9629', '623', '972'),
(927, 'IN', 'South Bend', 'south-bend', '', '41.6803', '-86.2649', '588', '574'),
(928, 'MD', 'Gaithersburg', 'gaithersburg', '', '39.1638', '-77.1834', '511', '301'),
(929, 'NC', 'Thomasville', 'thomasville', '', '35.8535', '-80.1084', '518', '336'),
(930, 'WY', 'Laramie', 'laramie', '', '41.3824', '-105.6878', '759', '307'),
(931, 'WI', 'Green Bay', 'green-bay', '', '44.5185', '-88.0232', '658', '920'),
(932, 'PA', 'Norristown', 'norristown', '', '40.1435', '-75.3567', '504', '610'),
(933, 'CA', 'Rancho Cordova', 'rancho-cordova', '', '38.5882', '-121.2222', '862', '916'),
(934, 'AL', 'Valley', 'valley', '', '32.7691', '-85.1974', '522', '334'),
(935, 'CA', 'Concord', 'concord', '', '37.9797', '-122.0056', '807', '925'),
(936, 'FL', 'Zephyrhills', 'zephyrhills', '', '28.2334', '-82.2391', '539', '813'),
(937, 'MO', 'Hiram', 'hiram', '', '37.2133', '-90.3025', '', ''),
(938, 'TX', 'Laredo', 'laredo', '', '27.5530', '-99.4455', '749', '956'),
(939, 'MA', 'Hanover', 'hanover', '', '42.1226', '-70.8517', '506', '781'),
(940, 'AZ', 'Glendale', 'glendale', '', '33.5905', '-112.2099', '753', '623'),
(941, 'OH', 'Oregon', 'oregon', '', '41.6614', '-83.4067', '547', '419'),
(942, 'CA', 'Hollister', 'hollister', '', '36.8952', '-121.2434', '828', '831'),
(943, 'CA', 'Mission Viejo', 'mission-viejo', '', '33.6053', '-117.6558', '803', '949'),
(944, 'NJ', 'Wayne', 'wayne', '', '40.9487', '-74.2413', '501', '973'),
(945, 'CO', 'Broomfield', 'broomfield', '', '39.9147', '-105.0809', '751', '303'),
(946, 'TX', 'Pampa', 'pampa', '', '35.5418', '-100.8775', '634', '806'),
(947, 'TX', 'Victoria', 'victoria', '', '28.8256', '-97.0015', '626', '361'),
(948, 'NY', 'Kingston', 'kingston', '', '41.9389', '-73.9901', '501', '845'),
(949, 'MI', 'Canton', 'canton', '', '42.3073', '-83.4868', '505', '734'),
(950, 'NY', 'Melville', 'melville', '', '40.7850', '-73.4062', '501', '631'),
(951, 'CA', 'Vallejo', 'vallejo', '', '38.1163', '-122.2516', '807', '707'),
(952, 'ME', 'Augusta', 'augusta', '', '44.4051', '-69.7567', '500', '207'),
(953, 'TX', 'Stafford', 'stafford', '', '29.6283', '-95.5624', '618', '281'),
(954, 'CA', 'Norwalk', 'norwalk', '', '33.9071', '-118.0767', '803', '562'),
(955, 'VA', 'Martinsville', 'martinsville', '', '36.7266', '-79.8667', '573', '276'),
(956, 'NJ', 'Eatontown', 'eatontown', '', '40.3039', '-74.0703', '501', '732'),
(957, 'AR', 'Benton', 'benton', '', '34.5852', '-92.6742', '693', '501'),
(958, 'SC', 'Mccormick', 'mccormick', '', '33.9046', '-82.2253', '', ''),
(959, 'MT', 'Billings', 'billings', '', '45.7750', '-108.5262', '756', '406'),
(960, 'AE', 'Apo', 'apo', '', '0.0000', '0.0000', '', '323'),
(961, 'TX', 'Canyon', 'canyon', '', '34.9511', '-101.8972', '634', '806'),
(962, 'CA', 'Alpine', 'alpine', '', '32.8002', '-116.7100', '825', '619'),
(963, 'CA', 'Camarillo', 'camarillo', '', '34.2181', '-119.0280', '803', '805'),
(964, 'NC', 'Lincolnton', 'lincolnton', '', '35.4761', '-81.2540', '517', '704'),
(965, 'NM', 'Farmington', 'farmington', '', '36.6437', '-108.2071', '790', '505'),
(966, 'NY', 'Stony Brook', 'stony-brook', '', '40.9064', '-73.1319', '501', '631'),
(967, 'AR', 'Jonesboro', 'jonesboro', '', '35.8379', '-90.7027', '734', '870'),
(968, 'CA', 'Studio City', 'studio-city', '', '34.1379', '-118.3919', '803', '818'),
(969, 'FL', 'Edgewater', 'edgewater', '', '28.9449', '-80.9104', '534', '386'),
(970, 'FL', 'Port Saint Lucie', 'port-saint-lucie', '', '27.2872', '-80.3823', '548', '772'),
(971, 'RI', 'Pawtucket', 'pawtucket', '', '41.8735', '-71.3734', '521', '401'),
(972, 'TX', 'Brownsville', 'brownsville', '', '25.9698', '-97.4466', '636', '956'),
(973, 'AP', 'Fpo', 'fpo', '', '0.3800', '-0.7721', '', '530'),
(974, 'AE', 'Fpo', 'fpo', '', '0.0000', '0.0000', '', '637'),
(975, 'IN', 'Fishers', 'fishers', '', '39.9610', '-85.9837', '527', '317'),
(976, 'MD', 'Kensington', 'kensington', '', '39.0256', '-77.0772', '511', '301'),
(977, 'OH', 'Troy', 'troy', '', '40.0358', '-84.1775', '542', '937'),
(978, 'MI', 'Jackson', 'jackson', '', '42.2468', '-84.3621', '551', '517'),
(979, 'CA', 'Folsom', 'folsom', '', '38.6728', '-121.1488', '862', '916'),
(980, 'FL', 'Saint Petersburg', 'saint-petersburg', '', '27.7788', '-82.6823', '539', '727'),
(981, 'PA', 'Southeastern', 'southeastern', '', '39.9389', '-75.5728', '504', '610'),
(982, 'VA', 'Portsmouth', 'portsmouth', '', '36.8339', '-76.3400', '544', '757'),
(983, 'NY', 'Westbury', 'westbury', '', '40.7570', '-73.5814', '501', '516'),
(984, 'MD', 'Potomac', 'potomac', '', '39.0274', '-77.2365', '511', '301'),
(985, 'FL', 'Opa Locka', 'opa-locka', '', '25.9336', '-80.2586', '528', '305'),
(986, 'CA', 'Alameda', 'alameda', '', '37.7534', '-122.2604', '807', '510'),
(987, 'FL', 'Melbourne', 'melbourne', '', '28.1307', '-80.6999', '534', '321'),
(988, 'NY', 'Huntington Stati', 'huntington-stati', '', '40.8152', '-73.3624', '501', '631'),
(989, 'OK', 'Norman', 'norman', '', '35.2344', '-97.4141', '650', '405'),
(990, 'NC', 'Creedmoor', 'creedmoor', '', '36.1052', '-78.6868', '560', '919'),
(991, 'CA', 'North Hollywood', 'north-hollywood', '', '34.1783', '-118.3812', '803', '818'),
(992, 'TX', 'Georgetown', 'georgetown', '', '30.6728', '-97.6673', '635', '512'),
(993, 'TN', 'Johnson City', 'johnson-city', '', '36.3363', '-82.3846', '531', '423'),
(994, 'FL', 'Cape Coral', 'cape-coral', '', '26.6337', '-81.9820', '571', '239'),
(995, 'MS', 'Brookhaven', 'brookhaven', '', '31.5731', '-90.4956', '718', '601'),
(996, 'SD', 'Rapid City', 'rapid-city', '', '44.0606', '-103.2172', '764', '605'),
(997, 'NY', 'Queens Village', 'queens-village', '', '40.7210', '-73.7437', '501', '718'),
(998, 'MI', 'Novi', 'novi', '', '42.4787', '-83.4882', '505', '248'),
(999, 'CA', 'Hemet', 'hemet', '', '33.6813', '-116.9593', '803', '951'),
(1000, 'CA', 'Moraga', 'moraga', '', '37.8381', '-122.1026', '807', '925'),
(1001, 'GA', 'Dalton', 'dalton', '', '34.7681', '-84.9569', '575', '706'),
(1002, 'AL', 'Cullman', 'cullman', '', '34.1705', '-86.7918', '630', '256'),
(1003, 'MA', 'Medford', 'medford', '', '42.4247', '-71.1112', '506', '781'),
(1004, 'MD', 'Hyattsville', 'hyattsville', '', '38.9599', '-76.9269', '511', '301'),
(1005, 'NJ', 'Toms River', 'toms-river', '', '39.9893', '-74.2139', '501', '732'),
(1006, 'CA', 'La Puente', 'la-puente', '', '34.0372', '-117.9588', '803', '626'),
(1007, 'LA', 'Metairie', 'metairie', '', '30.0018', '-90.1743', '622', '504'),
(1008, 'UT', 'West Jordan', 'west-jordan', '', '40.6053', '-111.9875', '770', '801'),
(1009, 'AZ', 'Sierra Vista', 'sierra-vista', '', '31.5498', '-110.1936', '789', '520'),
(1010, 'CA', 'Downey', 'downey', '', '33.9402', '-118.1319', '803', '562'),
(1011, 'OH', 'Lorain', 'lorain', '', '41.4387', '-82.1830', '510', '440'),
(1012, 'FL', 'Winter Springs', 'winter-springs', '', '28.6812', '-81.2763', '534', '407'),
(1013, 'CA', 'Pacoima', 'pacoima', '', '34.2572', '-118.4195', '803', '818'),
(1014, 'MI', 'Benton Harbor', 'benton-harbor', '', '42.1273', '-86.3073', '588', '269'),
(1015, 'TX', 'San Angelo', 'san-angelo', '', '31.4498', '-100.4304', '661', '325'),
(1016, 'VA', 'Springfield', 'springfield', '', '38.7706', '-77.2157', '511', '703'),
(1017, 'AZ', 'Kingman', 'kingman', '', '35.2481', '-113.7640', '753', '928'),
(1018, 'FL', 'Fort Pierce', 'fort-pierce', '', '27.4560', '-80.3779', '548', '772'),
(1019, 'IL', 'Crystal Lake', 'crystal-lake', '', '42.2555', '-88.3073', '602', '815'),
(1020, 'CA', 'West Covina', 'west-covina', '', '34.0525', '-117.9097', '803', '626'),
(1021, 'VA', 'Charlottesville', 'charlottesville', '', '38.0322', '-78.4873', '584', '434'),
(1022, 'GA', 'Rome', 'rome', '', '34.2865', '-85.1929', '524', '706'),
(1023, 'TX', 'Killeen', 'killeen', '', '31.0938', '-97.7499', '625', '254'),
(1024, 'NJ', 'Elizabeth', 'elizabeth', '', '40.6636', '-74.1991', '501', '908'),
(1025, 'OK', 'Altus', 'altus', '', '34.6182', '-99.2732', '627', '580'),
(1026, 'TX', 'Mesquite', 'mesquite', '', '32.7576', '-96.6090', '623', '972'),
(1027, 'MI', 'Redford', 'redford', '', '42.3999', '-83.2909', '505', '313'),
(1028, 'CA', 'Woodland', 'woodland', '', '38.7037', '-121.7670', '862', '530'),
(1029, 'OH', 'Medina', 'medina', '', '41.1343', '-81.8559', '510', '330'),
(1030, 'KS', 'Topeka', 'topeka', '', '39.0399', '-95.7170', '605', '785'),
(1031, 'TX', 'Sugar Land', 'sugar-land', '', '29.5897', '-95.6329', '618', '281'),
(1032, 'MA', 'Fall River', 'fall-river', '', '41.6950', '-71.1443', '521', '508'),
(1033, 'FL', 'Saint Cloud', 'saint-cloud', '', '28.2016', '-81.1791', '534', '407'),
(1034, 'OK', 'Lawton', 'lawton', '', '34.6629', '-98.4777', '627', '580'),
(1035, 'PA', 'North Wales', 'north-wales', '', '40.2216', '-75.2380', '504', '215'),
(1036, 'WA', 'Silverdale', 'silverdale', '', '47.6973', '-122.7196', '819', '360'),
(1037, 'DE', 'Newark', 'newark', '', '39.6680', '-75.7134', '504', '302'),
(1038, 'OH', 'Springfield', 'springfield', '', '39.9145', '-83.7971', '542', '937'),
(1039, 'CT', 'Meriden', 'meriden', '', '41.5397', '-72.7998', '533', '203'),
(1040, 'CT', 'Bristol', 'bristol', '', '41.6816', '-72.9405', '533', '860'),
(1041, 'VA', 'Lynchburg', 'lynchburg', '', '37.3776', '-79.1691', '573', '434'),
(1042, 'IA', 'Ames', 'ames', '', '42.0478', '-93.6416', '679', '515'),
(1043, 'CA', 'Eureka', 'eureka', '', '40.7590', '-124.1337', '802', '707'),
(1044, 'MD', 'Hagerstown', 'hagerstown', '', '39.6416', '-77.6780', '511', '301'),
(1045, 'CA', 'Laguna Hills', 'laguna-hills', '', '33.6052', '-117.7173', '803', '949'),
(1046, 'TX', 'Baytown', 'baytown', '', '29.7870', '-94.9437', '618', '281'),
(1047, 'FL', 'Rockledge', 'rockledge', '', '28.2816', '-80.7645', '534', '321'),
(1048, 'TX', 'Bay City', 'bay-city', '', '28.9394', '-95.7893', '618', '979'),
(1049, 'MI', 'Rochester', 'rochester', '', '42.6822', '-83.1519', '505', '248'),
(1050, 'MO', 'Jefferson City', 'jefferson-city', '', '38.5165', '-92.2009', '604', '573'),
(1051, 'GA', 'Stone Mountain', 'stone-mountain', '', '33.7869', '-84.1666', '524', '404'),
(1052, 'SC', 'Anderson', 'anderson', '', '34.4797', '-82.6782', '567', '864'),
(1053, 'AR', 'Fort Smith', 'fort-smith', '', '35.3397', '-94.3831', '670', '479'),
(1054, 'MI', 'Belleville', 'belleville', '', '42.1759', '-83.4807', '505', '734'),
(1055, 'FL', 'Daytona Beach', 'daytona-beach', '', '29.1873', '-81.0530', '534', '386'),
(1056, 'NY', 'Schenectady', 'schenectady', '', '42.8060', '-73.9416', '532', '518'),
(1057, 'MD', 'District Heights', 'district-heights', '', '38.8516', '-76.8839', '511', '301'),
(1058, 'IN', 'Gary', 'gary', '', '41.5810', '-87.3423', '602', '219'),
(1059, 'MI', 'Ypsilanti', 'ypsilanti', '', '42.2396', '-83.6111', '505', '734'),
(1060, 'NJ', 'Mahwah', 'mahwah', '', '41.0912', '-74.1707', '501', '201'),
(1061, 'NJ', 'Camden', 'camden', '', '39.9393', '-75.1063', '504', '856'),
(1062, 'IL', 'Carol Stream', 'carol-stream', '', '41.9153', '-88.1287', '602', '815'),
(1063, 'FL', 'Palatka', 'palatka', '', '29.6865', '-81.6953', '561', '386'),
(1064, 'KY', 'Bowling Green', 'bowling-green', '', '36.9712', '-86.4067', '736', '270'),
(1065, 'NY', 'Liverpool', 'liverpool', '', '43.1315', '-76.2055', '555', '315'),
(1066, 'CA', 'Lakewood', 'lakewood', '', '33.8453', '-118.1118', '803', '562'),
(1067, 'ID', 'Idaho Falls', 'idaho-falls', '', '43.4732', '-112.0167', '758', '208'),
(1068, 'CA', 'Oceanside', 'oceanside', '', '33.2746', '-117.3353', '825', '760'),
(1069, 'AR', 'White Hall', 'white-hall', '', '34.2853', '-92.1486', '693', '870'),
(1070, 'TX', 'Longview', 'longview', '', '32.4905', '-94.7126', '612', '903'),
(1071, 'MI', 'Howell', 'howell', '', '42.6336', '-83.8961', '505', '517'),
(1072, 'MD', 'Southern Md Faci', 'southern-md-faci', '', '38.8336', '-76.8777', '511', ''),
(1073, 'MD', 'Bowie', 'bowie', '', '38.9576', '-76.7566', '511', '301'),
(1074, 'NJ', 'Dover', 'dover', '', '40.9559', '-74.5417', '501', '973'),
(1075, 'GA', 'Calhoun', 'calhoun', '', '34.4943', '-84.9112', '524', '706'),
(1076, 'CA', 'Salinas', 'salinas', '', '36.6859', '-121.6293', '828', '831'),
(1077, 'CA', 'Hanford', 'hanford', '', '36.2760', '-119.6322', '866', '559'),
(1078, 'FL', 'Saint Augustine', 'saint-augustine', '', '29.8901', '-81.3719', '561', '904'),
(1079, 'MD', 'Silver Spring', 'silver-spring', '', '39.0521', '-77.0150', '511', '301'),
(1080, 'CA', 'Atwater', 'atwater', '', '37.3255', '-120.6367', '866', '209'),
(1081, 'ND', 'Minot Afb', 'minot-afb', '', '48.4198', '-101.3445', '687', '701'),
(1082, 'TX', 'Bellaire', 'bellaire', '', '29.7078', '-95.4657', '618', '713'),
(1083, 'VA', 'Hampton', 'hampton', '', '37.0522', '-76.3524', '544', '757'),
(1084, 'AR', 'Blytheville', 'blytheville', '', '35.8711', '-89.9046', '640', '870'),
(1085, 'OH', 'Sandusky', 'sandusky', '', '41.4016', '-82.7310', '510', '419'),
(1086, 'LA', 'Mandeville', 'mandeville', '', '30.3891', '-90.0278', '622', '985'),
(1087, 'VA', 'Harrisonburg', 'harrisonburg', '', '38.4506', '-78.8791', '569', '540'),
(1088, 'TX', 'Cedar Hill', 'cedar-hill', '', '32.5901', '-96.9676', '623', '972'),
(1089, 'MI', 'Waterford', 'waterford', '', '42.6612', '-83.3824', '505', '248'),
(1090, 'NC', 'Monroe', 'monroe', '', '34.9850', '-80.5355', '517', '704'),
(1091, 'OK', 'Durant', 'durant', '', '33.9950', '-96.3917', '657', '580'),
(1092, 'WA', 'Sumner', 'sumner', '', '47.1725', '-122.1845', '819', '253'),
(1093, 'MO', 'Ballwin', 'ballwin', '', '38.5861', '-90.5477', '609', '636'),
(1094, 'SC', 'Aiken', 'aiken', '', '33.5671', '-81.6594', '520', '803'),
(1095, 'OH', 'Strongsville', 'strongsville', '', '41.3131', '-81.8311', '510', '440'),
(1096, 'SC', 'Rock Hill', 'rock-hill', '', '34.9275', '-81.0522', '517', '803'),
(1097, 'MD', 'Waldorf', 'waldorf', '', '38.6109', '-76.9174', '511', '301'),
(1098, 'NY', 'East Elmhurst', 'east-elmhurst', '', '40.7645', '-73.8812', '501', '718'),
(1099, 'MD', 'Salisbury', 'salisbury', '', '38.3636', '-75.5766', '576', '410'),
(1100, 'NM', 'Las Cruces', 'las-cruces', '', '32.3464', '-106.7748', '765', '575'),
(1101, 'FL', 'Gainesville', 'gainesville', '', '29.6694', '-82.3572', '592', '352'),
(1102, 'VT', 'Montpelier', 'montpelier', '', '44.2788', '-72.6171', '523', '802'),
(1103, 'NC', 'Hendersonville', 'hendersonville', '', '35.3422', '-82.4714', '567', '828'),
(1104, 'VA', 'Mc Lean', 'mc-lean', '', '38.9358', '-77.1621', '511', '703'),
(1105, 'TN', 'Soddy Daisy', 'soddy-daisy', '', '35.3007', '-85.1807', '575', '423'),
(1106, 'CA', 'Elk Grove', 'elk-grove', '', '38.3928', '-121.3678', '862', '916'),
(1107, 'NC', 'Goldsboro', 'goldsboro', '', '35.3669', '-77.9985', '560', '919'),
(1108, 'CA', 'Santa Clarita', 'santa-clarita', '', '34.4841', '-118.4612', '803', '661'),
(1109, 'IL', 'Carbondale', 'carbondale', '', '37.6907', '-89.1928', '632', '618'),
(1110, 'NE', 'Bellevue', 'bellevue', '', '41.1432', '-95.9285', '652', '402'),
(1111, 'TN', 'Mount Juliet', 'mount-juliet', '', '36.1718', '-86.4904', '659', '615'),
(1112, 'NC', 'Jacksonville', 'jacksonville', '', '34.7790', '-77.4306', '545', '910'),
(1113, 'MI', 'New Baltimore', 'new-baltimore', '', '42.6755', '-82.8079', '505', '586'),
(1114, 'MO', 'Springfield', 'springfield', '', '37.1884', '-93.2913', '619', '417'),
(1115, 'MI', 'Midland', 'midland', '', '43.6439', '-84.2977', '513', '989'),
(1116, 'ME', 'Freeport', 'freeport', '', '43.8635', '-70.0976', '500', '207'),
(1117, 'NY', 'Troy', 'troy', '', '42.7624', '-73.6463', '532', '518'),
(1118, 'TX', 'Abilene', 'abilene', '', '32.4131', '-99.7863', '662', '325'),
(1119, 'IL', 'Moline', 'moline', '', '41.4870', '-90.4773', '682', '309'),
(1120, 'CA', 'Vista', 'vista', '', '33.2007', '-117.2255', '825', '760'),
(1121, 'ME', 'Westbrook', 'westbrook', '', '43.7150', '-70.3452', '500', '207'),
(1122, 'KS', 'Lawrence', 'lawrence', '', '38.9555', '-95.2785', '616', '785'),
(1123, 'TX', 'Wichita Falls', 'wichita-falls', '', '33.8966', '-98.4992', '627', '940'),
(1124, 'CO', 'Longmont', 'longmont', '', '40.1718', '-105.1052', '751', '303'),
(1125, 'CT', 'Newington', 'newington', '', '41.6857', '-72.7313', '533', '860'),
(1126, 'RI', 'Cranston', 'cranston', '', '41.7695', '-71.4729', '521', '401'),
(1127, 'GA', 'Carrollton', 'carrollton', '', '33.5669', '-85.0674', '524', '770'),
(1128, 'CA', 'Clovis', 'clovis', '', '36.8735', '-119.6382', '866', '559'),
(1129, 'LA', 'West Monroe', 'west-monroe', '', '32.4735', '-92.2133', '628', '318'),
(1130, 'MO', 'Saint Charles', 'saint-charles', '', '38.7681', '-90.5614', '609', '636'),
(1131, 'FL', 'Pompano Beach', 'pompano-beach', '', '26.2600', '-80.1917', '528', '954'),
(1132, 'PA', 'Danville', 'danville', '', '41.0415', '-76.6507', '577', '570'),
(1133, 'CA', 'Panorama City', 'panorama-city', '', '34.2287', '-118.4441', '803', '818'),
(1134, 'FL', 'Hialeah', 'hialeah', '', '25.8857', '-80.3156', '528', '305'),
(1135, 'UT', 'Logan', 'logan', '', '41.7823', '-111.7884', '770', '435'),
(1136, 'FL', 'Lake Worth', 'lake-worth', '', '26.6003', '-80.1136', '548', '561'),
(1137, 'FL', 'Sebring', 'sebring', '', '27.4648', '-81.4305', '539', '863'),
(1138, 'FL', 'Alachua', 'alachua', '', '29.8142', '-82.4909', '592', '386'),
(1139, 'NJ', 'Montclair', 'montclair', '', '40.8315', '-74.2082', '501', '973'),
(1140, 'AR', 'Magnolia', 'magnolia', '', '33.2409', '-93.1992', '612', '870'),
(1141, 'CO', 'Greeley', 'greeley', '', '40.4252', '-104.7448', '751', '970'),
(1142, 'MA', 'North Easton', 'north-easton', '', '42.0564', '-71.1199', '521', '508'),
(1143, 'UT', 'Bountiful', 'bountiful', '', '40.8804', '-111.8233', '770', '801'),
(1144, 'CA', 'Walnut', 'walnut', '', '34.0115', '-117.8535', '803', '909'),
(1145, 'WV', 'Parkersburg', 'parkersburg', '', '39.2690', '-81.5272', '597', '304'),
(1146, 'CA', 'Palm Desert', 'palm-desert', '', '33.7390', '-116.3771', '804', '760'),
(1147, 'GA', 'Fayetteville', 'fayetteville', '', '33.4284', '-84.4727', '524', '770'),
(1148, 'NM', 'Santa Fe', 'santa-fe', '', '35.6780', '-105.9597', '790', '505'),
(1149, 'TX', 'Mount Pleasant', 'mount-pleasant', '', '33.2176', '-94.9673', '612', '903'),
(1150, 'CA', 'Arroyo Grande', 'arroyo-grande', '', '35.1665', '-120.4376', '855', '805'),
(1151, 'MS', 'Madison', 'madison', '', '32.5172', '-90.1367', '718', '601'),
(1152, 'CA', 'Duarte', 'duarte', '', '34.1378', '-117.9475', '803', '626'),
(1153, 'WA', 'Sammamish', 'sammamish', '', '47.6037', '-122.0261', '819', '425'),
(1154, 'NJ', 'Belmar', 'belmar', '', '40.1658', '-74.0743', '501', '732'),
(1155, 'TX', 'Granbury', 'granbury', '', '32.4515', '-97.7607', '623', '817'),
(1156, 'CA', 'Chino', 'chino', '', '33.9869', '-117.6555', '803', '909'),
(1157, 'PA', 'Concordville', 'concordville', '', '39.9340', '-75.4060', '504', '610'),
(1158, 'WI', 'Neenah', 'neenah', '', '44.1843', '-88.5305', '658', '920'),
(1159, 'NY', 'West Babylon', 'west-babylon', '', '40.7066', '-73.3501', '501', '631'),
(1160, 'KY', 'Frankfort', 'frankfort', '', '38.2358', '-84.9592', '541', '502'),
(1161, 'MN', 'Fergus Falls', 'fergus-falls', '', '46.2697', '-96.0874', '724', '218'),
(1162, 'KY', 'Covington', 'covington', '', '39.0724', '-84.5285', '515', '859'),
(1163, 'TN', 'Bristol', 'bristol', '', '36.5406', '-82.1757', '531', '423'),
(1164, 'MD', 'Westminster', 'westminster', '', '39.5930', '-77.0109', '512', '410'),
(1165, 'NY', 'Astoria', 'astoria', '', '40.7689', '-73.9193', '501', '718'),
(1166, 'NJ', 'Westfield', 'westfield', '', '40.6534', '-74.3463', '501', '908'),
(1167, 'FL', 'Vero Beach', 'vero-beach', '', '27.6587', '-80.4610', '548', '772'),
(1168, 'MD', 'Chestertown', 'chestertown', '', '39.1934', '-76.0969', '512', '410'),
(1169, 'AR', 'Hot Springs Nati', 'hot-springs-nati', '', '34.4757', '-93.0117', '693', '501'),
(1170, 'MS', 'Pearl', 'pearl', '', '32.2540', '-90.0948', '718', '601'),
(1171, 'TX', 'Humble', 'humble', '', '30.0093', '-95.2269', '618', '281'),
(1172, 'VT', 'Essex Junction', 'essex-junction', '', '44.5327', '-73.0580', '523', '802'),
(1173, 'CA', 'Perris', 'perris', '', '33.8102', '-117.2674', '803', '951'),
(1174, 'IN', 'Michigan City', 'michigan-city', '', '41.6810', '-86.8658', '602', '219'),
(1175, 'CA', 'Inglewood', 'inglewood', '', '33.9520', '-118.3477', '803', '310'),
(1176, 'IA', 'Ankeny', 'ankeny', '', '41.7248', '-93.6017', '679', '515'),
(1177, 'CA', 'Chula Vista', 'chula-vista', '', '32.6321', '-116.9902', '825', '619'),
(1178, 'VA', 'Bowling Green', 'bowling-green', '', '38.0859', '-77.2657', '556', '804'),
(1179, 'GA', 'Cartersville', 'cartersville', '', '34.2134', '-84.8174', '524', '770'),
(1180, 'TX', 'Cleburne', 'cleburne', '', '32.3216', '-97.4364', '623', '817'),
(1181, 'MA', 'Holyoke', 'holyoke', '', '42.2238', '-72.6409', '543', '413'),
(1182, 'HI', 'Kahului', 'kahului', '', '20.8803', '-156.4689', '744', '808'),
(1183, 'NC', 'Lexington', 'lexington', '', '35.8050', '-80.2632', '518', '336'),
(1184, 'WA', 'Richland', 'richland', '', '46.3282', '-119.3222', '810', '509'),
(1185, 'NE', 'Columbus', 'columbus', '', '41.5120', '-97.3470', '652', '402'),
(1186, 'AR', 'Bentonville', 'bentonville', '', '36.3457', '-94.2514', '670', '479'),
(1187, 'FL', 'Yulee', 'yulee', '', '30.6458', '-81.6299', '561', '904'),
(1188, 'TX', 'Pasadena', 'pasadena', '', '29.6692', '-95.1611', '618', '713'),
(1189, 'MS', 'Brandon', 'brandon', '', '32.3275', '-89.9274', '718', '601'),
(1190, 'VA', 'Winchester', 'winchester', '', '39.2030', '-78.2136', '511', '540'),
(1191, 'IN', 'Anderson', 'anderson', '', '40.0973', '-85.6710', '527', '765'),
(1192, 'KS', 'Mission', 'mission', '', '39.0268', '-94.6499', '616', '913'),
(1193, 'PA', 'Conshohocken', 'conshohocken', '', '40.0798', '-75.2855', '504', '610'),
(1194, 'TN', 'Sevierville', 'sevierville', '', '35.8003', '-83.5210', '557', '865'),
(1195, 'MI', 'Ada', 'ada', '', '42.9888', '-85.4641', '563', '616'),
(1196, 'FL', 'Winter Haven', 'winter-haven', '', '28.0049', '-81.7039', '539', '863'),
(1197, 'PA', 'Johnstown', 'johnstown', '', '40.3377', '-78.9010', '574', '814'),
(1198, 'NJ', 'Plainfield', 'plainfield', '', '40.6195', '-74.4247', '501', '908'),
(1199, 'TX', 'Coppell', 'coppell', '', '32.9588', '-96.9812', '623', '972'),
(1200, 'IN', 'Merrillville', 'merrillville', '', '41.4793', '-87.3164', '602', '219'),
(1201, 'CA', 'Whittier', 'whittier', '', '33.9642', '-118.0266', '803', '562'),
(1202, 'ND', 'Grand Forks Afb', 'grand-forks-afb', '', '47.9621', '-97.3770', '724', '701'),
(1203, 'MD', 'Lutherville Timo', 'lutherville-timo', '', '39.4363', '-76.6389', '512', '410'),
(1204, 'TX', 'Beaumont', 'beaumont', '', '30.0768', '-94.1672', '692', '409'),
(1205, 'GA', 'Jesup', 'jesup', '', '31.5793', '-81.8421', '507', '912'),
(1206, 'LA', 'La Place', 'la-place', '', '30.0556', '-90.4780', '622', '985'),
(1207, 'LA', 'Sulphur', 'sulphur', '', '30.1980', '-93.4296', '643', '337'),
(1208, 'FL', 'Deland', 'deland', '', '29.0575', '-81.3344', '534', '386'),
(1209, 'TX', 'Katy', 'katy', '', '29.7961', '-95.7826', '618', '281'),
(1210, 'CA', 'Yucca Valley', 'yucca-valley', '', '34.1537', '-116.4189', '803', '760'),
(1211, 'AZ', 'Prescott', 'prescott', '', '34.6280', '-112.5832', '753', '928'),
(1212, 'TX', 'Kingwood', 'kingwood', '', '30.0540', '-95.2230', '618', '281'),
(1213, 'IN', 'Mishawaka', 'mishawaka', '', '41.6524', '-86.1415', '588', '574'),
(1214, 'TN', 'Greeneville', 'greeneville', '', '36.1740', '-82.8424', '531', '423'),
(1215, 'MD', 'Olney', 'olney', '', '39.1535', '-77.0753', '511', '301'),
(1216, 'MI', 'Okemos', 'okemos', '', '42.7042', '-84.4098', '551', '517'),
(1217, 'TX', 'College Station', 'college-station', '', '30.5900', '-96.3027', '625', '979'),
(1218, 'FL', 'Inverness', 'inverness', '', '28.8178', '-82.3331', '539', '352'),
(1219, 'GA', 'Hinesville', 'hinesville', '', '31.8581', '-81.5854', '507', '912'),
(1220, 'PA', 'Erie', 'erie', '', '42.1102', '-80.0682', '516', '814'),
(1221, 'ME', 'Bangor', 'bangor', '', '44.8636', '-68.8402', '537', '207'),
(1222, 'MN', 'Osseo', 'osseo', '', '45.1249', '-93.4771', '613', '763'),
(1223, 'WA', 'Renton', 'renton', '', '47.4762', '-122.1538', '819', '425'),
(1224, 'IN', 'Columbus', 'columbus', '', '39.2141', '-85.9283', '527', '812'),
(1225, 'CA', 'Danville', 'danville', '', '37.8006', '-121.9286', '807', '925'),
(1226, 'IL', 'West Chicago', 'west-chicago', '', '41.8969', '-88.2104', '602', '630'),
(1227, 'IN', 'Terre Haute', 'terre-haute', '', '39.4690', '-87.3705', '581', '812'),
(1228, 'NJ', 'Neptune', 'neptune', '', '40.2182', '-74.0710', '501', '732'),
(1229, 'CA', 'Paso Robles', 'paso-robles', '', '35.6189', '-120.7669', '855', '805'),
(1230, 'CA', 'Vacaville', 'vacaville', '', '38.3836', '-121.9713', '862', '707'),
(1231, 'WI', 'Chippewa Falls', 'chippewa-falls', '', '44.9617', '-91.4403', '702', '715'),
(1232, 'IL', 'Glen Ellyn', 'glen-ellyn', '', '41.8661', '-88.0584', '602', '630'),
(1233, 'OK', 'Ada', 'ada', '', '34.8058', '-96.7046', '657', '580'),
(1234, 'TX', 'Borger', 'borger', '', '35.6802', '-101.4310', '634', '806'),
(1235, 'WI', 'Dodgeville', 'dodgeville', '', '42.9976', '-90.1331', '669', '608'),
(1236, 'LA', 'Marrero', 'marrero', '', '29.8256', '-90.1211', '622', '504'),
(1237, 'NM', 'Roswell', 'roswell', '', '33.4538', '-104.4737', '790', '575'),
(1238, 'SC', 'Orangeburg', 'orangeburg', '', '33.5336', '-80.8740', '546', '803'),
(1239, 'TX', 'Richmond', 'richmond', '', '29.5016', '-95.6890', '618', '281'),
(1240, 'IL', 'Melrose Park', 'melrose-park', '', '41.9107', '-87.8782', '602', '708'),
(1241, 'WA', 'Bremerton', 'bremerton', '', '47.5907', '-122.6655', '819', '360'),
(1242, 'MI', 'Milford', 'milford', '', '42.5712', '-83.6411', '505', '248'),
(1243, 'PA', 'Harleysville', 'harleysville', '', '40.2702', '-75.4039', '504', '215'),
(1244, 'FL', 'Stuart', 'stuart', '', '27.1486', '-80.2393', '548', '772'),
(1245, 'IN', 'Noblesville', 'noblesville', '', '40.0698', '-85.9817', '527', '317'),
(1246, 'CA', 'Redding', 'redding', '', '40.6082', '-122.3476', '868', '530'),
(1247, 'MD', 'Upper Marlboro', 'upper-marlboro', '', '38.8357', '-76.7738', '511', '301'),
(1248, 'CO', 'Glenwood Springs', 'glenwood-springs', '', '39.5847', '-107.3016', '751', '970'),
(1249, 'CA', 'Grass Valley', 'grass-valley', '', '39.1472', '-121.0566', '862', '530'),
(1250, 'FL', 'Cocoa', 'cocoa', '', '28.4124', '-80.7953', '534', '321'),
(1251, 'CA', 'Pomona', 'pomona', '', '34.0635', '-117.7596', '803', '909'),
(1252, 'OK', 'Broken Arrow', 'broken-arrow', '', '36.0215', '-95.7264', '671', '918'),
(1253, 'MI', 'East Lansing', 'east-lansing', '', '42.7454', '-84.4604', '551', '517'),
(1254, 'TN', 'Cleveland', 'cleveland', '', '35.1468', '-84.8710', '575', '423'),
(1255, 'TX', 'New Braunfels', 'new-braunfels', '', '29.7346', '-98.1288', '641', '830'),
(1256, 'TX', 'Mabank', 'mabank', '', '32.3520', '-96.0784', '623', '903'),
(1257, 'AL', 'Andalusia', 'andalusia', '', '31.2487', '-86.5897', '698', '334'),
(1258, 'CA', 'Castaic', 'castaic', '', '34.5102', '-118.6804', '803', '818'),
(1259, 'CA', 'Winnetka', 'winnetka', '', '34.2093', '-118.5752', '803', '818'),
(1260, 'OH', 'Massillon', 'massillon', '', '40.8076', '-81.5335', '510', '330'),
(1261, 'NM', 'Artesia', 'artesia', '', '32.7484', '-104.4359', '790', '575'),
(1262, 'OK', 'Sapulpa', 'sapulpa', '', '35.9664', '-96.1630', '671', '918'),
(1263, 'CT', 'Waterbury', 'waterbury', '', '41.5585', '-73.0331', '533', '203'),
(1264, 'MS', 'Ridgeland', 'ridgeland', '', '32.4326', '-90.1556', '718', '601'),
(1265, 'AZ', 'Yuma', 'yuma', '', '32.7009', '-114.5222', '771', '928'),
(1266, 'MN', 'Moorhead', 'moorhead', '', '46.8464', '-96.7451', '724', '218'),
(1267, 'PA', 'Camp Hill', 'camp-hill', '', '40.2379', '-76.9228', '566', '717'),
(1268, 'TX', 'League City', 'league-city', '', '29.5075', '-95.0895', '618', '281'),
(1269, 'UT', 'Provo', 'provo', '', '40.2613', '-111.6271', '770', '801'),
(1270, 'NH', 'Nashua', 'nashua', '', '42.7551', '-71.4853', '506', '603');
INSERT INTO `geo_cities` (`city_id`, `region`, `title`, `alias`, `postalCode`, `latitude`, `longitude`, `metroCode`, `areaCode`) VALUES
(1271, 'TX', 'Duncanville', 'duncanville', '', '32.6465', '-96.9148', '623', '972'),
(1272, 'PA', 'Wilkes Barre', 'wilkes-barre', '', '41.2366', '-75.8557', '577', '570'),
(1273, 'IN', 'West Lafayette', 'west-lafayette', '', '40.4763', '-86.9571', '582', '765'),
(1274, 'TX', 'Garland', 'garland', '', '32.9085', '-96.6315', '623', '972'),
(1275, 'WA', 'Lynnwood', 'lynnwood', '', '47.8305', '-122.2831', '819', '425'),
(1276, 'WV', 'Morgantown', 'morgantown', '', '39.6161', '-79.9746', '508', '304'),
(1277, 'CA', 'Rosemead', 'rosemead', '', '34.0616', '-118.0818', '803', '626'),
(1278, 'CA', 'La Habra', 'la-habra', '', '33.9413', '-117.9555', '803', '562'),
(1279, 'KY', 'Richmond', 'richmond', '', '37.7666', '-84.3031', '541', '859'),
(1280, 'FL', 'Lady Lake', 'lady-lake', '', '28.9318', '-81.9541', '534', '352'),
(1281, 'TN', 'Collierville', 'collierville', '', '35.0911', '-89.6510', '640', '901'),
(1282, 'MA', 'Middleboro', 'middleboro', '', '41.8803', '-70.8815', '506', '508'),
(1283, 'PA', 'Emmaus', 'emmaus', '', '40.5189', '-75.5013', '504', '610'),
(1284, 'IL', 'Bolingbrook', 'bolingbrook', '', '41.6906', '-88.1077', '602', '630'),
(1285, 'NY', 'Elmira', 'elmira', '', '42.0912', '-76.8269', '565', '607'),
(1286, 'KY', 'Owensboro', 'owensboro', '', '37.7609', '-87.1513', '649', '270'),
(1287, 'TX', 'Grapevine', 'grapevine', '', '32.9234', '-97.0810', '623', '817'),
(1288, 'TX', 'Greenville', 'greenville', '', '33.1182', '-96.0986', '623', '903'),
(1289, 'IN', 'Crown Point', 'crown-point', '', '41.3969', '-87.3274', '602', '219'),
(1290, 'MI', 'Kincheloe', 'kincheloe', '', '46.2692', '-84.4718', '540', '906'),
(1291, 'TX', 'San Marcos', 'san-marcos', '', '29.8729', '-98.0140', '635', '512'),
(1292, 'FL', 'Spring Hill', 'spring-hill', '', '28.4656', '-82.5581', '539', '352'),
(1293, 'MD', 'College Park', 'college-park', '', '39.0012', '-76.9317', '511', '301'),
(1294, 'LA', 'Ruston', 'ruston', '', '32.5151', '-92.6262', '628', '318'),
(1295, 'OH', 'Dublin', 'dublin', '', '40.1083', '-83.1440', '535', '614'),
(1296, 'CA', 'Sherman Oaks', 'sherman-oaks', '', '34.1464', '-118.4472', '803', '818'),
(1297, 'CA', 'Bellflower', 'bellflower', '', '33.8880', '-118.1304', '803', '562'),
(1298, 'NC', 'Albemarle', 'albemarle', '', '35.3400', '-80.2108', '517', '704'),
(1299, 'CA', 'Edwards', 'edwards', '', '34.9616', '-117.8759', '803', '661'),
(1300, 'IN', 'Carmel', 'carmel', '', '39.9741', '-86.1272', '527', '317'),
(1301, 'TX', 'Santa Fe', 'santa-fe', '', '29.3524', '-95.1163', '618', '409'),
(1302, 'AR', 'Springdale', 'springdale', '', '36.1810', '-94.1587', '670', '479'),
(1303, 'MD', 'Ellicott City', 'ellicott-city', '', '39.2669', '-76.8480', '512', '410'),
(1304, 'AL', 'Clanton', 'clanton', '', '32.8709', '-86.6165', '630', '205'),
(1305, 'GA', 'Fort Benning', 'fort-benning', '', '32.3525', '-84.8470', '522', '706'),
(1306, 'SC', 'Seneca', 'seneca', '', '34.6774', '-82.9280', '567', '864'),
(1307, 'NV', 'Henderson', 'henderson', '', '36.0328', '-115.0249', '839', '702'),
(1308, 'PA', 'Levittown', 'levittown', '', '40.1527', '-74.8480', '504', '215'),
(1309, 'GA', 'Fort Stewart', 'fort-stewart', '', '31.8766', '-81.6080', '507', '912'),
(1310, 'NJ', 'South River', 'south-river', '', '40.4464', '-74.3788', '501', '732'),
(1311, 'CO', 'Durango', 'durango', '', '37.2961', '-107.8679', '790', '970'),
(1312, 'TX', 'Azle', 'azle', '', '32.9024', '-97.5891', '623', '817'),
(1313, 'CT', 'Middletown', 'middletown', '', '41.5497', '-72.6531', '533', '860'),
(1314, 'OK', 'Ponca City', 'ponca-city', '', '36.7096', '-97.0555', '650', '580'),
(1315, 'NC', 'Fort Bragg', 'fort-bragg', '', '35.1462', '-78.9943', '560', '910'),
(1316, 'NY', 'Fresh Meadows', 'fresh-meadows', '', '40.7338', '-73.7910', '501', '718'),
(1317, 'CA', 'Oxnard', 'oxnard', '', '34.1960', '-119.1681', '803', '805'),
(1318, 'WA', 'Pasco', 'pasco', '', '46.4182', '-118.9003', '810', '509'),
(1319, 'FL', 'Orange Park', 'orange-park', '', '30.1311', '-81.7560', '561', '904'),
(1320, 'MI', 'Grosse Pointe', 'grosse-pointe', '', '42.4027', '-82.9111', '505', '313'),
(1321, 'GA', 'Valdosta', 'valdosta', '', '30.8669', '-83.2622', '530', '229'),
(1322, 'OK', 'Muskogee', 'muskogee', '', '35.6974', '-95.3890', '671', '918'),
(1323, 'MD', 'Elkton', 'elkton', '', '39.6172', '-75.8678', '512', '410'),
(1324, 'CA', 'Merced', 'merced', '', '37.3507', '-120.4964', '866', '209'),
(1325, 'FL', 'Niceville', 'niceville', '', '30.5143', '-86.4630', '686', '850'),
(1326, 'MA', 'West Springfield', 'west-springfield', '', '42.1235', '-72.6399', '543', '413'),
(1327, 'IA', 'Waterloo', 'waterloo', '', '42.4618', '-92.2977', '637', '319'),
(1328, 'CT', 'East Hartford', 'east-hartford', '', '41.7612', '-72.6168', '533', '860'),
(1329, 'LA', 'Bossier City', 'bossier-city', '', '32.5110', '-93.6644', '612', '318'),
(1330, 'LA', 'Gonzales', 'gonzales', '', '30.2143', '-90.9402', '716', '225'),
(1331, 'CA', 'Lompoc', 'lompoc', '', '34.6873', '-120.4659', '855', '805'),
(1332, 'SC', 'Gaffney', 'gaffney', '', '35.0389', '-81.6558', '567', '864'),
(1333, 'FL', 'Milton', 'milton', '', '30.6942', '-87.0272', '686', '850'),
(1334, 'PA', 'New Castle', 'new-castle', '', '40.9949', '-80.3502', '508', '724'),
(1335, 'NY', 'Amityville', 'amityville', '', '40.6863', '-73.4123', '501', '631'),
(1336, 'ME', 'South Portland', 'south-portland', '', '43.6253', '-70.2955', '500', '207'),
(1337, 'TX', 'Magnolia', 'magnolia', '', '30.1816', '-95.6941', '618', '281'),
(1338, 'GA', 'Brunswick', 'brunswick', '', '31.2394', '-81.5455', '561', '912'),
(1339, 'TX', 'Boerne', 'boerne', '', '29.8158', '-98.6904', '641', '830'),
(1340, 'CA', 'Monterey', 'monterey', '', '36.3699', '-121.8406', '828', '831'),
(1341, 'MD', 'Bel Air', 'bel-air', '', '39.5454', '-76.3251', '512', '410'),
(1342, 'MN', 'Hopkins', 'hopkins', '', '44.9320', '-93.4201', '613', '952'),
(1343, 'VA', 'Burke', 'burke', '', '38.7851', '-77.2866', '511', '703'),
(1344, 'PA', 'Blue Bell', 'blue-bell', '', '40.1576', '-75.2757', '504', '215'),
(1345, 'MI', 'Alma', 'alma', '', '43.3792', '-84.6671', '513', '989'),
(1346, 'TX', 'Tennessee Colony', 'tennessee-colony', '', '31.8690', '-95.8978', '623', '903'),
(1347, 'VA', 'Staunton', 'staunton', '', '38.1361', '-79.0623', '569', '540'),
(1348, 'AL', 'Pell City', 'pell-city', '', '33.5888', '-86.3230', '630', '205'),
(1349, 'NJ', 'Totowa', 'totowa', '', '40.9038', '-74.2247', '501', '973'),
(1350, 'TX', 'Edinburg', 'edinburg', '', '26.3751', '-98.1868', '636', '956'),
(1351, 'FL', 'Apopka', 'apopka', '', '28.6964', '-81.5233', '534', '407'),
(1352, 'MN', 'Bemidji', 'bemidji', '', '47.5036', '-94.6850', '613', '218'),
(1353, 'MI', 'Clawson', 'clawson', '', '42.5368', '-83.1464', '505', '248'),
(1354, 'MD', 'Chevy Chase', 'chevy-chase', '', '38.9842', '-77.0842', '511', '301'),
(1355, 'VA', 'Merrifield', 'merrifield', '', '38.8739', '-77.2345', '511', '703'),
(1356, 'MA', 'Billerica', 'billerica', '', '42.5493', '-71.2558', '506', '978'),
(1357, 'AZ', 'Florence', 'florence', '', '32.8881', '-111.2020', '753', '520'),
(1358, 'CA', 'Truckee', 'truckee', '', '39.3338', '-120.2490', '862', '530'),
(1359, 'CA', 'Watsonville', 'watsonville', '', '36.9512', '-121.7240', '828', '831'),
(1360, 'MI', 'Clinton Township', 'clinton-township', '', '42.5840', '-82.9206', '505', '586'),
(1361, 'GA', 'Albany', 'albany', '', '31.5486', '-84.1789', '525', '229'),
(1362, 'AR', 'Batesville', 'batesville', '', '35.7881', '-91.6458', '693', '870'),
(1363, 'IN', 'Warsaw', 'warsaw', '', '41.2372', '-85.8592', '588', '574'),
(1364, 'CA', 'El Cajon', 'el-cajon', '', '32.8050', '-116.9023', '825', '619'),
(1365, 'IN', 'Jasper', 'jasper', '', '38.4207', '-86.9277', '649', '812'),
(1366, 'AZ', 'Flagstaff', 'flagstaff', '', '35.2669', '-111.5231', '753', '928'),
(1367, 'AL', 'Sylacauga', 'sylacauga', '', '33.1504', '-86.2919', '630', '256'),
(1368, 'SC', 'Florence', 'florence', '', '34.1790', '-79.7174', '570', '843'),
(1369, 'MA', 'Bridgewater', 'bridgewater', '', '41.9703', '-70.9768', '506', '508'),
(1370, 'FL', 'Lake Mary', 'lake-mary', '', '28.7578', '-81.3397', '534', '407'),
(1371, 'CA', 'Lake Elsinore', 'lake-elsinore', '', '33.6983', '-117.3579', '803', '951'),
(1372, 'GA', 'Kennesaw', 'kennesaw', '', '34.0104', '-84.6239', '524', '770'),
(1373, 'KY', 'Florence', 'florence', '', '39.0023', '-84.6569', '515', '859'),
(1374, 'VA', 'Dumfries', 'dumfries', '', '38.5830', '-77.3158', '511', '703'),
(1375, 'TX', 'Harlingen', 'harlingen', '', '26.2215', '-97.7120', '636', '956'),
(1376, 'CA', 'El Centro', 'el-centro', '', '32.7736', '-115.6022', '771', '760'),
(1377, 'AL', 'Foley', 'foley', '', '30.3880', '-87.7199', '686', '251'),
(1378, 'FL', 'Lutz', 'lutz', '', '28.1490', '-82.4690', '539', '813'),
(1379, 'IA', 'Council Bluffs', 'council-bluffs', '', '41.2396', '-95.7882', '652', '712'),
(1380, 'IN', 'Lafayette', 'lafayette', '', '40.3987', '-86.8642', '582', '765'),
(1381, 'OH', 'Newark', 'newark', '', '40.1242', '-82.3828', '535', '740'),
(1382, 'TN', 'Elizabethton', 'elizabethton', '', '36.4199', '-82.1139', '531', '423'),
(1383, 'TN', 'Newport', 'newport', '', '35.9496', '-83.1866', '557', '423'),
(1384, 'TN', 'Piney Flats', 'piney-flats', '', '36.4405', '-82.3495', '531', '423'),
(1385, 'VA', 'Abingdon', 'abingdon', '', '36.7162', '-82.0030', '531', '276'),
(1386, 'VA', 'Mechanicsville', 'mechanicsville', '', '37.6461', '-77.2914', '556', '804'),
(1387, 'IL', 'Bensenville', 'bensenville', '', '41.9620', '-87.9473', '602', '630'),
(1388, 'TX', 'Burleson', 'burleson', '', '32.5305', '-97.3076', '623', '817'),
(1389, 'CA', 'Sunland', 'sunland', '', '34.2686', '-118.3295', '803', '818'),
(1390, 'CA', 'Tehachapi', 'tehachapi', '', '35.1293', '-118.5110', '800', '661'),
(1391, 'CA', 'Manteca', 'manteca', '', '37.7855', '-121.2135', '862', '209'),
(1392, 'CA', 'Chatsworth', 'chatsworth', '', '34.2868', '-118.6140', '803', '818'),
(1393, 'PA', 'Pittston', 'pittston', '', '41.3340', '-75.7774', '577', '570'),
(1394, 'PA', 'Dallas', 'dallas', '', '41.3424', '-75.9904', '577', '570'),
(1395, 'CA', 'Mojave', 'mojave', '', '35.0979', '-118.1303', '803', '661'),
(1396, 'NC', 'Reidsville', 'reidsville', '', '36.3400', '-79.6288', '518', '336'),
(1397, 'NC', 'High Point', 'high-point', '', '35.9587', '-80.0073', '518', '336'),
(1398, 'VA', 'Chesterfield', 'chesterfield', '', '37.3604', '-77.6213', '556', '804'),
(1399, 'NC', 'Wilson', 'wilson', '', '35.7338', '-77.9485', '560', '252'),
(1400, 'GA', 'Cordele', 'cordele', '', '31.9251', '-83.7800', '525', '229'),
(1401, 'TN', 'Hendersonville', 'hendersonville', '', '36.3479', '-86.6005', '659', '615'),
(1402, 'SC', 'Greenwood', 'greenwood', '', '34.1898', '-82.1479', '567', '864'),
(1403, 'TN', 'Madison', 'madison', '', '36.2558', '-86.6991', '659', '615'),
(1404, 'AL', 'Athens', 'athens', '', '34.8167', '-86.9982', '691', '256'),
(1405, 'VA', 'Smithfield', 'smithfield', '', '37.0058', '-76.6656', '544', '757'),
(1406, 'NC', 'Elizabeth City', 'elizabeth-city', '', '36.3171', '-76.2754', '544', '252'),
(1407, 'NC', 'Asheboro', 'asheboro', '', '35.6951', '-79.8066', '518', '336'),
(1408, 'GA', 'Lithonia', 'lithonia', '', '33.7000', '-84.1261', '524', '770'),
(1409, 'NC', 'Apex', 'apex', '', '35.7226', '-78.8741', '560', '919'),
(1410, 'NC', 'Chapel Hill', 'chapel-hill', '', '35.9098', '-79.0781', '560', '919'),
(1411, 'TN', 'Athens', 'athens', '', '35.4239', '-84.6681', '575', '423'),
(1412, 'SC', 'Georgetown', 'georgetown', '', '33.3616', '-79.2759', '519', '843'),
(1413, 'NC', 'Franklin', 'franklin', '', '35.1833', '-83.4307', '567', '828'),
(1414, 'GA', 'Eatonton', 'eatonton', '', '33.3188', '-83.3448', '524', '706'),
(1415, 'GA', 'Acworth', 'acworth', '', '34.0650', '-84.6686', '524', '770'),
(1416, 'MA', 'Amherst', 'amherst', '', '42.3896', '-72.4534', '543', '413'),
(1417, 'NY', 'Middletown', 'middletown', '', '41.4679', '-74.4062', '501', '845'),
(1418, 'MD', 'Pasadena', 'pasadena', '', '39.1252', '-76.5116', '512', '410'),
(1419, 'PA', 'Butler', 'butler', '', '40.8646', '-79.8959', '508', '724'),
(1420, 'PA', 'Indiana', 'indiana', '', '40.6224', '-79.1454', '508', '724'),
(1421, 'NY', 'Ithaca', 'ithaca', '', '42.4278', '-76.4982', '555', '607'),
(1422, 'VT', 'Waterbury', 'waterbury', '', '44.3107', '-72.8247', '523', '802'),
(1423, 'IL', 'Chicago Heights', 'chicago-heights', '', '41.5138', '-87.5997', '602', '708'),
(1424, 'IL', 'Quincy', 'quincy', '', '39.9284', '-91.3506', '717', '217'),
(1425, 'IL', 'Wood Dale', 'wood-dale', '', '41.9664', '-87.9811', '602', '630'),
(1426, 'IL', 'Oak Lawn', 'oak-lawn', '', '41.7091', '-87.7596', '602', '708'),
(1427, 'IL', 'Bloomingdale', 'bloomingdale', '', '41.9484', '-88.0947', '602', '630'),
(1428, 'MI', 'Rockford', 'rockford', '', '43.1188', '-85.4943', '563', '616'),
(1429, 'WI', 'Watertown', 'watertown', '', '43.1946', '-88.7133', '617', '920'),
(1430, 'IL', 'Rock Island', 'rock-island', '', '41.4867', '-90.5725', '682', '309'),
(1431, 'OH', 'Perrysburg', 'perrysburg', '', '41.5295', '-83.5656', '547', '419'),
(1432, 'OH', 'Euclid', 'euclid', '', '41.5933', '-81.5196', '510', '216'),
(1433, 'OH', 'Ashtabula', 'ashtabula', '', '41.8528', '-80.7905', '510', '440'),
(1434, 'FL', 'Brandon', 'brandon', '', '27.9295', '-82.2987', '539', '813'),
(1435, 'CA', 'Victorville', 'victorville', '', '34.5338', '-117.3513', '803', '760'),
(1436, 'CA', 'La Mirada', 'la-mirada', '', '33.9009', '-118.0073', '803', '714'),
(1437, 'NC', 'Clinton', 'clinton', '', '34.9860', '-78.3434', '560', '910'),
(1438, 'NC', 'Eden', 'eden', '', '36.5054', '-79.7394', '518', '336'),
(1439, 'VA', 'Yorktown', 'yorktown', '', '37.1743', '-76.4799', '544', '757'),
(1440, 'TN', 'Goodlettsville', 'goodlettsville', '', '36.3545', '-86.7628', '659', '615'),
(1441, 'NC', 'Kannapolis', 'kannapolis', '', '35.4954', '-80.6223', '517', '704'),
(1442, 'TN', 'Lenoir City', 'lenoir-city', '', '35.8238', '-84.2744', '557', '865'),
(1443, 'NC', 'North Wilkesboro', 'north-wilkesboro', '', '36.2174', '-81.1197', '518', '828'),
(1444, 'NC', 'Dunn', 'dunn', '', '35.2763', '-78.5468', '560', '910'),
(1445, 'SC', 'Jonesville', 'jonesville', '', '34.8120', '-81.4872', '567', '864'),
(1446, 'PA', 'Mckeesport', 'mckeesport', '', '40.3224', '-79.8302', '508', '412'),
(1447, 'PA', 'New Kensington', 'new-kensington', '', '40.5728', '-79.7248', '508', '724'),
(1448, 'ME', 'Waterville', 'waterville', '', '44.5616', '-69.5559', '500', '207'),
(1449, 'MA', 'Duxbury', 'duxbury', '', '42.0502', '-70.6950', '506', '781'),
(1450, 'ME', 'Castine', 'castine', '', '44.4168', '-68.7940', '537', '207'),
(1451, 'NY', 'Batavia', 'batavia', '', '42.9898', '-78.2221', '514', '585'),
(1452, 'NY', 'Endicott', 'endicott', '', '42.1460', '-76.0909', '502', '607'),
(1453, 'IN', 'Hammond', 'hammond', '', '41.6058', '-87.4880', '602', '219'),
(1454, 'MN', 'Rockford', 'rockford', '', '45.0905', '-93.7171', '613', '763'),
(1455, 'WI', 'La Crosse', 'la-crosse', '', '43.8306', '-91.1954', '702', '608'),
(1456, 'WI', 'Beloit', 'beloit', '', '42.5584', '-89.1599', '669', '608'),
(1457, 'TX', 'Rowlett', 'rowlett', '', '32.9141', '-96.5587', '623', '972'),
(1458, 'CA', 'Glendora', 'glendora', '', '34.1321', '-117.8511', '803', '626'),
(1459, 'IN', 'Goshen', 'goshen', '', '41.5773', '-85.8213', '588', '574'),
(1460, 'MI', 'Niles', 'niles', '', '41.8439', '-86.2164', '588', '269'),
(1461, 'IN', 'Jeffersonville', 'jeffersonville', '', '38.3283', '-85.6957', '529', '812'),
(1462, 'IN', 'New Albany', 'new-albany', '', '38.2813', '-85.8401', '529', '812'),
(1463, 'TX', 'Odessa', 'odessa', '', '31.8454', '-102.3680', '633', '432'),
(1464, 'CO', 'Arvada', 'arvada', '', '39.8321', '-105.1252', '751', '303'),
(1465, 'TX', 'Waxahachie', 'waxahachie', '', '32.3703', '-96.8570', '623', '972'),
(1466, 'OK', 'Seminole', 'seminole', '', '35.2445', '-96.6340', '650', '405'),
(1467, 'TX', 'Woodville', 'woodville', '', '30.7848', '-94.3723', '692', '409'),
(1468, 'MS', 'Southaven', 'southaven', '', '34.9487', '-89.9471', '640', '901'),
(1469, 'TX', 'Big Sandy', 'big-sandy', '', '32.6431', '-95.1117', '709', '903'),
(1470, 'TN', 'Millington', 'millington', '', '35.3541', '-89.8958', '640', '901'),
(1471, 'TX', 'Nacogdoches', 'nacogdoches', '', '31.6430', '-94.5605', '709', '936'),
(1472, 'TX', 'Gilmer', 'gilmer', '', '32.7388', '-94.9363', '709', '903'),
(1473, 'CO', 'Brighton', 'brighton', '', '39.9610', '-104.8166', '751', '303'),
(1474, 'CO', 'Commerce City', 'commerce-city', '', '39.8710', '-104.7843', '751', '303'),
(1475, 'CO', 'Pagosa Springs', 'pagosa-springs', '', '37.3442', '-107.0802', '773', '970'),
(1476, 'UT', 'Clearfield', 'clearfield', '', '41.1144', '-112.0592', '770', '801'),
(1477, 'NE', 'Fremont', 'fremont', '', '41.4803', '-96.4728', '652', '402'),
(1478, 'MI', 'Westland', 'westland', '', '42.3104', '-83.3698', '505', '734'),
(1479, 'MI', 'White Lake', 'white-lake', '', '42.6565', '-83.5026', '505', '248'),
(1480, 'MI', 'Lake Orion', 'lake-orion', '', '42.7507', '-83.2730', '505', '248'),
(1481, 'MI', 'Brighton', 'brighton', '', '42.5396', '-83.7626', '505', '810'),
(1482, 'TX', 'Missouri City', 'missouri-city', '', '29.5674', '-95.5190', '618', '281'),
(1483, 'LA', 'Covington', 'covington', '', '30.5200', '-90.1249', '622', '985'),
(1484, 'LA', 'Bogalusa', 'bogalusa', '', '30.7554', '-89.9131', '622', '985'),
(1485, 'MS', 'Greenwood', 'greenwood', '', '33.5236', '-90.1405', '647', '662'),
(1486, 'FL', 'Boynton Beach', 'boynton-beach', '', '26.5245', '-80.1106', '548', '561'),
(1487, 'NY', 'Elmhurst', 'elmhurst', '', '40.7354', '-73.8783', '501', '718'),
(1488, 'CA', 'San Gabriel', 'san-gabriel', '', '34.1026', '-118.0868', '803', '626'),
(1489, 'CA', 'San Marino', 'san-marino', '', '34.1214', '-118.1162', '803', '626'),
(1490, 'CA', 'Sun Valley', 'sun-valley', '', '34.2321', '-118.3448', '803', '818'),
(1491, 'CA', 'Alhambra', 'alhambra', '', '34.0833', '-118.1393', '803', '626'),
(1492, 'CA', 'Covina', 'covina', '', '34.0872', '-117.8815', '803', '626'),
(1493, 'CA', 'Mission Hills', 'mission-hills', '', '34.2719', '-118.4572', '803', '818'),
(1494, 'CA', 'Upland', 'upland', '', '34.1264', '-117.6603', '803', '909'),
(1495, 'NJ', 'Red Bank', 'red-bank', '', '40.3603', '-74.0728', '501', '732'),
(1496, 'FL', 'Hobe Sound', 'hobe-sound', '', '27.0545', '-80.1436', '548', '772'),
(1497, 'FL', 'Sebastian', 'sebastian', '', '27.8333', '-80.5166', '548', '772'),
(1498, 'FL', 'Homestead', 'homestead', '', '25.4865', '-80.5028', '528', '305'),
(1499, 'FL', 'Altamonte Spring', 'altamonte-spring', '', '28.6645', '-81.3925', '534', '407'),
(1500, 'FL', 'Titusville', 'titusville', '', '28.5680', '-80.8680', '534', '321'),
(1501, 'FL', 'Lake Placid', 'lake-placid', '', '27.2419', '-81.3564', '539', '863'),
(1502, 'FL', 'Fernandina Beach', 'fernandina-beach', '', '30.6005', '-81.5283', '561', '904'),
(1503, 'FL', 'Quincy', 'quincy', '', '30.5751', '-84.6521', '530', '850'),
(1504, 'FL', 'Labelle', 'labelle', '', '26.8451', '-81.4438', '571', '863'),
(1505, 'FL', 'Eustis', 'eustis', '', '28.8926', '-81.5987', '534', '352'),
(1506, 'NY', 'Rockville Centre', 'rockville-centre', '', '40.6659', '-73.6395', '501', '516'),
(1507, 'NY', 'Little Neck', 'little-neck', '', '40.7667', '-73.7403', '501', '718'),
(1508, 'NY', 'Valley Stream', 'valley-stream', '', '40.6648', '-73.7091', '501', '516'),
(1509, 'NY', 'Floral Park', 'floral-park', '', '40.7404', '-73.7107', '501', '516'),
(1510, 'NY', 'Ozone Park', 'ozone-park', '', '40.6809', '-73.8485', '501', '718'),
(1511, 'FL', 'Clermont', 'clermont', '', '28.5050', '-81.7897', '534', '352'),
(1512, 'FL', 'Deltona', 'deltona', '', '28.8975', '-81.2102', '534', '386'),
(1513, 'FL', 'Winter Garden', 'winter-garden', '', '28.4768', '-81.6319', '534', '407'),
(1514, 'NJ', 'Absecon', 'absecon', '', '39.4554', '-74.4875', '504', '609'),
(1515, 'PA', 'Lebanon', 'lebanon', '', '40.3418', '-76.4320', '566', '717'),
(1516, 'PA', 'Chester', 'chester', '', '39.8489', '-75.3823', '504', '610'),
(1517, 'AZ', 'Casa Grande', 'casa-grande', '', '32.8345', '-111.7306', '753', '520'),
(1518, 'NM', 'Gallup', 'gallup', '', '35.4999', '-108.8509', '790', '505'),
(1519, 'AZ', 'Safford', 'safford', '', '32.7038', '-109.6558', '753', '928'),
(1520, 'ID', 'Post Falls', 'post-falls', '', '47.7893', '-117.0266', '881', '208'),
(1521, 'WA', 'Snohomish', 'snohomish', '', '47.8960', '-122.0491', '819', '425'),
(1522, 'WA', 'Edmonds', 'edmonds', '', '47.8207', '-122.3508', '819', '425'),
(1523, 'WA', 'Oak Harbor', 'oak-harbor', '', '48.3218', '-122.6305', '819', '360'),
(1524, 'CA', 'El Sobrante', 'el-sobrante', '', '37.9558', '-122.2689', '807', '510'),
(1525, 'PA', 'Somerset', 'somerset', '', '40.0379', '-79.1204', '574', '814'),
(1526, 'CA', 'Apple Valley', 'apple-valley', '', '34.5021', '-117.1521', '803', '760'),
(1527, 'IL', 'East Saint Louis', 'east-saint-louis', '', '38.6009', '-90.1232', '609', '618'),
(1528, 'MO', 'Lees Summit', 'lees-summit', '', '38.9159', '-94.3644', '616', '816'),
(1529, 'OK', 'Edmond', 'edmond', '', '35.6784', '-97.4944', '650', '405'),
(1530, 'OK', 'Claremore', 'claremore', '', '36.3555', '-95.6029', '671', '918'),
(1531, 'MO', 'O Fallon', 'o-fallon', '', '38.8251', '-90.7289', '609', '636'),
(1532, 'CA', 'Bishop', 'bishop', '', '37.5060', '-118.3114', '803', '760'),
(1533, 'CA', 'Oroville', 'oroville', '', '39.4822', '-121.5369', '868', '530'),
(1534, 'CA', 'Auburn', 'auburn', '', '38.9623', '-121.0829', '862', '530'),
(1535, 'CA', 'Santa Maria', 'santa-maria', '', '34.8983', '-120.3817', '855', '805'),
(1536, 'CA', 'Sun City', 'sun-city', '', '33.7135', '-117.2120', '803', '951'),
(1537, 'NV', 'Pahrump', 'pahrump', '', '36.2486', '-116.0591', '839', '775'),
(1538, 'CA', 'Atascadero', 'atascadero', '', '35.4573', '-120.7192', '855', '805'),
(1539, 'CA', 'Aptos', 'aptos', '', '37.0082', '-121.8777', '828', '831'),
(1540, 'FL', 'Sun City Center', 'sun-city-center', '', '27.7313', '-82.3620', '539', '813'),
(1541, 'FL', 'Valrico', 'valrico', '', '27.9158', '-82.2290', '539', '813'),
(1542, 'FL', 'Tarpon Springs', 'tarpon-springs', '', '28.1407', '-82.7163', '539', '727'),
(1543, 'FL', 'Seffner', 'seffner', '', '28.0042', '-82.2936', '539', '813'),
(1544, 'FL', 'Plant City', 'plant-city', '', '28.0069', '-82.1249', '539', '813'),
(1545, 'FL', 'North Port', 'north-port', '', '27.0840', '-82.2075', '539', '941'),
(1546, 'HI', 'Kailua Kona', 'kailua-kona', '', '19.7108', '-155.8740', '744', '808'),
(1547, 'VA', 'Middleburg', 'middleburg', '', '38.9843', '-77.7489', '511', '540'),
(1548, 'NJ', 'Branchville', 'branchville', '', '41.1981', '-74.7629', '501', '973'),
(1549, 'MD', 'Easton', 'easton', '', '38.7967', '-76.0489', '512', '410'),
(1550, 'VA', 'Hamilton', 'hamilton', '', '39.1388', '-77.6516', '511', '540'),
(1551, 'MD', 'Capitol Heights', 'capitol-heights', '', '38.8912', '-76.8953', '511', '301'),
(1552, 'VA', 'Stafford', 'stafford', '', '38.4519', '-77.4421', '511', '540'),
(1553, 'MD', 'Fort Washington', 'fort-washington', '', '38.7551', '-76.9805', '511', '301'),
(1554, 'NJ', 'Kearny', 'kearny', '', '40.7516', '-74.1202', '501', '201'),
(1555, 'NJ', 'Caldwell', 'caldwell', '', '40.8549', '-74.2859', '501', '973'),
(1556, 'VA', 'Midlothian', 'midlothian', '', '37.4897', '-77.6650', '556', '804'),
(1557, 'IA', 'Iowa City', 'iowa-city', '', '41.6559', '-91.5228', '637', '319'),
(1558, 'OH', 'Warren', 'warren', '', '41.2247', '-80.8241', '536', '330'),
(1559, 'TX', 'Willis', 'willis', '', '30.4517', '-95.4531', '618', '936'),
(1560, 'TX', 'Beeville', 'beeville', '', '28.4731', '-97.7071', '600', '361'),
(1561, 'AR', 'Rogers', 'rogers', '', '36.2920', '-94.0189', '670', '479'),
(1562, 'TX', 'Corsicana', 'corsicana', '', '32.0820', '-96.4530', '623', '903'),
(1563, 'TX', 'Port Arthur', 'port-arthur', '', '29.9158', '-93.9351', '692', '409'),
(1564, 'TX', 'Orange', 'orange', '', '30.1291', '-93.8410', '692', '409'),
(1565, 'TX', 'Vidor', 'vidor', '', '30.1821', '-94.0098', '692', '409'),
(1566, 'ID', 'Rexburg', 'rexburg', '', '43.7832', '-111.7656', '758', '208'),
(1567, 'WI', 'West Bend', 'west-bend', '', '43.4297', '-88.1831', '617', '262'),
(1568, 'FL', 'Ocklawaha', 'ocklawaha', '', '29.0928', '-81.9066', '534', '352'),
(1569, 'FL', 'Brooksville', 'brooksville', '', '28.5668', '-82.4280', '539', '352'),
(1570, 'FL', 'Crawfordville', 'crawfordville', '', '30.1755', '-84.3386', '530', '850'),
(1571, 'FL', 'Punta Gorda', 'punta-gorda', '', '26.9078', '-81.9538', '571', '941'),
(1572, 'FL', 'Port Charlotte', 'port-charlotte', '', '26.9760', '-82.1391', '571', '941'),
(1573, 'NE', 'Papillion', 'papillion', '', '41.1189', '-96.0281', '652', '402'),
(1574, 'ID', 'Caldwell', 'caldwell', '', '43.6711', '-116.6885', '757', '208'),
(1575, 'SC', 'North Augusta', 'north-augusta', '', '33.5686', '-81.9574', '520', '803'),
(1576, 'NY', 'Tonawanda', 'tonawanda', '', '42.9905', '-78.8420', '514', '716'),
(1577, 'MA', 'Pittsfield', 'pittsfield', '', '42.4728', '-73.2745', '532', '413'),
(1578, 'VA', 'Quantico', 'quantico', '', '38.5359', '-77.4219', '511', '703'),
(1579, 'CA', 'Sylmar', 'sylmar', '', '34.3210', '-118.3830', '803', '818'),
(1580, 'IN', 'La Porte', 'la-porte', '', '41.6206', '-86.7341', '602', '219'),
(1581, 'KY', 'La Grange', 'la-grange', '', '38.4370', '-85.4133', '529', '502'),
(1582, 'KY', 'Paris', 'paris', '', '38.2133', '-84.2256', '541', '859'),
(1583, 'TX', 'Terrell', 'terrell', '', '32.7431', '-96.2294', '623', '972'),
(1584, 'UT', 'Vernal', 'vernal', '', '40.5512', '-109.5696', '770', '435'),
(1585, 'TX', 'Athens', 'athens', '', '32.1746', '-95.8393', '623', '903'),
(1586, 'AR', 'Russellville', 'russellville', '', '35.2908', '-93.0867', '693', '479'),
(1587, 'TX', 'Lufkin', 'lufkin', '', '31.3095', '-94.7411', '709', '936'),
(1588, 'AR', 'Hope', 'hope', '', '33.6525', '-93.6039', '612', '870'),
(1589, 'TX', 'Kilgore', 'kilgore', '', '32.3801', '-94.8701', '709', '903'),
(1590, 'AR', 'Van Buren', 'van-buren', '', '35.4830', '-94.3469', '670', '479'),
(1591, 'TX', 'Texarkana', 'texarkana', '', '33.4431', '-94.1459', '612', '903'),
(1592, 'ID', 'Pocatello', 'pocatello', '', '42.8734', '-112.4271', '758', '208'),
(1593, 'MT', 'Great Falls', 'great-falls', '', '47.4896', '-111.3336', '755', '406'),
(1594, 'CO', 'Gunnison', 'gunnison', '', '38.4378', '-107.0601', '773', '970'),
(1595, 'UT', 'Layton', 'layton', '', '41.0786', '-111.9448', '770', '801'),
(1596, 'MI', 'Oxford', 'oxford', '', '42.8458', '-83.2480', '505', '248'),
(1597, 'FL', 'Bartow', 'bartow', '', '27.8889', '-81.8136', '539', '863'),
(1598, 'MS', 'Starkville', 'starkville', '', '33.4259', '-88.8303', '673', '662'),
(1599, 'TX', 'Seguin', 'seguin', '', '29.5711', '-97.9299', '641', '830'),
(1600, 'MS', 'Corinth', 'corinth', '', '34.8978', '-88.5794', '640', '662'),
(1601, 'LA', 'Hammond', 'hammond', '', '30.5017', '-90.4723', '622', '985'),
(1602, 'CA', 'Valley Village', 'valley-village', '', '34.1648', '-118.4008', '803', '818'),
(1603, 'NH', 'Tilton', 'tilton', '', '43.4329', '-71.5682', '506', '603'),
(1604, 'NH', 'Rochester', 'rochester', '', '43.2973', '-70.9895', '506', '603'),
(1605, 'FL', 'Miami Beach', 'miami-beach', '', '25.8213', '-80.1339', '528', '305'),
(1606, 'FL', 'Dunnellon', 'dunnellon', '', '29.0572', '-82.4435', '534', '352'),
(1607, 'FL', 'Marianna', 'marianna', '', '30.7658', '-85.2061', '656', '850'),
(1608, 'FL', 'Belleview', 'belleview', '', '29.0563', '-82.0257', '534', '352'),
(1609, 'FL', 'Perry', 'perry', '', '30.0655', '-83.5709', '530', '850'),
(1610, 'FL', 'Lehigh Acres', 'lehigh-acres', '', '26.6204', '-81.6440', '571', '239'),
(1611, 'FL', 'Summerfield', 'summerfield', '', '29.0071', '-82.0513', '534', '352'),
(1612, 'NY', 'Holtsville', 'holtsville', '', '40.8107', '-73.0459', '501', '212'),
(1613, 'FL', 'Middleburg', 'middleburg', '', '30.0831', '-81.8630', '561', '904'),
(1614, 'PA', 'West Mifflin', 'west-mifflin', '', '40.3609', '-79.9015', '508', '412'),
(1615, 'PA', 'Frackville', 'frackville', '', '40.7852', '-76.2230', '577', '570'),
(1616, 'PA', 'Hazleton', 'hazleton', '', '40.9510', '-75.9890', '577', '570'),
(1617, 'PA', 'Eagleville', 'eagleville', '', '40.1570', '-75.4114', '504', '610'),
(1618, 'DE', 'New Castle', 'new-castle', '', '39.6387', '-75.6195', '504', '302'),
(1619, 'PA', 'Huntingdon', 'huntingdon', '', '40.5622', '-77.8545', '574', '814'),
(1620, 'AZ', 'Prescott Valley', 'prescott-valley', '', '34.6649', '-112.2940', '753', '928'),
(1621, 'WA', 'Wenatchee', 'wenatchee', '', '47.3707', '-120.3593', '819', '509'),
(1622, 'IL', 'Mascoutah', 'mascoutah', '', '38.4556', '-89.7709', '609', '618'),
(1623, 'MO', 'Poplar Bluff', 'poplar-bluff', '', '36.7527', '-90.4853', '632', '573'),
(1624, 'MO', 'Rolla', 'rolla', '', '37.9265', '-91.7791', '619', '573'),
(1625, 'IL', 'Belleville', 'belleville', '', '38.5134', '-89.9799', '609', '618'),
(1626, 'NV', 'Gardnerville', 'gardnerville', '', '38.8377', '-119.7056', '811', '775'),
(1627, 'NV', 'Fallon', 'fallon', '', '39.5049', '-118.2899', '811', '775'),
(1628, 'FL', 'Holiday', 'holiday', '', '28.1954', '-82.7454', '539', '727'),
(1629, 'FL', 'Ruskin', 'ruskin', '', '27.7101', '-82.4314', '539', '813'),
(1630, 'VA', 'Marshall', 'marshall', '', '38.8380', '-77.8959', '511', '540'),
(1631, 'NJ', 'Orange', 'orange', '', '40.7709', '-74.2369', '501', '973'),
(1632, 'AL', 'Ozark', 'ozark', '', '31.4627', '-85.6267', '606', '334'),
(1633, 'WI', 'Sun Prairie', 'sun-prairie', '', '43.1946', '-89.2025', '669', '608'),
(1634, 'OH', 'Lima', 'lima', '', '40.7416', '-84.1009', '558', '419'),
(1635, 'TX', 'Sulphur Springs', 'sulphur-springs', '', '33.1482', '-95.5996', '623', '903'),
(1636, 'FL', 'Dade City', 'dade-city', '', '28.3933', '-82.2411', '539', '352'),
(1637, 'FL', 'Beverly Hills', 'beverly-hills', '', '28.9345', '-82.4723', '534', '352'),
(1638, 'FL', 'Chiefland', 'chiefland', '', '29.4420', '-82.8770', '592', '352'),
(1639, 'AZ', 'Apache Junction', 'apache-junction', '', '33.4209', '-111.4274', '753', '480'),
(1640, 'NE', 'Norfolk', 'norfolk', '', '42.0180', '-97.4543', '624', '402'),
(1641, 'HI', 'Hilo', 'hilo', '', '19.6976', '-155.1413', '744', '808'),
(1642, 'CA', 'Indio', 'indio', '', '33.7355', '-116.2352', '804', '760'),
(1643, 'CA', 'Frazier Park', 'frazier-park', '', '34.8047', '-119.0185', '800', '661'),
(1644, 'CA', 'Los Alamitos', 'los-alamitos', '', '33.7970', '-118.0624', '803', '562'),
(1645, 'CA', 'Canyon Country', 'canyon-country', '', '34.4187', '-118.4330', '803', '661'),
(1646, 'CA', 'San Jacinto', 'san-jacinto', '', '33.8060', '-116.9761', '803', '951'),
(1647, 'CA', 'Loma Linda', 'loma-linda', '', '34.0530', '-117.2489', '803', '909'),
(1648, 'FL', 'Dunedin', 'dunedin', '', '28.0288', '-82.7689', '539', '727'),
(1649, 'CA', 'Solvang', 'solvang', '', '34.6145', '-120.1414', '855', '805'),
(1650, 'CA', 'Newbury Park', 'newbury-park', '', '34.1702', '-118.9558', '803', '805'),
(1651, 'CA', 'Tujunga', 'tujunga', '', '34.2935', '-118.2567', '803', '818'),
(1652, 'OR', 'Gresham', 'gresham', '', '45.4908', '-122.4047', '820', '503'),
(1653, 'CA', 'South Pasadena', 'south-pasadena', '', '34.1121', '-118.1564', '803', '626'),
(1654, 'CA', 'Artesia', 'artesia', '', '33.8669', '-118.0803', '803', '562'),
(1655, 'HI', 'Lahaina', 'lahaina', '', '20.9091', '-156.6216', '744', '808'),
(1656, 'FL', 'Hudson', 'hudson', '', '28.3699', '-82.6339', '539', '727'),
(1657, 'WA', 'Marysville', 'marysville', '', '48.0748', '-122.1953', '819', '425'),
(1658, 'HI', 'Kapolei', 'kapolei', '', '21.3775', '-158.0862', '744', '808'),
(1659, 'TX', 'Brownwood', 'brownwood', '', '31.6394', '-98.9770', '662', '325'),
(1660, 'CA', 'Wilmington', 'wilmington', '', '33.7788', '-118.2639', '803', '310'),
(1661, 'NC', 'New Bern', 'new-bern', '', '35.1523', '-77.0607', '545', '252'),
(1662, 'SC', 'Mount Pleasant', 'mount-pleasant', '', '32.8463', '-79.8223', '519', '843'),
(1663, 'AL', 'Muscle Shoals', 'muscle-shoals', '', '34.7686', '-87.5583', '691', '256'),
(1664, 'AL', 'Phenix City', 'phenix-city', '', '32.4635', '-85.0655', '522', '334'),
(1665, 'NC', 'Lumberton', 'lumberton', '', '34.6403', '-79.0286', '570', '910'),
(1666, 'SC', 'Darlington', 'darlington', '', '34.3340', '-79.8652', '570', '843'),
(1667, 'TX', 'Henderson', 'henderson', '', '32.1531', '-94.6896', '709', '903'),
(1668, 'TX', 'Ennis', 'ennis', '', '32.3242', '-96.5873', '623', '972'),
(1669, 'TX', 'Galveston', 'galveston', '', '29.2551', '-94.8598', '618', '409'),
(1670, 'TX', 'Montgomery', 'montgomery', '', '30.3716', '-95.6933', '618', '936'),
(1671, 'FL', 'Defuniak Springs', 'defuniak-springs', '', '30.7298', '-86.1952', '656', '850'),
(1672, 'NC', 'Henderson', 'henderson', '', '36.3509', '-78.3898', '560', '252'),
(1673, 'NC', 'Lenoir', 'lenoir', '', '35.9726', '-81.5513', '517', '828'),
(1674, 'AL', 'Northport', 'northport', '', '33.3056', '-87.5750', '630', '205'),
(1675, 'FL', 'Crestview', 'crestview', '', '30.7141', '-86.5560', '686', '850'),
(1676, 'CA', 'San Ysidro', 'san-ysidro', '', '32.5553', '-117.0438', '825', '619'),
(1677, 'TX', 'Livingston', 'livingston', '', '30.7247', '-94.8230', '618', '936'),
(1678, 'CA', 'La Quinta', 'la-quinta', '', '33.6579', '-116.2700', '804', '760'),
(1679, 'CO', 'Louisville', 'louisville', '', '39.9558', '-105.1683', '751', '303'),
(1680, 'IA', 'Urbandale', 'urbandale', '', '41.6346', '-93.7732', '679', '515'),
(1681, 'MO', 'Hollister', 'hollister', '', '36.5691', '-93.2248', '619', '417'),
(1682, 'AR', 'Mountain Home', 'mountain-home', '', '36.3316', '-92.4103', '619', '870'),
(1683, 'IL', 'Edwardsville', 'edwardsville', '', '38.8490', '-89.9385', '609', '618'),
(1684, 'IL', 'Wheaton', 'wheaton', '', '41.8520', '-88.1211', '602', '630'),
(1685, 'IA', 'Mason City', 'mason-city', '', '43.1465', '-93.2075', '611', '641'),
(1686, 'MD', 'Takoma Park', 'takoma-park', '', '38.9827', '-77.0040', '511', '301'),
(1687, 'VA', 'Chester', 'chester', '', '37.3438', '-77.3996', '556', '804'),
(1688, 'NY', 'Pleasantville', 'pleasantville', '', '41.1252', '-73.7915', '501', '914'),
(1689, 'NY', 'Syosset', 'syosset', '', '40.8294', '-73.5052', '501', '631'),
(1690, 'AK', 'Wasilla', 'wasilla', '', '61.5235', '-149.5748', '743', '907'),
(1691, 'CA', 'Madera', 'madera', '', '36.9630', '-120.0694', '866', '559'),
(1692, 'MI', 'Dearborn Heights', 'dearborn-heights', '', '42.3122', '-83.2815', '505', '313'),
(1693, 'AR', 'Paragould', 'paragould', '', '36.1041', '-90.4662', '734', '870'),
(1694, 'ME', 'Orono', 'orono', '', '44.8791', '-68.7330', '537', '207'),
(1695, 'NH', 'Dover', 'dover', '', '43.1871', '-70.9100', '506', '603'),
(1696, 'KS', 'Shawnee', 'shawnee', '', '39.0174', '-94.7789', '616', '913'),
(1697, 'AL', 'Scottsboro', 'scottsboro', '', '34.7258', '-86.0438', '691', '256'),
(1698, 'IL', 'Saint Charles', 'saint-charles', '', '41.9387', '-88.3435', '602', '630'),
(1699, 'TN', 'Cookeville', 'cookeville', '', '36.2182', '-85.4992', '659', '931'),
(1700, 'TN', 'Crossville', 'crossville', '', '35.9460', '-85.0026', '557', '931'),
(1701, 'FL', 'Jensen Beach', 'jensen-beach', '', '27.2550', '-80.2476', '548', '772'),
(1702, 'LA', 'Abbeville', 'abbeville', '', '29.9124', '-92.2110', '642', '337'),
(1703, 'MO', 'Blue Springs', 'blue-springs', '', '39.0137', '-94.2828', '616', '816'),
(1704, 'TX', 'Cypress', 'cypress', '', '29.9743', '-95.6980', '618', '281'),
(1705, 'AR', 'Camden', 'camden', '', '33.6114', '-92.8452', '693', '870'),
(1706, 'CA', 'Davis', 'davis', '', '38.4829', '-121.6398', '862', '530'),
(1707, 'SC', 'Fort Mill', 'fort-mill', '', '35.0299', '-80.9336', '517', '803'),
(1708, 'TX', 'Roanoke', 'roanoke', '', '33.0217', '-97.2224', '623', '817'),
(1709, 'VA', 'Dulles', 'dulles', '', '39.0021', '-77.4421', '511', '981'),
(1710, 'AK', 'Juneau', 'juneau', '', '58.5813', '-134.7698', '747', '907'),
(1711, 'AK', 'Ketchikan', 'ketchikan', '', '55.6153', '-131.5848', '747', '907'),
(1712, 'OH', 'Hudson', 'hudson', '', '41.2501', '-81.4578', '510', '330'),
(1713, 'CO', 'Alamosa', 'alamosa', '', '37.4625', '-105.7804', '773', '719'),
(1714, 'NJ', 'Haledon', 'haledon', '', '40.9519', '-74.1895', '501', '973'),
(1715, 'MI', 'Jenison', 'jenison', '', '42.9156', '-85.8464', '563', '616'),
(1716, 'OH', 'Middletown', 'middletown', '', '39.4918', '-84.4382', '515', '513'),
(1717, 'MI', 'Grandville', 'grandville', '', '42.8828', '-85.7828', '563', '616'),
(1718, 'NY', 'Mount Vernon', 'mount-vernon', '', '40.9136', '-73.8270', '501', '914'),
(1719, 'CA', 'Santee', 'santee', '', '32.8561', '-116.9968', '825', '619'),
(1720, 'KY', 'Elizabethtown', 'elizabethtown', '', '37.7153', '-85.8565', '529', '270'),
(1721, 'LA', 'Natchitoches', 'natchitoches', '', '31.6835', '-93.1197', '612', '318'),
(1722, 'CA', 'Lawndale', 'lawndale', '', '33.8913', '-118.3658', '803', '310'),
(1723, 'CA', 'Spring Valley', 'spring-valley', '', '32.7160', '-116.9697', '825', '619'),
(1724, 'AK', 'Kodiak', 'kodiak', '', '57.1588', '-154.0800', '743', '907'),
(1725, 'NC', 'Shallotte', 'shallotte', '', '33.9814', '-78.4121', '550', '910'),
(1726, 'NC', 'Clayton', 'clayton', '', '35.6263', '-78.4371', '560', '919'),
(1727, 'NH', 'Laconia', 'laconia', '', '43.5645', '-71.4821', '506', '603'),
(1728, 'CA', 'Port Hueneme', 'port-hueneme', '', '34.1124', '-119.1107', '803', '805'),
(1729, 'TX', 'Vernon', 'vernon', '', '34.1730', '-99.2975', '627', '940'),
(1730, 'OK', 'Wagoner', 'wagoner', '', '35.9612', '-95.3979', '671', '918'),
(1731, 'MA', 'Westfield', 'westfield', '', '42.1733', '-72.7715', '543', '413'),
(1732, 'TX', 'Kerrville', 'kerrville', '', '30.0452', '-99.1682', '641', '830'),
(1733, 'NY', 'Hempstead', 'hempstead', '', '40.6963', '-73.6207', '501', '516'),
(1734, 'MA', 'Groton', 'groton', '', '42.6165', '-71.5770', '506', '978'),
(1735, 'OH', 'Chagrin Falls', 'chagrin-falls', '', '41.4163', '-81.3501', '510', '440'),
(1736, 'ME', 'Scarborough', 'scarborough', '', '43.5922', '-70.3735', '500', '207'),
(1737, 'PA', 'Beaver Springs', 'beaver-springs', '', '40.7417', '-77.2373', '577', '570'),
(1738, 'AR', 'Mc Crory', 'mc-crory', '', '35.2460', '-91.1752', '693', '870'),
(1739, 'MD', 'Ocean City', 'ocean-city', '', '38.3384', '-75.1249', '576', '410'),
(1740, 'FL', 'Seminole', 'seminole', '', '27.8476', '-82.7927', '539', '727'),
(1741, 'FL', 'Haines City', 'haines-city', '', '28.0573', '-81.5687', '539', '863'),
(1742, 'CA', 'Daly City', 'daly-city', '', '37.6828', '-122.4577', '807', '650'),
(1743, 'NE', 'Blair', 'blair', '', '41.5380', '-96.1944', '652', '402'),
(1744, 'KY', 'Leitchfield', 'leitchfield', '', '37.4564', '-86.3093', '529', '270'),
(1745, 'MA', 'Centerville', 'centerville', '', '41.6562', '-70.3493', '506', '508'),
(1746, 'CA', 'Saratoga', 'saratoga', '', '37.2539', '-122.0638', '807', '408'),
(1747, 'CA', 'Coronado', 'coronado', '', '32.6505', '-117.1492', '825', '619'),
(1748, 'NC', 'Shelby', 'shelby', '', '35.3011', '-81.5794', '517', '704'),
(1749, 'SC', 'Sumter', 'sumter', '', '33.9038', '-80.3718', '546', '803'),
(1750, 'OK', 'Enid', 'enid', '', '36.4233', '-97.8680', '650', '580'),
(1751, 'OK', 'Yukon', 'yukon', '', '35.5331', '-97.7707', '650', '405'),
(1752, 'CA', 'Cathedral City', 'cathedral-city', '', '33.8205', '-116.4587', '804', '760'),
(1753, 'GA', 'Statesboro', 'statesboro', '', '32.4450', '-81.7758', '507', '912'),
(1754, 'FL', 'Wewahitchka', 'wewahitchka', '', '30.1311', '-85.2075', '656', '850'),
(1755, 'FL', 'Apalachicola', 'apalachicola', '', '29.7470', '-85.0321', '656', '850'),
(1756, 'GA', 'Reidsville', 'reidsville', '', '32.0179', '-82.0966', '507', '912'),
(1757, 'KS', 'Salina', 'salina', '', '38.8522', '-97.6142', '678', '785'),
(1758, 'TX', 'Palestine', 'palestine', '', '31.8004', '-95.6140', '623', '903'),
(1759, 'FL', 'Ormond Beach', 'ormond-beach', '', '29.3188', '-81.1294', '534', '386'),
(1760, 'NJ', 'Riverton', 'riverton', '', '40.0001', '-74.9932', '504', '856'),
(1761, 'IN', 'Richmond', 'richmond', '', '39.8381', '-84.9054', '542', '765'),
(1762, 'PA', 'Hanover', 'hanover', '', '39.7968', '-76.9930', '566', '717'),
(1763, 'TX', 'Alvin', 'alvin', '', '29.3656', '-95.2525', '618', '281'),
(1764, 'TX', 'Pflugerville', 'pflugerville', '', '30.4416', '-97.5986', '635', '512'),
(1765, 'CA', 'Blythe', 'blythe', '', '33.7567', '-114.5124', '753', '760'),
(1766, 'OH', 'Steubenville', 'steubenville', '', '40.3793', '-80.6854', '554', '740'),
(1767, 'KS', 'Leawood', 'leawood', '', '38.9281', '-94.6319', '616', '913'),
(1768, 'NV', 'Elko', 'elko', '', '40.9527', '-115.7906', '770', '775'),
(1769, 'MI', 'Garden City', 'garden-city', '', '42.3252', '-83.3453', '505', '734'),
(1770, 'TX', 'Big Spring', 'big-spring', '', '32.1863', '-101.4510', '633', '432'),
(1771, 'GA', 'Monroe', 'monroe', '', '33.8237', '-83.6910', '524', '770'),
(1772, 'GA', 'Canton', 'canton', '', '34.2306', '-84.4435', '524', '770'),
(1773, 'GA', 'Blairsville', 'blairsville', '', '34.8549', '-83.9714', '524', '706'),
(1774, 'ME', 'Lewiston', 'lewiston', '', '44.0845', '-70.1696', '500', '207'),
(1775, 'OH', 'Bowling Green', 'bowling-green', '', '41.3989', '-83.6539', '547', '419'),
(1776, 'PA', 'New Wilmington', 'new-wilmington', '', '41.1350', '-80.3355', '536', '724'),
(1777, 'KY', 'Corbin', 'corbin', '', '36.9199', '-84.1679', '541', '606'),
(1778, 'PA', 'State College', 'state-college', '', '40.7912', '-77.8746', '574', '814'),
(1779, 'ID', 'Twin Falls', 'twin-falls', '', '42.4199', '-114.5915', '760', '208'),
(1780, 'NY', 'Newburgh', 'newburgh', '', '41.5375', '-74.0512', '501', '845'),
(1781, 'OK', 'Miami', 'miami', '', '36.8995', '-94.8785', '603', '918'),
(1782, 'NV', 'Incline Village', 'incline-village', '', '39.2413', '-119.9292', '811', '775'),
(1783, 'LA', 'Plaquemine', 'plaquemine', '', '30.1883', '-91.3241', '716', '225'),
(1784, 'PA', 'Williamsport', 'williamsport', '', '41.2845', '-76.9204', '577', '570'),
(1785, 'GA', 'Dallas', 'dallas', '', '33.9286', '-84.8749', '524', '770'),
(1786, 'TX', 'Cleveland', 'cleveland', '', '30.3651', '-95.0674', '618', '281'),
(1787, 'KY', 'Winchester', 'winchester', '', '37.9685', '-84.1460', '541', '859'),
(1788, 'NY', 'Niagara Falls', 'niagara-falls', '', '43.1031', '-79.0092', '514', '716'),
(1789, 'IL', 'Galesburg', 'galesburg', '', '40.9421', '-90.3780', '682', '309'),
(1790, 'MN', 'Burnsville', 'burnsville', '', '44.7560', '-93.2811', '613', '952'),
(1791, 'TX', 'Angleton', 'angleton', '', '29.1851', '-95.4554', '618', '979'),
(1792, 'WA', 'Pullman', 'pullman', '', '46.7322', '-117.2455', '881', '509'),
(1793, 'VA', 'Blackstone', 'blackstone', '', '37.0752', '-77.9703', '556', '434'),
(1794, 'TX', 'Mineral Wells', 'mineral-wells', '', '32.7923', '-98.1388', '623', '940'),
(1795, 'KY', 'Ashland', 'ashland', '', '38.4463', '-82.6930', '564', '606'),
(1796, 'AR', 'Mc Gehee', 'mc-gehee', '', '33.6284', '-91.3569', '693', '870'),
(1797, 'TX', 'Stephenville', 'stephenville', '', '32.2888', '-98.1948', '623', '254'),
(1798, 'LA', 'Bastrop', 'bastrop', '', '32.8323', '-91.8968', '628', '318'),
(1799, 'IN', 'Marion', 'marion', '', '40.5564', '-85.6223', '527', '765'),
(1800, 'OK', 'Pryor', 'pryor', '', '36.3219', '-95.2826', '671', '918'),
(1801, 'CA', 'Ojai', 'ojai', '', '34.5152', '-119.2896', '803', '805'),
(1802, 'NY', 'Far Rockaway', 'far-rockaway', '', '40.6098', '-73.7940', '501', '718'),
(1803, 'AR', 'Pine Bluff', 'pine-bluff', '', '34.1421', '-91.9876', '693', '870'),
(1804, 'GA', 'Griffin', 'griffin', '', '33.2464', '-84.2482', '524', '770'),
(1805, 'VT', 'South Burlington', 'south-burlington', '', '44.4524', '-73.1841', '523', '802'),
(1806, 'NM', 'Carlsbad', 'carlsbad', '', '32.2995', '-104.2875', '790', '575'),
(1807, 'AZ', 'Fountain Hills', 'fountain-hills', '', '33.6040', '-111.7426', '753', '480'),
(1808, 'MN', 'Monticello', 'monticello', '', '45.2957', '-93.8114', '613', '763'),
(1809, 'MI', 'Portage', 'portage', '', '42.1993', '-85.5863', '563', '269'),
(1810, 'NM', 'Hobbs', 'hobbs', '', '32.7652', '-103.2121', '633', '575'),
(1811, 'OH', 'Willard', 'willard', '', '41.0905', '-82.6972', '510', '419'),
(1812, 'CA', 'San Fernando', 'san-fernando', '', '34.2846', '-118.4399', '803', '818'),
(1813, 'CA', 'Grover Beach', 'grover-beach', '', '35.1212', '-120.6193', '855', '805'),
(1814, 'NJ', 'Hawthorne', 'hawthorne', '', '40.9590', '-74.1562', '501', '973'),
(1815, 'LA', 'Westwego', 'westwego', '', '29.9180', '-90.2033', '622', '504'),
(1816, 'AR', 'Harrison', 'harrison', '', '36.2331', '-93.0636', '619', '870'),
(1817, 'AR', 'Bella Vista', 'bella-vista', '', '36.4591', '-94.2768', '670', '479'),
(1818, 'MN', 'Maple Plain', 'maple-plain', '', '44.9909', '-93.6831', '613', '952'),
(1819, 'SD', 'Brookings', 'brookings', '', '44.3262', '-96.8110', '725', '605'),
(1820, 'FL', 'Gulf Breeze', 'gulf-breeze', '', '30.3763', '-87.0257', '686', '850'),
(1821, 'IA', 'Clarion', 'clarion', '', '42.7176', '-93.7497', '679', '515'),
(1822, 'KY', 'Radcliff', 'radcliff', '', '37.8546', '-85.8961', '529', '270'),
(1823, 'MN', 'Virginia', 'virginia', '', '47.5936', '-92.4957', '676', '218'),
(1824, 'IA', 'Red Oak', 'red-oak', '', '41.0161', '-95.2184', '652', '712'),
(1825, 'GA', 'Americus', 'americus', '', '32.0575', '-84.1954', '522', '229'),
(1826, 'MS', 'Bay Saint Louis', 'bay-saint-louis', '', '30.2694', '-89.4548', '622', '228'),
(1827, 'MN', 'Hibbing', 'hibbing', '', '47.4080', '-92.9669', '676', '218'),
(1828, 'SC', 'Lancaster', 'lancaster', '', '34.7601', '-80.6930', '517', '803'),
(1829, 'IA', 'Cedar Falls', 'cedar-falls', '', '42.5174', '-92.5169', '637', '319'),
(1830, 'AL', 'Monroeville', 'monroeville', '', '31.5060', '-87.3323', '686', '251'),
(1831, 'AL', 'Gulf Shores', 'gulf-shores', '', '30.2514', '-87.6828', '686', '251'),
(1832, 'IA', 'Fairfield', 'fairfield', '', '41.0250', '-91.9307', '631', '641'),
(1833, 'AZ', 'Nogales', 'nogales', '', '31.4502', '-110.8311', '789', '520'),
(1834, 'IA', 'Boone', 'boone', '', '42.1019', '-93.8420', '679', '515'),
(1835, 'IA', 'Shenandoah', 'shenandoah', '', '40.7134', '-95.3368', '652', '712'),
(1836, 'SD', 'Yankton', 'yankton', '', '42.9359', '-97.4405', '725', '605'),
(1837, 'CA', 'Carmichael', 'carmichael', '', '38.6262', '-121.3248', '862', '916'),
(1838, 'IL', 'Pekin', 'pekin', '', '40.5494', '-89.6252', '675', '309'),
(1839, 'IL', 'Jacksonville', 'jacksonville', '', '39.7401', '-90.2388', '648', '217'),
(1840, 'NM', 'Rio Rancho', 'rio-rancho', '', '35.2871', '-106.7204', '790', '505'),
(1841, 'CA', 'Fairfax', 'fairfax', '', '37.9882', '-122.6010', '807', '415'),
(1842, 'CT', 'Unionville', 'unionville', '', '41.7469', '-72.8872', '533', '860'),
(1843, 'MA', 'Somerset', 'somerset', '', '41.7406', '-71.1647', '521', '508'),
(1844, 'RI', 'North Kingstown', 'north-kingstown', '', '41.5877', '-71.4623', '521', '401'),
(1845, 'TX', 'Pearland', 'pearland', '', '29.5475', '-95.2937', '618', '281'),
(1846, 'CO', 'Wheat Ridge', 'wheat-ridge', '', '39.7747', '-105.1033', '751', '303'),
(1847, 'MI', 'Mount Pleasant', 'mount-pleasant', '', '43.6147', '-84.7927', '513', '989'),
(1848, 'FL', 'High Springs', 'high-springs', '', '29.8323', '-82.5854', '592', '386'),
(1849, 'OH', 'Greenfield', 'greenfield', '', '39.3614', '-83.3912', '515', '937'),
(1850, 'KY', 'London', 'london', '', '37.0904', '-83.9724', '541', '606'),
(1851, 'OH', 'Fairfield', 'fairfield', '', '39.3367', '-84.5496', '515', '513'),
(1852, 'OH', 'Groveport', 'groveport', '', '39.8436', '-82.8933', '535', '614'),
(1853, 'NY', 'Jamestown', 'jamestown', '', '42.1045', '-79.2520', '514', '716'),
(1854, 'AZ', 'Douglas', 'douglas', '', '31.5452', '-109.4677', '789', '520'),
(1855, 'PA', 'Cresson', 'cresson', '', '40.4650', '-78.5807', '574', '814'),
(1856, 'OH', 'Eastlake', 'eastlake', '', '41.6502', '-81.4533', '510', '440'),
(1857, 'TX', 'Alpine', 'alpine', '', '29.9510', '-103.4682', '633', '432'),
(1858, 'KY', 'Shelbyville', 'shelbyville', '', '38.2145', '-85.2053', '529', '502'),
(1859, 'TX', 'Tomball', 'tomball', '', '30.0723', '-95.6354', '618', '281'),
(1860, 'KY', 'Versailles', 'versailles', '', '37.9969', '-84.7466', '541', '859'),
(1861, 'AZ', 'Show Low', 'show-low', '', '34.2338', '-110.0772', '753', '928'),
(1862, 'TX', 'Denison', 'denison', '', '33.7602', '-96.5408', '657', '903'),
(1863, 'TX', 'Cedar Park', 'cedar-park', '', '30.4998', '-97.8082', '635', '512'),
(1864, 'KS', 'Hutchinson', 'hutchinson', '', '38.0434', '-97.9515', '678', '620'),
(1865, 'KY', 'Lancaster', 'lancaster', '', '37.6877', '-84.5907', '541', '859'),
(1866, 'MS', 'Clinton', 'clinton', '', '32.3671', '-90.3585', '718', '601'),
(1867, 'LA', 'Gretna', 'gretna', '', '29.8997', '-90.0405', '622', '504'),
(1868, 'NH', 'Hampton', 'hampton', '', '42.9317', '-70.8427', '506', '603'),
(1869, 'CA', 'Goleta', 'goleta', '', '34.5022', '-120.1287', '855', '805'),
(1870, 'TX', 'Texas City', 'texas-city', '', '29.4045', '-94.9542', '618', '409'),
(1871, 'TX', 'Mission', 'mission', '', '26.2456', '-98.3569', '636', '956'),
(1872, 'OH', 'West Chester', 'west-chester', '', '39.3376', '-84.4044', '515', '513'),
(1873, 'IN', 'Crawfordsville', 'crawfordsville', '', '40.0407', '-86.9003', '527', '765'),
(1874, 'MD', 'Temple Hills', 'temple-hills', '', '38.8179', '-76.9425', '511', '301'),
(1875, 'NM', 'Espanola', 'espanola', '', '36.0008', '-106.1316', '790', '505'),
(1876, 'TX', 'Bryan', 'bryan', '', '30.6913', '-96.3856', '625', '979'),
(1877, 'MO', 'Sedalia', 'sedalia', '', '38.7029', '-93.2368', '616', '660'),
(1878, 'CA', 'Fillmore', 'fillmore', '', '34.4021', '-118.8395', '803', '805'),
(1879, 'NY', 'Rome', 'rome', '', '43.2372', '-75.4443', '555', '315'),
(1880, 'CA', 'Corte Madera', 'corte-madera', '', '37.9257', '-122.5127', '807', '415'),
(1881, 'CO', 'Windsor', 'windsor', '', '40.4724', '-104.8939', '751', '970'),
(1882, 'CA', 'North Hills', 'north-hills', '', '34.2387', '-118.4772', '803', '818'),
(1883, 'TX', 'Leander', 'leander', '', '30.4934', '-97.9434', '635', '512'),
(1884, 'WI', 'Menomonee Falls', 'menomonee-falls', '', '43.1486', '-88.1246', '617', '262'),
(1885, 'MD', 'Lanham', 'lanham', '', '38.9690', '-76.8537', '511', '301'),
(1886, 'PA', 'Gettysburg', 'gettysburg', '', '39.8418', '-77.2291', '566', '717'),
(1887, 'IL', 'Franklin Park', 'franklin-park', '', '41.9349', '-87.8851', '602', '847'),
(1888, 'CA', 'Paradise', 'paradise', '', '39.7413', '-121.6121', '868', '530'),
(1889, 'OH', 'Monroe', 'monroe', '', '39.4445', '-84.3678', '515', '513'),
(1890, 'OH', 'Marysville', 'marysville', '', '40.2540', '-83.3685', '535', '937'),
(1891, 'NC', 'Pinehurst', 'pinehurst', '', '35.1936', '-79.4613', '560', '910'),
(1892, 'FL', 'Orange City', 'orange-city', '', '28.9404', '-81.3038', '534', '386'),
(1893, 'FL', 'Debary', 'debary', '', '28.8939', '-81.3194', '534', '386'),
(1894, 'FL', 'Merritt Island', 'merritt-island', '', '28.3579', '-80.6666', '534', '321'),
(1895, 'MI', 'Berrien Springs', 'berrien-springs', '', '41.9599', '-86.3932', '588', '269'),
(1896, 'ND', 'Wahpeton', 'wahpeton', '', '46.2900', '-96.7258', '724', '701'),
(1897, 'ND', 'Williston', 'williston', '', '48.2230', '-103.7071', '687', '701'),
(1898, 'SD', 'Milbank', 'milbank', '', '45.2165', '-96.6050', '725', '605'),
(1899, 'CA', 'La Crescenta', 'la-crescenta', '', '34.2387', '-118.2468', '803', '818');
INSERT INTO `geo_cities` (`city_id`, `region`, `title`, `alias`, `postalCode`, `latitude`, `longitude`, `metroCode`, `areaCode`) VALUES
(1900, 'ND', 'Minot', 'minot', '', '48.2374', '-101.3325', '687', '701'),
(1901, 'WA', 'Mount Vernon', 'mount-vernon', '', '48.3967', '-122.2039', '819', '360'),
(1902, 'TX', 'Aransas Pass', 'aransas-pass', '', '27.9709', '-97.1550', '600', '361'),
(1903, 'MS', 'Moss Point', 'moss-point', '', '30.4798', '-88.5130', '746', '228'),
(1904, 'OK', 'Elk City', 'elk-city', '', '35.3928', '-99.4562', '650', '580'),
(1905, 'MS', 'Mccomb', 'mccomb', '', '31.2032', '-90.3956', '718', '601'),
(1906, 'AZ', 'Globe', 'globe', '', '33.6295', '-110.7071', '753', '928'),
(1907, 'AZ', 'Bullhead City', 'bullhead-city', '', '35.1157', '-114.5326', '753', '928'),
(1908, 'NC', 'Rockingham', 'rockingham', '', '34.9302', '-79.7670', '517', '910'),
(1909, 'OH', 'Sidney', 'sidney', '', '40.2839', '-84.1648', '542', '937'),
(1910, 'MA', 'Hingham', 'hingham', '', '42.2159', '-70.8793', '506', '781'),
(1911, 'FL', 'Crystal River', 'crystal-river', '', '28.9168', '-82.6112', '539', '352'),
(1912, 'FL', 'Jacksonville Bea', 'jacksonville-bea', '', '30.2801', '-81.4050', '561', '904'),
(1913, 'CA', 'San Pedro', 'san-pedro', '', '33.7370', '-118.3053', '803', '310'),
(1914, 'OH', 'Willoughby', 'willoughby', '', '41.6384', '-81.3787', '510', '440'),
(1915, 'AZ', 'Queen Creek', 'queen-creek', '', '33.1983', '-111.6041', '753', '480'),
(1916, 'AZ', 'Wickenburg', 'wickenburg', '', '33.9022', '-112.9014', '753', '928'),
(1917, 'TN', 'New Tazewell', 'new-tazewell', '', '36.4154', '-83.7066', '557', '423'),
(1918, 'TN', 'Germantown', 'germantown', '', '35.0822', '-89.7836', '640', '901'),
(1919, 'TN', 'Manchester', 'manchester', '', '35.5206', '-86.0703', '659', '931'),
(1920, 'TN', 'Martin', 'martin', '', '36.3838', '-88.8319', '632', '731'),
(1921, 'WV', 'Mineral Wells', 'mineral-wells', '', '39.1491', '-81.5258', '597', '334'),
(1922, 'TX', 'Universal City', 'universal-city', '', '29.5423', '-98.2964', '641', '210'),
(1923, 'TX', 'La Porte', 'la-porte', '', '29.6883', '-95.0608', '618', '281'),
(1924, 'NC', 'Rural Hall', 'rural-hall', '', '36.2366', '-80.2983', '518', '336'),
(1925, 'OH', 'Wadsworth', 'wadsworth', '', '41.0622', '-81.7451', '510', '330'),
(1926, 'NY', 'Horseheads', 'horseheads', '', '42.2125', '-76.7868', '565', '607'),
(1927, 'TX', 'Kingsville', 'kingsville', '', '27.4615', '-97.8437', '600', '361'),
(1928, 'TX', 'Alice', 'alice', '', '27.7039', '-98.0844', '600', '361'),
(1929, 'TX', 'Weslaco', 'weslaco', '', '26.1722', '-97.9812', '636', '956'),
(1930, 'AL', 'Eufaula', 'eufaula', '', '31.9184', '-85.2086', '522', '334'),
(1931, 'TX', 'Del Rio', 'del-rio', '', '29.6195', '-100.8089', '641', '830'),
(1932, 'CA', 'Pismo Beach', 'pismo-beach', '', '35.1546', '-120.6595', '855', '805'),
(1933, 'NY', 'Keeseville', 'keeseville', '', '44.4772', '-73.5299', '523', '518'),
(1934, 'CA', 'Los Osos', 'los-osos', '', '35.2904', '-120.8101', '855', '805'),
(1935, 'CT', 'Storrs Mansfield', 'storrs-mansfield', '', '41.7912', '-72.2534', '533', '860'),
(1936, 'MI', 'Gaylord', 'gaylord', '', '44.9867', '-84.6393', '540', '989'),
(1937, 'GA', 'Dublin', 'dublin', '', '32.4643', '-82.9495', '503', '478'),
(1938, 'MN', 'Grand Rapids', 'grand-rapids', '', '47.2432', '-93.5119', '676', '218'),
(1939, 'NY', 'Islandia', 'islandia', '', '40.8064', '-73.1738', '501', '631'),
(1940, 'NY', 'Southampton', 'southampton', '', '40.9077', '-72.4178', '501', '631'),
(1941, 'AL', 'Prattville', 'prattville', '', '32.4954', '-86.5000', '698', '334'),
(1942, 'ME', 'Biddeford', 'biddeford', '', '43.4961', '-70.4886', '500', '207'),
(1943, 'ME', 'Limestone', 'limestone', '', '46.9582', '-67.8598', '552', '207'),
(1944, 'CA', 'Morro Bay', 'morro-bay', '', '35.3848', '-120.7845', '855', '805'),
(1945, 'WI', 'New Berlin', 'new-berlin', '', '42.9721', '-88.1305', '617', '262'),
(1946, 'OH', 'Hebron', 'hebron', '', '39.9737', '-82.5091', '535', '740'),
(1947, 'NY', 'Watertown', 'watertown', '', '44.0134', '-75.8336', '549', '315'),
(1948, 'NY', 'Vestal', 'vestal', '', '42.0567', '-76.0272', '502', '607'),
(1949, 'MA', 'Greenfield', 'greenfield', '', '42.6342', '-72.6026', '543', '413'),
(1950, 'SD', 'Aberdeen', 'aberdeen', '', '45.4819', '-98.5064', '725', '605'),
(1951, 'SD', 'Huron', 'huron', '', '44.3792', '-98.2050', '725', '605'),
(1952, 'AZ', 'Cave Creek', 'cave-creek', '', '33.8045', '-111.9317', '753', '480'),
(1953, 'NV', 'Laughlin', 'laughlin', '', '35.1023', '-114.7121', '839', '702'),
(1954, 'OH', 'Novelty', 'novelty', '', '41.4701', '-81.3322', '510', '440'),
(1955, 'FL', 'Port Richey', 'port-richey', '', '28.3031', '-82.7048', '539', '727'),
(1956, 'FL', 'Lecanto', 'lecanto', '', '28.8001', '-82.4861', '539', '352'),
(1957, 'VA', 'Bristol', 'bristol', '', '36.6499', '-82.2075', '531', '276'),
(1958, 'MI', 'Frankenmuth', 'frankenmuth', '', '43.3546', '-83.7414', '513', '989'),
(1959, 'MI', 'Fremont', 'fremont', '', '43.4604', '-85.9303', '563', '231'),
(1960, 'NY', 'Auburn', 'auburn', '', '42.9129', '-76.5659', '555', '315'),
(1961, 'AR', 'West Memphis', 'west-memphis', '', '35.1385', '-90.1532', '640', '870'),
(1962, 'OK', 'Grove', 'grove', '', '36.5920', '-94.7297', '671', '918'),
(1963, 'LA', 'Crowley', 'crowley', '', '30.2211', '-92.3801', '642', '337'),
(1964, 'KS', 'Manhattan', 'manhattan', '', '39.1822', '-96.5968', '605', '785'),
(1965, 'CA', 'Carpinteria', 'carpinteria', '', '34.4335', '-119.5223', '855', '805'),
(1966, 'AZ', 'Sun City', 'sun-city', '', '33.6420', '-112.2960', '753', '623'),
(1967, 'CA', 'Arcata', 'arcata', '', '40.8536', '-124.0502', '802', '707'),
(1968, 'MA', 'Longmeadow', 'longmeadow', '', '42.0535', '-72.5685', '543', '413'),
(1969, 'LA', 'Leesville', 'leesville', '', '31.1209', '-93.1806', '644', '337'),
(1970, 'MA', 'Nantucket', 'nantucket', '', '41.3152', '-70.0090', '506', '508'),
(1971, 'CA', 'Susanville', 'susanville', '', '40.5730', '-120.6182', '811', '530'),
(1972, 'VT', 'Colchester', 'colchester', '', '44.5500', '-73.1552', '523', '802'),
(1973, 'KY', 'Campbellsville', 'campbellsville', '', '37.3646', '-85.3758', '529', '270'),
(1974, 'CA', 'San Anselmo', 'san-anselmo', '', '37.9922', '-122.5814', '807', '415'),
(1975, 'CA', 'Sebastopol', 'sebastopol', '', '38.4032', '-122.8633', '807', '707'),
(1976, 'FL', 'Okeechobee', 'okeechobee', '', '27.3195', '-80.9768', '548', '863'),
(1977, 'WY', 'Evanston', 'evanston', '', '41.2355', '-110.8313', '770', '307'),
(1978, 'MA', 'Buzzards Bay', 'buzzards-bay', '', '41.7361', '-70.5719', '506', '508'),
(1979, 'CO', 'Crested Butte', 'crested-butte', '', '38.8983', '-106.8741', '773', '970'),
(1980, 'CA', 'Sierra Madre', 'sierra-madre', '', '34.2017', '-118.0519', '803', '626'),
(1981, 'KS', 'Liberal', 'liberal', '', '37.1347', '-100.8862', '678', '620'),
(1982, 'CA', 'Newhall', 'newhall', '', '34.3667', '-118.4775', '803', '661'),
(1983, 'NJ', 'Teterboro', 'teterboro', '', '40.8546', '-74.0614', '501', '201'),
(1984, 'MN', 'Stacy', 'stacy', '', '45.4067', '-93.0302', '613', '651'),
(1985, 'MI', 'Marshall', 'marshall', '', '42.2607', '-84.9441', '563', '269'),
(1986, 'MA', 'Westminster', 'westminster', '', '42.5566', '-71.9086', '506', '978'),
(1987, 'PA', 'Fort Washington', 'fort-washington', '', '40.1370', '-75.2062', '504', '215'),
(1988, 'FL', 'Oviedo', 'oviedo', '', '28.6673', '-81.1411', '534', '407'),
(1989, 'VA', 'Farmville', 'farmville', '', '37.2981', '-78.4044', '556', '434'),
(1990, 'PA', 'Boyers', 'boyers', '', '41.1108', '-79.8975', '508', '836'),
(1991, 'CO', 'Steamboat Spring', 'steamboat-spring', '', '40.6265', '-106.9272', '751', '970'),
(1992, 'NC', 'Laurinburg', 'laurinburg', '', '34.7678', '-79.4639', '570', '910'),
(1993, 'VT', 'Rutland', 'rutland', '', '43.6445', '-72.9005', '523', '802'),
(1994, 'NC', 'Davidson', 'davidson', '', '35.4838', '-80.7943', '517', '704'),
(1995, 'NY', 'Stephentown', 'stephentown', '', '42.5694', '-73.4074', '532', '518'),
(1996, 'CA', 'Santa Paula', 'santa-paula', '', '34.4014', '-119.0753', '803', '805'),
(1997, 'AR', 'Jacksonville', 'jacksonville', '', '34.9184', '-92.1362', '693', '501'),
(1998, 'MI', 'Highland', 'highland', '', '42.6535', '-83.6170', '505', '248'),
(1999, 'NY', 'Monroe', 'monroe', '', '41.3218', '-74.2008', '501', '845'),
(2000, 'CO', 'Craig', 'craig', '', '40.6762', '-107.8126', '751', '970'),
(2001, 'CO', 'Florence', 'florence', '', '38.3399', '-105.0792', '752', '719'),
(2002, 'TX', 'Gatesville', 'gatesville', '', '31.4397', '-97.7853', '625', '254'),
(2003, 'KY', 'Danville', 'danville', '', '37.6454', '-84.8171', '541', '859'),
(2004, 'KY', 'Nicholasville', 'nicholasville', '', '37.8647', '-84.5642', '541', '859'),
(2005, 'CT', 'Suffield', 'suffield', '', '41.9896', '-72.6542', '533', '860'),
(2006, 'CO', 'Silverthorne', 'silverthorne', '', '39.7648', '-106.1799', '751', '970'),
(2007, 'IN', 'Newburgh', 'newburgh', '', '37.9568', '-87.3515', '649', '812'),
(2008, 'WY', 'Rock Springs', 'rock-springs', '', '41.5159', '-108.9942', '770', '307'),
(2009, 'ND', 'Dickinson', 'dickinson', '', '46.9153', '-102.8366', '687', '701'),
(2010, 'MT', 'Kalispell', 'kalispell', '', '48.1987', '-114.3857', '762', '406'),
(2011, 'TN', 'Clinton', 'clinton', '', '36.1033', '-84.2062', '557', '865'),
(2012, 'CA', 'Calexico', 'calexico', '', '32.6914', '-115.5171', '771', '760'),
(2013, 'PA', 'Warminster', 'warminster', '', '40.2140', '-75.0730', '504', '215'),
(2014, 'FL', 'Avon Park', 'avon-park', '', '27.6387', '-81.4048', '539', '863'),
(2015, 'IL', 'Loves Park', 'loves-park', '', '42.3296', '-88.9995', '610', '815'),
(2016, 'KY', 'Hopkinsville', 'hopkinsville', '', '36.9074', '-87.4597', '659', '270'),
(2017, 'TX', 'Gainesville', 'gainesville', '', '33.7009', '-97.1629', '623', '940'),
(2018, 'AZ', 'Green Valley', 'green-valley', '', '31.8466', '-111.0606', '789', '520'),
(2019, 'CA', 'Phelan', 'phelan', '', '34.4277', '-117.4822', '803', '760'),
(2020, 'CA', 'Trona', 'trona', '', '35.7339', '-117.3672', '803', '760'),
(2021, 'CA', 'Lemoore', 'lemoore', '', '36.2940', '-119.8286', '866', '559'),
(2022, 'PA', 'Olyphant', 'olyphant', '', '41.5007', '-75.6026', '577', '570'),
(2023, 'VA', 'Blacksburg', 'blacksburg', '', '37.2668', '-80.4325', '573', '540'),
(2024, 'WY', 'Jackson', 'jackson', '', '43.4560', '-110.5150', '758', '307'),
(2025, 'TN', 'Mc Minnville', 'mc-minnville', '', '35.6525', '-85.7284', '659', '931'),
(2026, 'TX', 'Navasota', 'navasota', '', '30.3706', '-96.0566', '618', '936'),
(2027, 'KY', 'Hazard', 'hazard', '', '37.3092', '-83.0568', '541', '606'),
(2028, 'GA', 'Dahlonega', 'dahlonega', '', '34.5728', '-84.0263', '524', '706'),
(2029, 'GA', 'Ellijay', 'ellijay', '', '34.7044', '-84.4253', '524', '706'),
(2030, 'CO', 'Montrose', 'montrose', '', '38.4065', '-107.8902', '773', '970'),
(2031, 'SD', 'Spearfish', 'spearfish', '', '44.4667', '-103.8580', '764', '605'),
(2032, 'MN', 'Waite Park', 'waite-park', '', '45.5304', '-94.2328', '613', '320'),
(2033, 'UT', 'Cedar City', 'cedar-city', '', '37.8116', '-113.2241', '770', '435'),
(2034, 'CO', 'Woodland Park', 'woodland-park', '', '38.9967', '-105.1184', '752', '719'),
(2035, 'NC', 'Waynesville', 'waynesville', '', '35.5422', '-82.9995', '567', '828'),
(2036, 'CA', 'Shasta Lake', 'shasta-lake', '', '40.6893', '-122.3768', '868', '530'),
(2037, 'CA', 'Poway', 'poway', '', '32.9774', '-117.0232', '825', '858'),
(2038, 'CA', 'La Mesa', 'la-mesa', '', '32.7717', '-117.0059', '825', '619'),
(2039, 'CA', 'Imperial Beach', 'imperial-beach', '', '32.5724', '-117.1132', '825', '619'),
(2040, 'CA', 'Twentynine Palms', 'twentynine-palms', '', '34.2438', '-115.8598', '803', '760'),
(2041, 'CA', 'Lemon Grove', 'lemon-grove', '', '32.7313', '-117.0391', '825', '619'),
(2042, 'CA', 'Trabuco Canyon', 'trabuco-canyon', '', '33.6117', '-117.5491', '803', '949'),
(2043, 'TN', 'Shelbyville', 'shelbyville', '', '35.4615', '-86.4898', '659', '931'),
(2044, 'FL', 'Flagler Beach', 'flagler-beach', '', '29.4931', '-81.1350', '534', '386'),
(2045, 'NM', 'Silver City', 'silver-city', '', '32.6790', '-108.5064', '790', '575'),
(2046, 'MN', 'Loretto', 'loretto', '', '45.0943', '-93.6654', '613', '763'),
(2047, 'NV', 'Mesquite', 'mesquite', '', '36.7889', '-114.1431', '839', '702'),
(2048, 'AZ', 'Payson', 'payson', '', '34.1954', '-111.1726', '753', '928'),
(2049, 'TX', 'Eagle Pass', 'eagle-pass', '', '28.7364', '-100.4521', '641', '830'),
(2050, 'AR', 'Forrest City', 'forrest-city', '', '35.0258', '-90.7807', '640', '870'),
(2051, 'OH', 'Lucasville', 'lucasville', '', '38.9105', '-82.9444', '564', '740'),
(2052, 'GA', 'Vidalia', 'vidalia', '', '32.2201', '-82.4337', '507', '912'),
(2053, 'NJ', 'Bellmawr', 'bellmawr', '', '39.8677', '-75.0907', '504', '856'),
(2054, 'FL', 'Nokomis', 'nokomis', '', '27.1799', '-82.3894', '539', '941'),
(2055, 'MS', 'Greenville', 'greenville', '', '33.3811', '-91.0083', '647', '662'),
(2056, 'MS', 'Natchez', 'natchez', '', '31.5692', '-91.3289', '718', '601'),
(2057, 'MS', 'Cleveland', 'cleveland', '', '33.7568', '-90.7297', '647', '662'),
(2058, 'CO', 'U S A F Academy', 'u-s-a-f-academy', '', '38.9917', '-104.8672', '752', '719'),
(2059, 'MD', 'Ridgely', 'ridgely', '', '38.9598', '-75.8904', '512', '410'),
(2060, 'VA', 'Middletown', 'middletown', '', '39.0139', '-78.2631', '511', '540'),
(2061, 'VA', 'Waverly', 'waverly', '', '37.0051', '-77.1182', '556', '804'),
(2062, 'PA', 'Ronks', 'ronks', '', '40.0080', '-76.1411', '566', '717'),
(2063, 'VA', 'Upperville', 'upperville', '', '39.0054', '-77.8868', '511', '540'),
(2064, 'LA', 'Minden', 'minden', '', '32.7081', '-93.2779', '612', '318'),
(2065, 'NV', 'Boulder City', 'boulder-city', '', '35.9168', '-114.8013', '839', '702'),
(2066, 'GA', 'Demorest', 'demorest', '', '34.5819', '-83.5699', '524', '706'),
(2067, 'TX', 'Commerce', 'commerce', '', '33.2844', '-95.9206', '623', '903'),
(2068, 'TX', 'Levelland', 'levelland', '', '33.6067', '-102.3872', '651', '806'),
(2069, 'MS', 'Ocean Springs', 'ocean-springs', '', '30.4871', '-88.7514', '746', '228'),
(2070, 'MI', 'Port Huron', 'port-huron', '', '42.9875', '-82.4666', '505', '810'),
(2071, 'MO', 'Liberty', 'liberty', '', '39.2692', '-94.3891', '616', '816'),
(2072, 'FL', 'Destin', 'destin', '', '30.3981', '-86.4563', '686', '850'),
(2073, 'CA', 'Bonita', 'bonita', '', '32.6773', '-117.0123', '825', '619'),
(2074, 'WI', 'Reedsburg', 'reedsburg', '', '43.5309', '-89.9734', '669', '608'),
(2075, 'OK', 'Mcalester', 'mcalester', '', '34.9665', '-95.8257', '671', '918'),
(2076, 'OK', 'Chickasha', 'chickasha', '', '35.0583', '-97.9347', '650', '405'),
(2077, 'AR', 'Searcy', 'searcy', '', '35.2327', '-91.7054', '693', '501'),
(2078, 'VT', 'Saint Albans', 'saint-albans', '', '44.8091', '-73.0922', '523', '802'),
(2079, 'RI', 'Wakefield', 'wakefield', '', '41.4279', '-71.5364', '521', '401'),
(2080, 'LA', 'Belle Chasse', 'belle-chasse', '', '29.7813', '-90.0443', '622', '504'),
(2081, 'CT', 'Waterford', 'waterford', '', '41.3595', '-72.1602', '533', '860'),
(2082, 'CT', 'Enfield', 'enfield', '', '41.9845', '-72.5571', '533', '860'),
(2083, 'GA', 'North Metro', 'north-metro', '', '33.9773', '-84.1489', '524', '770'),
(2084, 'FL', 'Mount Dora', 'mount-dora', '', '28.7620', '-81.6300', '534', '352'),
(2085, 'FL', 'Monticello', 'monticello', '', '30.4721', '-83.7758', '530', '850'),
(2086, 'MA', 'Stockbridge', 'stockbridge', '', '42.2822', '-73.3261', '532', '413'),
(2087, 'PA', 'Edinboro', 'edinboro', '', '41.8811', '-80.1629', '516', '814'),
(2088, 'PA', 'Albion', 'albion', '', '41.8814', '-80.3927', '516', '814'),
(2089, 'PA', 'Holmes', 'holmes', '', '39.9000', '-75.3075', '504', '610'),
(2090, 'LA', 'Tallulah', 'tallulah', '', '32.3652', '-91.1581', '628', '318'),
(2091, 'LA', 'Pineville', 'pineville', '', '31.2884', '-92.3880', '644', '318'),
(2092, 'CT', 'Harwinton', 'harwinton', '', '41.7525', '-73.0604', '533', '860'),
(2093, 'MS', 'Holly Springs', 'holly-springs', '', '34.7746', '-89.4533', '640', '662'),
(2094, 'FL', 'Immokalee', 'immokalee', '', '26.2304', '-81.2215', '571', '239'),
(2095, 'MS', 'Grenada', 'grenada', '', '33.7404', '-89.8324', '647', '662'),
(2096, 'TN', 'Dyersburg', 'dyersburg', '', '36.0124', '-89.3779', '640', '731'),
(2097, 'AL', 'Fairhope', 'fairhope', '', '30.4798', '-87.8658', '686', '251'),
(2098, 'TX', 'Plainview', 'plainview', '', '34.0947', '-101.6830', '651', '806'),
(2099, 'AL', 'Brewton', 'brewton', '', '31.1665', '-87.0761', '686', '251'),
(2100, 'GA', 'Baxley', 'baxley', '', '31.7613', '-82.3152', '507', '912'),
(2101, 'AL', 'Talladega', 'talladega', '', '33.3782', '-86.1034', '630', '256'),
(2102, 'AL', 'Boaz', 'boaz', '', '34.1658', '-86.1732', '691', '256'),
(2103, 'CO', 'Limon', 'limon', '', '39.2673', '-103.6851', '752', '719'),
(2104, 'LA', 'Chalmette', 'chalmette', '', '29.9566', '-89.9642', '622', '504'),
(2105, 'GA', 'Alto', 'alto', '', '34.4430', '-83.5802', '524', '706'),
(2106, 'MN', 'Young America', 'young-america', '', '44.8150', '-93.9296', '613', '612'),
(2107, 'NY', 'Potsdam', 'potsdam', '', '44.6609', '-74.9258', '549', '315'),
(2108, 'AZ', 'Quartzsite', 'quartzsite', '', '33.6789', '-114.2189', '753', '928'),
(2109, 'MA', 'Dalton', 'dalton', '', '42.4768', '-73.0959', '532', '413'),
(2110, 'VA', 'Strasburg', 'strasburg', '', '39.0488', '-78.3739', '511', '540'),
(2111, 'GA', 'Commerce', 'commerce', '', '34.2306', '-83.4329', '524', '706'),
(2112, 'MT', 'Ashland', 'ashland', '', '45.4508', '-106.2133', '756', '406'),
(2113, 'WA', 'Blaine', 'blaine', '', '48.9301', '-122.7253', '819', '360'),
(2114, 'NM', 'Clovis', 'clovis', '', '34.5028', '-103.2757', '634', '575'),
(2115, 'AZ', 'Mohave Valley', 'mohave-valley', '', '34.8615', '-114.5193', '753', '928'),
(2116, 'FL', 'Davenport', 'davenport', '', '28.2404', '-81.6454', '539', '863'),
(2117, 'FL', 'Silver Springs', 'silver-springs', '', '29.2461', '-81.8653', '534', '352'),
(2118, 'OK', 'Braggs', 'braggs', '', '35.6591', '-95.2012', '671', '918'),
(2119, 'AL', 'Tuskegee Institu', 'tuskegee-institu', '', '32.4172', '-85.7191', '698', '334'),
(2120, 'MA', 'Falmouth', 'falmouth', '', '41.5748', '-70.6275', '506', '508'),
(2121, 'AL', 'Spanish Fort', 'spanish-fort', '', '30.7021', '-87.8637', '686', '251'),
(2122, 'AR', 'Cherokee Village', 'cherokee-village', '', '36.2958', '-91.5680', '734', '870'),
(2123, 'SD', 'Chamberlain', 'chamberlain', '', '43.7887', '-99.3140', '725', '605'),
(2124, 'AR', 'Monticello', 'monticello', '', '33.6071', '-91.7605', '693', '870'),
(2125, 'TX', 'Uvalde', 'uvalde', '', '29.3565', '-99.8313', '641', '830'),
(2126, 'KY', 'Pikeville', 'pikeville', '', '37.4879', '-82.4956', '564', '606'),
(2127, 'IL', 'North Chicago', 'north-chicago', '', '42.3182', '-87.8597', '602', '847'),
(2128, 'FL', 'Key West', 'key-west', '', '24.5857', '-81.6810', '528', '305'),
(2129, 'MI', 'New Haven', 'new-haven', '', '42.7639', '-82.7966', '505', '586'),
(2130, 'GA', 'Waycross', 'waycross', '', '31.2017', '-82.3484', '561', '912'),
(2131, 'WI', 'New Holstein', 'new-holstein', '', '43.9498', '-88.1406', '658', '920'),
(2132, 'IA', 'Amana', 'amana', '', '41.8154', '-91.9035', '637', '319'),
(2133, 'CA', 'Boron', 'boron', '', '34.9624', '-117.6698', '803', '760'),
(2134, 'SC', 'Johns Island', 'johns-island', '', '32.6725', '-80.0970', '519', '843'),
(2135, 'CA', 'California City', 'california-city', '', '35.1509', '-117.9215', '803', '760'),
(2136, 'NV', 'Winnemucca', 'winnemucca', '', '41.1216', '-118.0537', '811', '775'),
(2137, 'MT', 'Butte', 'butte', '', '45.9564', '-112.5868', '754', '406'),
(2138, 'PA', 'Kittanning', 'kittanning', '', '40.8076', '-79.4220', '508', '724'),
(2139, 'MI', 'Mount Clemens', 'mount-clemens', '', '42.5979', '-82.8796', '505', '586'),
(2140, 'ND', 'Jamestown', 'jamestown', '', '46.8992', '-98.7458', '724', '701'),
(2141, 'NV', 'Ely', 'ely', '', '39.4205', '-115.0080', '770', '775'),
(2142, 'CA', 'Delano', 'delano', '', '35.7833', '-119.2361', '800', '661'),
(2143, 'AL', 'Atmore', 'atmore', '', '31.1742', '-87.4985', '686', '251'),
(2144, 'AR', 'Eureka Springs', 'eureka-springs', '', '36.4014', '-93.7822', '619', '479'),
(2145, 'FL', 'Raiford', 'raiford', '', '30.0853', '-82.2237', '561', '971'),
(2146, 'NV', 'Indian Springs', 'indian-springs', '', '36.5178', '-115.6459', '839', '702'),
(2147, 'FL', 'Port Saint Joe', 'port-saint-joe', '', '29.8409', '-85.2690', '656', '850'),
(2148, 'AR', 'Norfork', 'norfork', '', '36.1539', '-92.3535', '619', '870'),
(2149, 'TN', 'Sewanee', 'sewanee', '', '35.1587', '-85.8693', '659', '931'),
(2150, 'NV', 'Jean', 'jean', '', '35.7591', '-115.5376', '839', '702'),
(2151, 'TN', 'Union City', 'union-city', '', '36.4146', '-89.1396', '632', '731'),
(2152, 'TX', 'Snyder', 'snyder', '', '32.8989', '-100.9147', '662', '325'),
(2153, 'KY', 'Franklin', 'franklin', '', '36.7301', '-86.5614', '659', '270'),
(2154, 'GA', 'Douglas', 'douglas', '', '31.5075', '-82.8525', '525', '912'),
(2155, 'SC', 'Hodges', 'hodges', '', '34.3042', '-82.2356', '567', '864'),
(2156, 'MI', 'Tawas City', 'tawas-city', '', '44.2336', '-83.6329', '513', '989'),
(2157, 'WI', 'Iola', 'iola', '', '44.5814', '-89.1270', '658', '715'),
(2158, 'AR', 'Hot Springs Vill', 'hot-springs-vill', '', '34.6439', '-92.9788', '693', '501'),
(2159, 'AR', 'Heber Springs', 'heber-springs', '', '35.4479', '-91.9977', '693', '501'),
(2160, 'ME', 'New Portland', 'new-portland', '', '44.9958', '-70.0734', '500', '207'),
(2161, 'MN', 'Howard Lake', 'howard-lake', '', '45.0655', '-94.0766', '613', '320'),
(2162, 'MI', 'Grayling', 'grayling', '', '44.7143', '-84.6717', '540', '989'),
(2163, 'IA', 'Grinnell', 'grinnell', '', '41.7218', '-92.7177', '679', '641'),
(2164, 'OK', 'Davis', 'davis', '', '34.4598', '-97.2046', '657', '580'),
(2165, 'FL', 'Live Oak', 'live-oak', '', '30.2874', '-83.0089', '530', '386'),
(2166, 'CA', 'Oceano', 'oceano', '', '35.0688', '-120.6092', '855', '805'),
(2167, 'DC', 'Washington Navy ', 'washington-navy', '', '38.8555', '-77.0022', '511', '202'),
(2168, 'NM', 'Deming', 'deming', '', '32.2246', '-107.7635', '790', '575'),
(2169, 'SC', 'Mc Cormick', 'mc-cormick', '', '33.9046', '-82.2253', '520', '864'),
(2170, 'FL', 'Mid Florida', 'mid-florida', '', '28.6289', '-81.3573', '534', '908'),
(2171, 'PA', 'Genesee', 'genesee', '', '41.9427', '-77.8196', '514', '814'),
(2172, 'PA', 'Houtzdale', 'houtzdale', '', '40.8423', '-78.3731', '574', '814'),
(2173, 'MN', 'Detroit Lakes', 'detroit-lakes', '', '46.8241', '-95.8481', '724', '218'),
(2174, 'WI', 'Randolph', 'randolph', '', '43.5497', '-89.0238', '617', '920'),
(2175, 'NH', 'Rollinsford', 'rollinsford', '', '43.2200', '-70.8439', '506', '603'),
(2176, 'MS', 'Walls', 'walls', '', '34.9569', '-90.1228', '640', '901'),
(2177, 'AZ', 'Fort Mohave', 'fort-mohave', '', '35.0072', '-114.5637', '753', '928'),
(2178, 'CA', 'Potrero', 'potrero', '', '32.6385', '-116.5926', '825', '619'),
(2179, 'TX', 'Rule', 'rule', '', '33.1343', '-99.9135', '662', '940'),
(2180, 'AZ', 'Fort Huachuca', 'fort-huachuca', '', '31.5273', '-110.3607', '789', '520'),
(2181, 'MD', 'Westover', 'westover', '', '38.1073', '-75.7442', '576', '410'),
(2182, 'WA', 'Saint John', 'saint-john', '', '47.1058', '-117.6416', '881', '509'),
(2183, 'FL', 'Madison', 'madison', '', '30.4766', '-83.4451', '530', '850'),
(2184, 'AR', 'Timbo', 'timbo', '', '35.8845', '-92.3066', '693', '870'),
(2185, 'AR', 'Oden', 'oden', '', '34.6270', '-93.8274', '693', '870'),
(2186, 'AZ', 'Willcox', 'willcox', '', '32.4319', '-109.8860', '789', '520'),
(2187, 'IA', 'Harlan', 'harlan', '', '41.6479', '-95.2867', '652', '712'),
(2188, 'MT', 'Roundup', 'roundup', '', '46.4436', '-108.5189', '756', '406'),
(2189, 'NY', 'Newcomb', 'newcomb', '', '43.9992', '-74.1149', '523', '518'),
(2190, 'IL', 'Fox Valley', 'fox-valley', '', '41.8397', '-88.0887', '602', '404'),
(2191, 'VA', 'Oak Hall', 'oak-hall', '', '37.9267', '-75.5700', '576', '757'),
(2192, 'CO', 'Dinosaur', 'dinosaur', '', '40.3839', '-108.7744', '751', '970'),
(2193, 'CO', 'Crowley', 'crowley', '', '38.3179', '-103.7800', '752', '719'),
(2194, 'VA', 'Jarratt', 'jarratt', '', '36.8130', '-77.4814', '556', '434'),
(2195, 'NY', 'Lyon Mountain', 'lyon-mountain', '', '44.7550', '-73.9356', '523', '518'),
(2196, 'NE', 'Oshkosh', 'oshkosh', '', '41.5333', '-102.2902', '740', '308'),
(2197, 'OH', 'Reynoldsburg', 'reynoldsburg', '', '39.9549', '-82.7693', '535', '614'),
(2198, 'IL', 'Hoffman Estates', 'hoffman-estates', '', '42.0793', '-88.2237', '602', '847'),
(2199, 'SC', 'Camden', 'camden', '', '34.3177', '-80.5771', '546', '803'),
(2200, 'PA', 'Carlisle', 'carlisle', '', '40.1808', '-77.2139', '566', '717'),
(2201, 'PA', 'Doylestown', 'doylestown', '', '40.3321', '-75.1179', '504', '215'),
(2202, 'PA', 'Chambersburg', 'chambersburg', '', '39.9320', '-77.7069', '511', '717'),
(2203, 'AZ', 'Maricopa', 'maricopa', '', '33.0168', '-112.2028', '753', '520'),
(2204, 'AZ', 'Avondale', 'avondale', '', '33.4442', '-112.3179', '753', '623'),
(2205, 'VA', 'Spotsylvania', 'spotsylvania', '', '38.1972', '-77.6821', '511', '540'),
(2206, 'AZ', 'Goodyear', 'goodyear', '', '33.3776', '-112.3874', '753', '623'),
(2207, 'PA', 'East Stroudsburg', 'east-stroudsburg', '', '41.0715', '-75.1278', '577', '570'),
(2208, 'AZ', 'Marana', 'marana', '', '32.4580', '-111.2974', '789', '520'),
(2209, 'NV', 'Moapa', 'moapa', '', '36.5934', '-114.4940', '839', '702'),
(2210, 'NV', 'The Lakes', 'the-lakes', '', '36.3225', '-114.8197', '839', '916'),
(2211, 'AP', 'Apo', 'apo', '', '0.0000', '0.0000', '', '828'),
(2212, 'CA', 'Tecate', 'tecate', '', '32.5925', '-116.5855', '825', '619'),
(2213, 'AZ', 'Eloy', 'eloy', '', '32.6762', '-111.5594', '753', '520'),
(2214, 'AZ', 'Arizona City', 'arizona-city', '', '32.7653', '-111.6588', '753', '520'),
(2215, 'OR', 'Roseburg', 'roseburg', '', '43.2179', '-123.4021', '801', '541'),
(2216, 'AZ', 'Coolidge', 'coolidge', '', '32.9769', '-111.5040', '753', '520'),
(2217, 'AZ', 'Stanfield', 'stanfield', '', '32.8032', '-112.0063', '753', '520'),
(2218, 'NJ', 'Florham Park', 'florham-park', NULL, NULL, NULL, NULL, NULL),
(2219, 'NY', 'Queens', 'queens', NULL, '40.7689', '-73.9193', '501', '718');

-- --------------------------------------------------------

--
-- Table structure for table `geo_country`
--

CREATE TABLE IF NOT EXISTS `geo_country` (
  `country_id` int(11) NOT NULL AUTO_INCREMENT,
  `name` varchar(128) NOT NULL,
  `iso_code_2` varchar(2) NOT NULL,
  `iso_code_3` varchar(3) NOT NULL,
  `address_format` text NOT NULL,
  `postcode_required` tinyint(1) NOT NULL,
  `status` tinyint(1) NOT NULL DEFAULT '1',
  PRIMARY KEY (`country_id`)
) ENGINE=InnoDB  DEFAULT CHARSET=utf8 AUTO_INCREMENT=252 ;

--
-- Dumping data for table `geo_country`
--

INSERT INTO `geo_country` (`country_id`, `name`, `iso_code_2`, `iso_code_3`, `address_format`, `postcode_required`, `status`) VALUES
(1, 'Afghanistan', 'AF', 'AFG', '', 0, 1),
(2, 'Albania', 'AL', 'ALB', '', 0, 1),
(3, 'Algeria', 'DZ', 'DZA', '', 0, 1),
(4, 'American Samoa', 'AS', 'ASM', '', 0, 1),
(5, 'Andorra', 'AD', 'AND', '', 0, 1),
(6, 'Angola', 'AO', 'AGO', '', 0, 1),
(7, 'Anguilla', 'AI', 'AIA', '', 0, 1),
(8, 'Antarctica', 'AQ', 'ATA', '', 0, 1),
(9, 'Antigua and Barbuda', 'AG', 'ATG', '', 0, 1),
(10, 'Argentina', 'AR', 'ARG', '', 0, 1),
(11, 'Armenia', 'AM', 'ARM', '', 0, 1),
(12, 'Aruba', 'AW', 'ABW', '', 0, 1),
(13, 'Australia', 'AU', 'AUS', '', 0, 1),
(14, 'Austria', 'AT', 'AUT', '', 0, 1),
(15, 'Azerbaijan', 'AZ', 'AZE', '', 0, 1),
(16, 'Bahamas', 'BS', 'BHS', '', 0, 1),
(17, 'Bahrain', 'BH', 'BHR', '', 0, 1),
(18, 'Bangladesh', 'BD', 'BGD', '', 0, 1),
(19, 'Barbados', 'BB', 'BRB', '', 0, 1),
(20, 'Belarus', 'BY', 'BLR', '', 0, 1),
(21, 'Belgium', 'BE', 'BEL', '{firstname} {lastname}\r\n{company}\r\n{address_1}\r\n{address_2}\r\n{postcode} {city}\r\n{country}', 0, 1),
(22, 'Belize', 'BZ', 'BLZ', '', 0, 1),
(23, 'Benin', 'BJ', 'BEN', '', 0, 1),
(24, 'Bermuda', 'BM', 'BMU', '', 0, 1),
(25, 'Bhutan', 'BT', 'BTN', '', 0, 1),
(26, 'Bolivia', 'BO', 'BOL', '', 0, 1),
(27, 'Bosnia and Herzegovina', 'BA', 'BIH', '', 0, 1),
(28, 'Botswana', 'BW', 'BWA', '', 0, 1),
(29, 'Bouvet Island', 'BV', 'BVT', '', 0, 1),
(30, 'Brazil', 'BR', 'BRA', '', 0, 1),
(31, 'British Indian Ocean Territory', 'IO', 'IOT', '', 0, 1),
(32, 'Brunei Darussalam', 'BN', 'BRN', '', 0, 1),
(33, 'Bulgaria', 'BG', 'BGR', '', 0, 1),
(34, 'Burkina Faso', 'BF', 'BFA', '', 0, 1),
(35, 'Burundi', 'BI', 'BDI', '', 0, 1),
(36, 'Cambodia', 'KH', 'KHM', '', 0, 1),
(37, 'Cameroon', 'CM', 'CMR', '', 0, 1),
(38, 'Canada', 'CA', 'CAN', '', 0, 1),
(39, 'Cape Verde', 'CV', 'CPV', '', 0, 1),
(40, 'Cayman Islands', 'KY', 'CYM', '', 0, 1),
(41, 'Central African Republic', 'CF', 'CAF', '', 0, 1),
(42, 'Chad', 'TD', 'TCD', '', 0, 1),
(43, 'Chile', 'CL', 'CHL', '', 0, 1),
(44, 'China', 'CN', 'CHN', '', 0, 1),
(45, 'Christmas Island', 'CX', 'CXR', '', 0, 1),
(46, 'Cocos (Keeling) Islands', 'CC', 'CCK', '', 0, 1),
(47, 'Colombia', 'CO', 'COL', '', 0, 1),
(48, 'Comoros', 'KM', 'COM', '', 0, 1),
(49, 'Congo', 'CG', 'COG', '', 0, 1),
(50, 'Cook Islands', 'CK', 'COK', '', 0, 1),
(51, 'Costa Rica', 'CR', 'CRI', '', 0, 1),
(52, 'Cote D''Ivoire', 'CI', 'CIV', '', 0, 1),
(53, 'Croatia', 'HR', 'HRV', '', 0, 1),
(54, 'Cuba', 'CU', 'CUB', '', 0, 1),
(55, 'Cyprus', 'CY', 'CYP', '', 0, 1),
(56, 'Czech Republic', 'CZ', 'CZE', '', 0, 1),
(57, 'Denmark', 'DK', 'DNK', '', 0, 1),
(58, 'Djibouti', 'DJ', 'DJI', '', 0, 1),
(59, 'Dominica', 'DM', 'DMA', '', 0, 1),
(60, 'Dominican Republic', 'DO', 'DOM', '', 0, 1),
(61, 'East Timor', 'TL', 'TLS', '', 0, 1),
(62, 'Ecuador', 'EC', 'ECU', '', 0, 1),
(63, 'Egypt', 'EG', 'EGY', '', 0, 1),
(64, 'El Salvador', 'SV', 'SLV', '', 0, 1),
(65, 'Equatorial Guinea', 'GQ', 'GNQ', '', 0, 1),
(66, 'Eritrea', 'ER', 'ERI', '', 0, 1),
(67, 'Estonia', 'EE', 'EST', '', 0, 1),
(68, 'Ethiopia', 'ET', 'ETH', '', 0, 1),
(69, 'Falkland Islands (Malvinas)', 'FK', 'FLK', '', 0, 1),
(70, 'Faroe Islands', 'FO', 'FRO', '', 0, 1),
(71, 'Fiji', 'FJ', 'FJI', '', 0, 1),
(72, 'Finland', 'FI', 'FIN', '', 0, 1),
(74, 'France, Metropolitan', 'FR', 'FRA', '{firstname} {lastname}\r\n{company}\r\n{address_1}\r\n{address_2}\r\n{postcode} {city}\r\n{country}', 1, 1),
(75, 'French Guiana', 'GF', 'GUF', '', 0, 1),
(76, 'French Polynesia', 'PF', 'PYF', '', 0, 1),
(77, 'French Southern Territories', 'TF', 'ATF', '', 0, 1),
(78, 'Gabon', 'GA', 'GAB', '', 0, 1),
(79, 'Gambia', 'GM', 'GMB', '', 0, 1),
(80, 'Georgia', 'GE', 'GEO', '', 0, 1),
(81, 'Germany', 'DE', 'DEU', '{company}\r\n{firstname} {lastname}\r\n{address_1}\r\n{address_2}\r\n{postcode} {city}\r\n{country}', 1, 1),
(82, 'Ghana', 'GH', 'GHA', '', 0, 1),
(83, 'Gibraltar', 'GI', 'GIB', '', 0, 1),
(84, 'Greece', 'GR', 'GRC', '', 0, 1),
(85, 'Greenland', 'GL', 'GRL', '', 0, 1),
(86, 'Grenada', 'GD', 'GRD', '', 0, 1),
(87, 'Guadeloupe', 'GP', 'GLP', '', 0, 1),
(88, 'Guam', 'GU', 'GUM', '', 0, 1),
(89, 'Guatemala', 'GT', 'GTM', '', 0, 1),
(90, 'Guinea', 'GN', 'GIN', '', 0, 1),
(91, 'Guinea-Bissau', 'GW', 'GNB', '', 0, 1),
(92, 'Guyana', 'GY', 'GUY', '', 0, 1),
(93, 'Haiti', 'HT', 'HTI', '', 0, 1),
(94, 'Heard and Mc Donald Islands', 'HM', 'HMD', '', 0, 1),
(95, 'Honduras', 'HN', 'HND', '', 0, 1),
(96, 'Hong Kong', 'HK', 'HKG', '', 0, 1),
(97, 'Hungary', 'HU', 'HUN', '', 0, 1),
(98, 'Iceland', 'IS', 'ISL', '', 0, 1),
(99, 'India', 'IN', 'IND', '', 0, 1),
(100, 'Indonesia', 'ID', 'IDN', '', 0, 1),
(101, 'Iran (Islamic Republic of)', 'IR', 'IRN', '', 0, 1),
(102, 'Iraq', 'IQ', 'IRQ', '', 0, 1),
(103, 'Ireland', 'IE', 'IRL', '', 0, 1),
(104, 'Israel', 'IL', 'ISR', '', 0, 1),
(105, 'Italy', 'IT', 'ITA', '', 0, 1),
(106, 'Jamaica', 'JM', 'JAM', '', 0, 1),
(107, 'Japan', 'JP', 'JPN', '', 0, 1),
(108, 'Jordan', 'JO', 'JOR', '', 0, 1),
(109, 'Kazakhstan', 'KZ', 'KAZ', '', 0, 1),
(110, 'Kenya', 'KE', 'KEN', '', 0, 1),
(111, 'Kiribati', 'KI', 'KIR', '', 0, 1),
(112, 'North Korea', 'KP', 'PRK', '', 0, 1),
(113, 'Korea, Republic of', 'KR', 'KOR', '', 0, 1),
(114, 'Kuwait', 'KW', 'KWT', '', 0, 1),
(115, 'Kyrgyzstan', 'KG', 'KGZ', '', 0, 1),
(116, 'Lao People''s Democratic Republic', 'LA', 'LAO', '', 0, 1),
(117, 'Latvia', 'LV', 'LVA', '', 0, 1),
(118, 'Lebanon', 'LB', 'LBN', '', 0, 1),
(119, 'Lesotho', 'LS', 'LSO', '', 0, 1),
(120, 'Liberia', 'LR', 'LBR', '', 0, 1),
(121, 'Libyan Arab Jamahiriya', 'LY', 'LBY', '', 0, 1),
(122, 'Liechtenstein', 'LI', 'LIE', '', 0, 1),
(123, 'Lithuania', 'LT', 'LTU', '', 0, 1),
(124, 'Luxembourg', 'LU', 'LUX', '', 0, 1),
(125, 'Macau', 'MO', 'MAC', '', 0, 1),
(126, 'FYROM', 'MK', 'MKD', '', 0, 1),
(127, 'Madagascar', 'MG', 'MDG', '', 0, 1),
(128, 'Malawi', 'MW', 'MWI', '', 0, 1),
(129, 'Malaysia', 'MY', 'MYS', '', 0, 1),
(130, 'Maldives', 'MV', 'MDV', '', 0, 1),
(131, 'Mali', 'ML', 'MLI', '', 0, 1),
(132, 'Malta', 'MT', 'MLT', '', 0, 1),
(133, 'Marshall Islands', 'MH', 'MHL', '', 0, 1),
(134, 'Martinique', 'MQ', 'MTQ', '', 0, 1),
(135, 'Mauritania', 'MR', 'MRT', '', 0, 1),
(136, 'Mauritius', 'MU', 'MUS', '', 0, 1),
(137, 'Mayotte', 'YT', 'MYT', '', 0, 1),
(138, 'Mexico', 'MX', 'MEX', '', 0, 1),
(139, 'Micronesia, Federated States of', 'FM', 'FSM', '', 0, 1),
(140, 'Moldova, Republic of', 'MD', 'MDA', '', 0, 1),
(141, 'Monaco', 'MC', 'MCO', '', 0, 1),
(142, 'Mongolia', 'MN', 'MNG', '', 0, 1),
(143, 'Montserrat', 'MS', 'MSR', '', 0, 1),
(144, 'Morocco', 'MA', 'MAR', '', 0, 1),
(145, 'Mozambique', 'MZ', 'MOZ', '', 0, 1),
(146, 'Myanmar', 'MM', 'MMR', '', 0, 1),
(147, 'Namibia', 'NA', 'NAM', '', 0, 1),
(148, 'Nauru', 'NR', 'NRU', '', 0, 1),
(149, 'Nepal', 'NP', 'NPL', '', 0, 1),
(150, 'Netherlands', 'NL', 'NLD', '', 0, 1),
(151, 'Netherlands Antilles', 'AN', 'ANT', '', 0, 1),
(152, 'New Caledonia', 'NC', 'NCL', '', 0, 1),
(153, 'New Zealand', 'NZ', 'NZL', '', 0, 1),
(154, 'Nicaragua', 'NI', 'NIC', '', 0, 1),
(155, 'Niger', 'NE', 'NER', '', 0, 1),
(156, 'Nigeria', 'NG', 'NGA', '', 0, 1),
(157, 'Niue', 'NU', 'NIU', '', 0, 1),
(158, 'Norfolk Island', 'NF', 'NFK', '', 0, 1),
(159, 'Northern Mariana Islands', 'MP', 'MNP', '', 0, 1),
(160, 'Norway', 'NO', 'NOR', '', 0, 1),
(161, 'Oman', 'OM', 'OMN', '', 0, 1),
(162, 'Pakistan', 'PK', 'PAK', '', 0, 1),
(163, 'Palau', 'PW', 'PLW', '', 0, 1),
(164, 'Panama', 'PA', 'PAN', '', 0, 1),
(165, 'Papua New Guinea', 'PG', 'PNG', '', 0, 1),
(166, 'Paraguay', 'PY', 'PRY', '', 0, 1),
(167, 'Peru', 'PE', 'PER', '', 0, 1),
(168, 'Philippines', 'PH', 'PHL', '', 0, 1),
(169, 'Pitcairn', 'PN', 'PCN', '', 0, 1),
(170, 'Poland', 'PL', 'POL', '', 0, 1),
(171, 'Portugal', 'PT', 'PRT', '', 0, 1),
(172, 'Puerto Rico', 'PR', 'PRI', '', 0, 1),
(173, 'Qatar', 'QA', 'QAT', '', 0, 1),
(174, 'Reunion', 'RE', 'REU', '', 0, 1),
(175, 'Romania', 'RO', 'ROM', '', 0, 1),
(176, 'Russian Federation', 'RU', 'RUS', '', 0, 1),
(177, 'Rwanda', 'RW', 'RWA', '', 0, 1),
(178, 'Saint Kitts and Nevis', 'KN', 'KNA', '', 0, 1),
(179, 'Saint Lucia', 'LC', 'LCA', '', 0, 1),
(180, 'Saint Vincent and the Grenadines', 'VC', 'VCT', '', 0, 1),
(181, 'Samoa', 'WS', 'WSM', '', 0, 1),
(182, 'San Marino', 'SM', 'SMR', '', 0, 1),
(183, 'Sao Tome and Principe', 'ST', 'STP', '', 0, 1),
(184, 'Saudi Arabia', 'SA', 'SAU', '', 0, 1),
(185, 'Senegal', 'SN', 'SEN', '', 0, 1),
(186, 'Seychelles', 'SC', 'SYC', '', 0, 1),
(187, 'Sierra Leone', 'SL', 'SLE', '', 0, 1),
(188, 'Singapore', 'SG', 'SGP', '', 0, 1),
(189, 'Slovak Republic', 'SK', 'SVK', '{firstname} {lastname}\r\n{company}\r\n{address_1}\r\n{address_2}\r\n{city} {postcode}\r\n{zone}\r\n{country}', 0, 1),
(190, 'Slovenia', 'SI', 'SVN', '', 0, 1),
(191, 'Solomon Islands', 'SB', 'SLB', '', 0, 1),
(192, 'Somalia', 'SO', 'SOM', '', 0, 1),
(193, 'South Africa', 'ZA', 'ZAF', '', 0, 1),
(194, 'South Georgia &amp; South Sandwich Islands', 'GS', 'SGS', '', 0, 1),
(195, 'Spain', 'ES', 'ESP', '', 0, 1),
(196, 'Sri Lanka', 'LK', 'LKA', '', 0, 1),
(197, 'St. Helena', 'SH', 'SHN', '', 0, 1),
(198, 'St. Pierre and Miquelon', 'PM', 'SPM', '', 0, 1),
(199, 'Sudan', 'SD', 'SDN', '', 0, 1),
(200, 'Suriname', 'SR', 'SUR', '', 0, 1),
(201, 'Svalbard and Jan Mayen Islands', 'SJ', 'SJM', '', 0, 1),
(202, 'Swaziland', 'SZ', 'SWZ', '', 0, 1),
(203, 'Sweden', 'SE', 'SWE', '{company}\r\n{firstname} {lastname}\r\n{address_1}\r\n{address_2}\r\n{postcode} {city}\r\n{country}', 1, 1),
(204, 'Switzerland', 'CH', 'CHE', '', 0, 1),
(205, 'Syrian Arab Republic', 'SY', 'SYR', '', 0, 1),
(206, 'Taiwan', 'TW', 'TWN', '', 0, 1),
(207, 'Tajikistan', 'TJ', 'TJK', '', 0, 1),
(208, 'Tanzania, United Republic of', 'TZ', 'TZA', '', 0, 1),
(209, 'Thailand', 'TH', 'THA', '', 0, 1),
(210, 'Togo', 'TG', 'TGO', '', 0, 1),
(211, 'Tokelau', 'TK', 'TKL', '', 0, 1),
(212, 'Tonga', 'TO', 'TON', '', 0, 1),
(213, 'Trinidad and Tobago', 'TT', 'TTO', '', 0, 1),
(214, 'Tunisia', 'TN', 'TUN', '', 0, 1),
(215, 'Turkey', 'TR', 'TUR', '', 0, 1),
(216, 'Turkmenistan', 'TM', 'TKM', '', 0, 1),
(217, 'Turks and Caicos Islands', 'TC', 'TCA', '', 0, 1),
(218, 'Tuvalu', 'TV', 'TUV', '', 0, 1),
(219, 'Uganda', 'UG', 'UGA', '', 0, 1),
(220, 'Ukraine', 'UA', 'UKR', '', 0, 1),
(221, 'United Arab Emirates', 'AE', 'ARE', '', 0, 1),
(222, 'United Kingdom', 'GB', 'GBR', '', 1, 1),
(223, 'United States', 'US', 'USA', '{firstname} {lastname}\r\n{company}\r\n{address_1}\r\n{address_2}\r\n{city}, {zone} {postcode}\r\n{country}', 0, 1),
(224, 'United States Minor Outlying Islands', 'UM', 'UMI', '', 0, 1),
(225, 'Uruguay', 'UY', 'URY', '', 0, 1),
(226, 'Uzbekistan', 'UZ', 'UZB', '', 0, 1),
(227, 'Vanuatu', 'VU', 'VUT', '', 0, 1),
(228, 'Vatican City State (Holy See)', 'VA', 'VAT', '', 0, 1),
(229, 'Venezuela', 'VE', 'VEN', '', 0, 1),
(230, 'Viet Nam', 'VN', 'VNM', '', 0, 1),
(231, 'Virgin Islands (British)', 'VG', 'VGB', '', 0, 1),
(232, 'Virgin Islands (U.S.)', 'VI', 'VIR', '', 0, 1),
(233, 'Wallis and Futuna Islands', 'WF', 'WLF', '', 0, 1),
(234, 'Western Sahara', 'EH', 'ESH', '', 0, 1),
(235, 'Yemen', 'YE', 'YEM', '', 0, 1),
(237, 'Democratic Republic of Congo', 'CD', 'COD', '', 0, 1),
(238, 'Zambia', 'ZM', 'ZMB', '', 0, 1),
(239, 'Zimbabwe', 'ZW', 'ZWE', '', 0, 1),
(240, 'Jersey', 'JE', 'JEY', '', 1, 1),
(241, 'Guernsey', 'GG', 'GGY', '', 1, 1),
(242, 'Montenegro', 'ME', 'MNE', '', 0, 1),
(243, 'Serbia', 'RS', 'SRB', '', 0, 1),
(244, 'Aaland Islands', 'AX', 'ALA', '', 0, 1),
(245, 'Bonaire, Sint Eustatius and Saba', 'BQ', 'BES', '', 0, 1),
(246, 'Curacao', 'CW', 'CUW', '', 0, 1),
(247, 'Palestinian Territory, Occupied', 'PS', 'PSE', '', 0, 1),
(248, 'South Sudan', 'SS', 'SSD', '', 0, 1),
(249, 'St. Barthelemy', 'BL', 'BLM', '', 0, 1),
(250, 'St. Martin (French part)', 'MF', 'MAF', '', 0, 1),
(251, 'Canary Islands', 'IC', 'ICA', '', 0, 1);

-- --------------------------------------------------------

--
-- Table structure for table `geo_neighborhood`
--

CREATE TABLE IF NOT EXISTS `geo_neighborhood` (
  `neighborhood_id` int(11) NOT NULL AUTO_INCREMENT,
  `city_id` int(11) NOT NULL,
  `name` varchar(80) NOT NULL,
  `alias` varchar(80) NOT NULL,
  `tagline` varchar(80) NOT NULL,
  `description` text NOT NULL,
  `income` int(11) NOT NULL,
  `males` int(11) NOT NULL,
  `females` int(11) NOT NULL,
  `students` int(11) NOT NULL,
  `safety` int(11) NOT NULL,
  `rental` int(11) NOT NULL,
  `events` int(11) NOT NULL,
  `lat` decimal(15,12) NOT NULL,
  `lng` decimal(15,12) NOT NULL,
  `updated_at` timestamp NOT NULL DEFAULT CURRENT_TIMESTAMP ON UPDATE CURRENT_TIMESTAMP,
  `is_active` bit(1) NOT NULL DEFAULT b'1',
  PRIMARY KEY (`neighborhood_id`),
  KEY `city_id` (`city_id`),
  KEY `alias` (`alias`)
) ENGINE=InnoDB  DEFAULT CHARSET=utf8 AUTO_INCREMENT=353 ;

--
-- Dumping data for table `geo_neighborhood`
--

INSERT INTO `geo_neighborhood` (`neighborhood_id`, `city_id`, `name`, `alias`, `tagline`, `description`, `income`, `males`, `females`, `students`, `safety`, `rental`, `events`, `lat`, `lng`, `updated_at`, `is_active`) VALUES
(1, 820, 'Annadale', 'annadale', '', '', 0, 0, 0, 0, 0, 0, 0, '0.000000000000', '0.000000000000', '0000-00-00 00:00:00', b'1'),
(2, 820, 'Arden Heights', 'arden-heights', '', '', 0, 0, 0, 0, 0, 0, 0, '0.000000000000', '0.000000000000', '0000-00-00 00:00:00', b'1'),
(3, 820, 'Arlington', 'arlington', '', '', 0, 0, 0, 0, 0, 0, 0, '0.000000000000', '0.000000000000', '0000-00-00 00:00:00', b'1'),
(4, 820, 'Arrochar', 'arrochar', '', '', 0, 0, 0, 0, 0, 0, 0, '0.000000000000', '0.000000000000', '0000-00-00 00:00:00', b'1'),
(5, 2219, 'Arverne', 'arverne', '', '', 0, 0, 0, 0, 0, 0, 0, '0.000000000000', '0.000000000000', '0000-00-00 00:00:00', b'1'),
(6, 2219, 'Astoria', 'astoria', '', '', 0, 0, 0, 0, 0, 0, 0, '0.000000000000', '0.000000000000', '0000-00-00 00:00:00', b'1'),
(7, 2219, 'Astoria Heights', 'astoria-heights', '', '', 0, 0, 0, 0, 0, 0, 0, '0.000000000000', '0.000000000000', '0000-00-00 00:00:00', b'1'),
(8, 2219, 'Auburndale', 'auburndale', '', '', 0, 0, 0, 0, 0, 0, 0, '0.000000000000', '0.000000000000', '0000-00-00 00:00:00', b'1'),
(9, 116, 'Bathgate', 'bathgate', '', '', 0, 0, 0, 0, 0, 0, 0, '0.000000000000', '0.000000000000', '0000-00-00 00:00:00', b'1'),
(10, 119, 'Bath Beach', 'bath-beach', '', '', 0, 0, 0, 0, 0, 0, 0, '0.000000000000', '0.000000000000', '0000-00-00 00:00:00', b'1'),
(11, 95, 'Battery Park City', 'battery-park-city', 'Battery Park City Tagline', 'Although\r\nthe idea of an urban suburb pieced together through land reclamation\r\n(kind of a scrapping together of earth and sand) is in itself\r\nintriguing and odd, this community on the Hudson has always been at\r\nthe forefront of creating an atypical, progressive NYC environment.\r\nOne third of the acreage is kept open and the new buildings boast\r\ngreen architecture and water conservation innovations. Don’t look\r\nfor train service, but hop on a bus instead to get here! Or take a\r\nstroll to work if work happens to be in the Financial District.\r\n<br>', 120000, 45, 55, 10, 9, 4000, 100, '40.711254000000', '-74.016024500000', '2013-10-25 22:50:08', b'1'),
(12, 820, 'Bay Terrace', 'bay-terrace', '', '', 0, 0, 0, 0, 0, 0, 0, '0.000000000000', '0.000000000000', '0000-00-00 00:00:00', b'1'),
(13, 2219, 'Bay Terrace', 'bay-terrace', '', '', 0, 0, 0, 0, 0, 0, 0, '0.000000000000', '0.000000000000', '0000-00-00 00:00:00', b'1'),
(14, 119, 'Bay Ridge', 'bay-ridge', '', '', 0, 0, 0, 0, 0, 0, 0, '0.000000000000', '0.000000000000', '0000-00-00 00:00:00', b'1'),
(15, 116, 'Baychester', 'baychester', '', '', 0, 0, 0, 0, 0, 0, 0, '0.000000000000', '0.000000000000', '0000-00-00 00:00:00', b'1'),
(16, 2219, 'Bay', 'bay', '', '', 0, 0, 0, 0, 0, 0, 0, '0.000000000000', '0.000000000000', '0000-00-00 00:00:00', b'1'),
(17, 2219, 'Bayswater', 'bayswater', '', '', 0, 0, 0, 0, 0, 0, 0, '0.000000000000', '0.000000000000', '0000-00-00 00:00:00', b'1'),
(18, 116, 'Bedford Park', 'bedford-park', '', '', 0, 0, 0, 0, 0, 0, 0, '0.000000000000', '0.000000000000', '0000-00-00 00:00:00', b'1'),
(19, 119, 'Bedford Stuyvesant', 'bedford-stuyvesant', '', '', 0, 0, 0, 0, 0, 0, 0, '0.000000000000', '0.000000000000', '0000-00-00 00:00:00', b'1'),
(20, 2219, 'Beechhurst', 'beechhurst', '', '', 0, 0, 0, 0, 0, 0, 0, '0.000000000000', '0.000000000000', '0000-00-00 00:00:00', b'1'),
(22, 2219, 'Belle Harbor', 'belle-harbor', '', '', 0, 0, 0, 0, 0, 0, 0, '0.000000000000', '0.000000000000', '0000-00-00 00:00:00', b'1'),
(23, 2219, 'Bellaire', 'bellaire', '', '', 0, 0, 0, 0, 0, 0, 0, '0.000000000000', '0.000000000000', '0000-00-00 00:00:00', b'1'),
(24, 2219, 'Bellerose', 'bellerose', '', '', 0, 0, 0, 0, 0, 0, 0, '0.000000000000', '0.000000000000', '0000-00-00 00:00:00', b'1'),
(25, 116, 'Belmont', 'belmont', '', '', 0, 0, 0, 0, 0, 0, 0, '0.000000000000', '0.000000000000', '0000-00-00 00:00:00', b'1'),
(26, 119, 'Bensonhurst', 'bensonhurst', '', '', 0, 0, 0, 0, 0, 0, 0, '0.000000000000', '0.000000000000', '0000-00-00 00:00:00', b'1'),
(27, 119, 'Bergen Beach', 'bergen-beach', '', '', 0, 0, 0, 0, 0, 0, 0, '0.000000000000', '0.000000000000', '0000-00-00 00:00:00', b'1'),
(28, 2219, 'Blissville', 'blissville', '', '', 0, 0, 0, 0, 0, 0, 0, '0.000000000000', '0.000000000000', '0000-00-00 00:00:00', b'1'),
(29, 820, 'Bloomfield', 'bloomfield', '', '', 0, 0, 0, 0, 0, 0, 0, '0.000000000000', '0.000000000000', '0000-00-00 00:00:00', b'1'),
(30, 119, 'Boerum Hill', 'boerum-hill', '', '', 0, 0, 0, 0, 0, 0, 0, '0.000000000000', '0.000000000000', '0000-00-00 00:00:00', b'1'),
(31, 119, 'Borough Park', 'borough-park', '', '', 0, 0, 0, 0, 0, 0, 0, '0.000000000000', '0.000000000000', '0000-00-00 00:00:00', b'1'),
(32, 2219, 'Breezy Point', 'breezy-point', '', '', 0, 0, 0, 0, 0, 0, 0, '0.000000000000', '0.000000000000', '0000-00-00 00:00:00', b'1'),
(33, 2219, 'Briarwood', 'briarwood', '', '', 0, 0, 0, 0, 0, 0, 0, '0.000000000000', '0.000000000000', '0000-00-00 00:00:00', b'1'),
(34, 119, 'Brighton Beach', 'brighton-beach', '', '', 0, 0, 0, 0, 0, 0, 0, '0.000000000000', '0.000000000000', '0000-00-00 00:00:00', b'1'),
(35, 2219, 'Broad Channel', 'broad-channel', '', '', 0, 0, 0, 0, 0, 0, 0, '0.000000000000', '0.000000000000', '0000-00-00 00:00:00', b'1'),
(36, 119, 'Broadway Junction', 'broadway-junction', '', '', 0, 0, 0, 0, 0, 0, 0, '0.000000000000', '0.000000000000', '0000-00-00 00:00:00', b'1'),
(37, 119, 'Brooklyn Heights', 'brooklyn-heights', '', '', 0, 0, 0, 0, 0, 0, 0, '0.000000000000', '0.000000000000', '0000-00-00 00:00:00', b'1'),
(38, 119, 'Brooklyn Navy Yard', 'brooklyn-navy-yard', '', '', 0, 0, 0, 0, 0, 0, 0, '0.000000000000', '0.000000000000', '0000-00-00 00:00:00', b'1'),
(39, 2219, 'Brookville', 'brookville', '', '', 0, 0, 0, 0, 0, 0, 0, '0.000000000000', '0.000000000000', '0000-00-00 00:00:00', b'1'),
(40, 116, 'Bronx Park South', 'bronx-park-south', '', '', 0, 0, 0, 0, 0, 0, 0, '0.000000000000', '0.000000000000', '0000-00-00 00:00:00', b'1'),
(41, 116, 'Bronx River', 'bronx-river', '', '', 0, 0, 0, 0, 0, 0, 0, '0.000000000000', '0.000000000000', '0000-00-00 00:00:00', b'1'),
(42, 116, 'Bronxdale', 'bronxdale', '', '', 0, 0, 0, 0, 0, 0, 0, '0.000000000000', '0.000000000000', '0000-00-00 00:00:00', b'1'),
(43, 119, 'Brownsville', 'brownsville', '', '', 0, 0, 0, 0, 0, 0, 0, '0.000000000000', '0.000000000000', '0000-00-00 00:00:00', b'1'),
(44, 820, 'Bulls Head', 'bulls-head', '', '', 0, 0, 0, 0, 0, 0, 0, '0.000000000000', '0.000000000000', '0000-00-00 00:00:00', b'1'),
(45, 119, 'Bushwick', 'bushwick', '', '', 0, 0, 0, 0, 0, 0, 0, '0.000000000000', '0.000000000000', '0000-00-00 00:00:00', b'1'),
(46, 820, 'Butler Manor', 'butler-manor', '', '', 0, 0, 0, 0, 0, 0, 0, '0.000000000000', '0.000000000000', '0000-00-00 00:00:00', b'1'),
(47, 2219, 'Cambria Heights', 'cambria-heights', '', '', 0, 0, 0, 0, 0, 0, 0, '0.000000000000', '0.000000000000', '0000-00-00 00:00:00', b'1'),
(48, 119, 'Canar820e', 'canar820e', '', '', 0, 0, 0, 0, 0, 0, 0, '0.000000000000', '0.000000000000', '0000-00-00 00:00:00', b'1'),
(50, 119, 'Carroll Gardens', 'carroll-gardens', '', '', 0, 0, 0, 0, 0, 0, 0, '0.000000000000', '0.000000000000', '0000-00-00 00:00:00', b'1'),
(51, 116, 'Castle Hill', 'castle-hill', '', '', 0, 0, 0, 0, 0, 0, 0, '0.000000000000', '0.000000000000', '0000-00-00 00:00:00', b'1'),
(52, 820, 'Castleton Corners', 'castleton-corners', '', '', 0, 0, 0, 0, 0, 0, 0, '0.000000000000', '0.000000000000', '0000-00-00 00:00:00', b'1'),
(53, 820, 'Charleston', 'charleston', '', '', 0, 0, 0, 0, 0, 0, 0, '0.000000000000', '0.000000000000', '0000-00-00 00:00:00', b'1'),
(54, 95, 'Chelsea', 'chelsea', '', 'Chances\r\nare when you think of Chelsea, you think of the center of the New\r\nYork art world. The hours and flights of gallery wandering will\r\nlikely fill up your day quite nicely and leave you with a true\r\ncreative high. Although rent has climbed consistently, Chelsea is\r\nvery diverse, and is still the gay-friendliest place in the city. And\r\nalthough it is likely that the demise of the Empire Diner means that\r\nlike much of Manhattan, historic diversity has given way to moneyed\r\ngentrification, at least there is the excitement of the High Line,\r\nthe elevated rail line converted to a fantastic urban promenade! And\r\nnothing will ever beat working out at the Chelsea Piers or taking a\r\nstroll (with your pooch!) along the pier.\r\n<br>', 0, 0, 0, 0, 0, 0, 0, '40.747296000000', '-73.999986500000', '2013-10-23 09:10:12', b'1'),
(55, 820, 'Chelsea', 'chelsea', '', '', 0, 0, 0, 0, 0, 0, 0, '0.000000000000', '0.000000000000', '0000-00-00 00:00:00', b'1'),
(56, 95, 'Chinatown', 'chinatown', '', '', 0, 0, 0, 0, 0, 0, 0, '40.716220500000', '-73.994975775000', '0000-00-00 00:00:00', b'1'),
(57, 119, 'City Line', 'city-line', '', '', 0, 0, 0, 0, 0, 0, 0, '0.000000000000', '0.000000000000', '0000-00-00 00:00:00', b'1'),
(58, 116, 'City Island', 'city-island', '', '', 0, 0, 0, 0, 0, 0, 0, '0.000000000000', '0.000000000000', '0000-00-00 00:00:00', b'1'),
(59, 95, 'Civic Center', 'civic-center', '', '', 0, 0, 0, 0, 0, 0, 0, '40.714537656000', '-74.003450500000', '0000-00-00 00:00:00', b'1'),
(60, 116, 'Claremont Village', 'claremont-village', '', '', 0, 0, 0, 0, 0, 0, 0, '0.000000000000', '0.000000000000', '0000-00-00 00:00:00', b'1'),
(61, 116, 'Clason Point', 'clason-point', '', '', 0, 0, 0, 0, 0, 0, 0, '0.000000000000', '0.000000000000', '0000-00-00 00:00:00', b'1'),
(62, 2219, 'Clearview', 'clearview', '', '', 0, 0, 0, 0, 0, 0, 0, '0.000000000000', '0.000000000000', '0000-00-00 00:00:00', b'1'),
(63, 820, 'Clifton', 'clifton', '', '', 0, 0, 0, 0, 0, 0, 0, '0.000000000000', '0.000000000000', '0000-00-00 00:00:00', b'1'),
(65, 119, 'Clinton Hill', 'clinton-hill', '', '', 0, 0, 0, 0, 0, 0, 0, '0.000000000000', '0.000000000000', '0000-00-00 00:00:00', b'1'),
(66, 116, 'Co-op City', 'co-op-city', '', '', 0, 0, 0, 0, 0, 0, 0, '0.000000000000', '0.000000000000', '0000-00-00 00:00:00', b'1'),
(67, 119, 'Cobble Hill', 'cobble-hill', '', '', 0, 0, 0, 0, 0, 0, 0, '0.000000000000', '0.000000000000', '0000-00-00 00:00:00', b'1'),
(68, 2219, 'College Point', 'college-point', '', '', 0, 0, 0, 0, 0, 0, 0, '0.000000000000', '0.000000000000', '0000-00-00 00:00:00', b'1'),
(69, 820, 'Concord', 'concord', '', '', 0, 0, 0, 0, 0, 0, 0, '0.000000000000', '0.000000000000', '0000-00-00 00:00:00', b'1'),
(70, 116, 'Concourse', 'concourse', '', '', 0, 0, 0, 0, 0, 0, 0, '0.000000000000', '0.000000000000', '0000-00-00 00:00:00', b'1'),
(71, 116, 'Concourse Village', 'concourse-village', '', '', 0, 0, 0, 0, 0, 0, 0, '0.000000000000', '0.000000000000', '0000-00-00 00:00:00', b'1'),
(72, 119, 'Coney Island', 'coney-island', '', '', 0, 0, 0, 0, 0, 0, 0, '0.000000000000', '0.000000000000', '0000-00-00 00:00:00', b'1'),
(73, 116, 'Country Club', 'country-club', '', '', 0, 0, 0, 0, 0, 0, 0, '0.000000000000', '0.000000000000', '0000-00-00 00:00:00', b'1'),
(74, 119, 'Crown Heights', 'crown-heights', '', '', 0, 0, 0, 0, 0, 0, 0, '0.000000000000', '0.000000000000', '0000-00-00 00:00:00', b'1'),
(75, 119, 'Crown Heights South', 'crown-heights-south', '', '', 0, 0, 0, 0, 0, 0, 0, '0.000000000000', '0.000000000000', '0000-00-00 00:00:00', b'1'),
(76, 119, 'Cypress Hills', 'cypress-hills', '', '', 0, 0, 0, 0, 0, 0, 0, '0.000000000000', '0.000000000000', '0000-00-00 00:00:00', b'1'),
(77, 119, 'Ditmas Park', 'ditmas-park', '', '', 0, 0, 0, 0, 0, 0, 0, '0.000000000000', '0.000000000000', '0000-00-00 00:00:00', b'1'),
(78, 820, 'Dongan Hills', 'dongan-hills', '', '', 0, 0, 0, 0, 0, 0, 0, '0.000000000000', '0.000000000000', '0000-00-00 00:00:00', b'1'),
(79, 2219, 'Douglaston', 'douglaston', '', '', 0, 0, 0, 0, 0, 0, 0, '0.000000000000', '0.000000000000', '0000-00-00 00:00:00', b'1'),
(80, 119, 'Downtown', 'downtown', '', '', 0, 0, 0, 0, 0, 0, 0, '0.000000000000', '0.000000000000', '0000-00-00 00:00:00', b'1'),
(81, 119, 'DUMBO', 'dumbo', '', '', 0, 0, 0, 0, 0, 0, 0, '0.000000000000', '0.000000000000', '0000-00-00 00:00:00', b'1'),
(82, 2219, 'Dutch Kills', 'dutch-kills', '', '', 0, 0, 0, 0, 0, 0, 0, '0.000000000000', '0.000000000000', '0000-00-00 00:00:00', b'1'),
(83, 119, 'Dyker Heights', 'dyker-heights', '', '', 0, 0, 0, 0, 0, 0, 0, '0.000000000000', '0.000000000000', '0000-00-00 00:00:00', b'1'),
(84, 116, 'East Concourse', 'east-concourse', '', '', 0, 0, 0, 0, 0, 0, 0, '0.000000000000', '0.000000000000', '0000-00-00 00:00:00', b'1'),
(85, 119, 'East Flatbush', 'east-flatbush', '', '', 0, 0, 0, 0, 0, 0, 0, '0.000000000000', '0.000000000000', '0000-00-00 00:00:00', b'1'),
(86, 95, 'East Harlem', 'east-harlem', '', '', 0, 0, 0, 0, 0, 0, 0, '40.799989128000', '-73.942334322000', '0000-00-00 00:00:00', b'1'),
(87, 119, 'East New York', 'east-new-york', '', '', 0, 0, 0, 0, 0, 0, 0, '0.000000000000', '0.000000000000', '0000-00-00 00:00:00', b'1'),
(88, 116, 'East Tremont', 'east-tremont', '', '', 0, 0, 0, 0, 0, 0, 0, '0.000000000000', '0.000000000000', '0000-00-00 00:00:00', b'1'),
(89, 95, 'East Village', 'east-village', '', '', 0, 0, 0, 0, 0, 0, 0, '40.725947546500', '-73.981409446000', '0000-00-00 00:00:00', b'1'),
(90, 119, 'East Williamsburg', 'east-williamsburg', '', '', 0, 0, 0, 0, 0, 0, 0, '0.000000000000', '0.000000000000', '0000-00-00 00:00:00', b'1'),
(91, 2219, 'East Elmhurst', 'east-elmhurst', '', '', 0, 0, 0, 0, 0, 0, 0, '0.000000000000', '0.000000000000', '0000-00-00 00:00:00', b'1'),
(92, 116, 'Eastchester', 'eastchester', '', '', 0, 0, 0, 0, 0, 0, 0, '0.000000000000', '0.000000000000', '0000-00-00 00:00:00', b'1'),
(93, 116, 'Edenwald', 'edenwald', '', '', 0, 0, 0, 0, 0, 0, 0, '0.000000000000', '0.000000000000', '0000-00-00 00:00:00', b'1'),
(94, 2219, 'Edgemere', 'edgemere', '', '', 0, 0, 0, 0, 0, 0, 0, '0.000000000000', '0.000000000000', '0000-00-00 00:00:00', b'1'),
(95, 116, 'Edgewater Park', 'edgewater-park', '', '', 0, 0, 0, 0, 0, 0, 0, '0.000000000000', '0.000000000000', '0000-00-00 00:00:00', b'1'),
(96, 820, 'Egbertville', 'egbertville', '', '', 0, 0, 0, 0, 0, 0, 0, '0.000000000000', '0.000000000000', '0000-00-00 00:00:00', b'1'),
(97, 820, 'Elm Park', 'elm-park', '', '', 0, 0, 0, 0, 0, 0, 0, '0.000000000000', '0.000000000000', '0000-00-00 00:00:00', b'1'),
(98, 2219, 'Elmhurst', 'elmhurst', '', '', 0, 0, 0, 0, 0, 0, 0, '0.000000000000', '0.000000000000', '0000-00-00 00:00:00', b'1'),
(99, 820, 'Eltingville', 'eltingville', '', '', 0, 0, 0, 0, 0, 0, 0, '0.000000000000', '0.000000000000', '0000-00-00 00:00:00', b'1'),
(100, 820, 'Emerson Hill', 'emerson-hill', '', '', 0, 0, 0, 0, 0, 0, 0, '0.000000000000', '0.000000000000', '0000-00-00 00:00:00', b'1'),
(101, 2219, 'Far Rockaway', 'far-rockaway', '', '', 0, 0, 0, 0, 0, 0, 0, '0.000000000000', '0.000000000000', '0000-00-00 00:00:00', b'1'),
(102, 119, 'Farragut', 'farragut', '', '', 0, 0, 0, 0, 0, 0, 0, '0.000000000000', '0.000000000000', '0000-00-00 00:00:00', b'1'),
(103, 116, 'Fieldston', 'fieldston', '', '', 0, 0, 0, 0, 0, 0, 0, '0.000000000000', '0.000000000000', '0000-00-00 00:00:00', b'1'),
(104, 95, 'Financial District', 'financial-district', '', '', 0, 0, 0, 0, 0, 0, 0, '40.706654500000', '-74.008598500000', '0000-00-00 00:00:00', b'1'),
(105, 119, 'Flatbush', 'flatbush', '', '', 0, 0, 0, 0, 0, 0, 0, '0.000000000000', '0.000000000000', '0000-00-00 00:00:00', b'1'),
(106, 95, 'Flatiron', 'flatiron', '', '', 0, 0, 0, 0, 0, 0, 0, '40.738757356500', '-73.991618500000', '0000-00-00 00:00:00', b'1'),
(107, 119, 'Flatlands', 'flatlands', '', '', 0, 0, 0, 0, 0, 0, 0, '0.000000000000', '0.000000000000', '0000-00-00 00:00:00', b'1'),
(108, 2219, 'Floral Park', 'floral-park', '', '', 0, 0, 0, 0, 0, 0, 0, '0.000000000000', '0.000000000000', '0000-00-00 00:00:00', b'1'),
(109, 2219, 'Flushing', 'flushing', '', '', 0, 0, 0, 0, 0, 0, 0, '0.000000000000', '0.000000000000', '0000-00-00 00:00:00', b'1'),
(110, 2219, 'Flushing (Downtown)', 'flushing-(downtown)', '', '', 0, 0, 0, 0, 0, 0, 0, '0.000000000000', '0.000000000000', '0000-00-00 00:00:00', b'1'),
(111, 116, 'Fordham', 'fordham', '', '', 0, 0, 0, 0, 0, 0, 0, '0.000000000000', '0.000000000000', '0000-00-00 00:00:00', b'1'),
(112, 2219, 'Forest Hills', 'forest-hills', '', '', 0, 0, 0, 0, 0, 0, 0, '0.000000000000', '0.000000000000', '0000-00-00 00:00:00', b'1'),
(113, 2219, 'Forest Hills Gardens', 'forest-hills-gardens', '', '', 0, 0, 0, 0, 0, 0, 0, '0.000000000000', '0.000000000000', '0000-00-00 00:00:00', b'1'),
(114, 119, 'Fort Greene', 'fort-greene', '', '', 0, 0, 0, 0, 0, 0, 0, '0.000000000000', '0.000000000000', '0000-00-00 00:00:00', b'1'),
(115, 119, 'Fort Hamilton', 'fort-hamilton', '', '', 0, 0, 0, 0, 0, 0, 0, '0.000000000000', '0.000000000000', '0000-00-00 00:00:00', b'1'),
(116, 820, 'Fox Hills', 'fox-hills', '', '', 0, 0, 0, 0, 0, 0, 0, '0.000000000000', '0.000000000000', '0000-00-00 00:00:00', b'1'),
(117, 2219, 'Fresh Meadows', 'fresh-meadows', '', '', 0, 0, 0, 0, 0, 0, 0, '0.000000000000', '0.000000000000', '0000-00-00 00:00:00', b'1'),
(118, 119, 'Fulton Ferry', 'fulton-ferry', '', '', 0, 0, 0, 0, 0, 0, 0, '0.000000000000', '0.000000000000', '0000-00-00 00:00:00', b'1'),
(119, 119, 'Georgetown', 'georgetown', '', '', 0, 0, 0, 0, 0, 0, 0, '0.000000000000', '0.000000000000', '0000-00-00 00:00:00', b'1'),
(120, 119, 'Gerritsen Beach', 'gerritsen-beach', '', '', 0, 0, 0, 0, 0, 0, 0, '0.000000000000', '0.000000000000', '0000-00-00 00:00:00', b'1'),
(121, 2219, 'Glen Oaks', 'glen-oaks', '', '', 0, 0, 0, 0, 0, 0, 0, '0.000000000000', '0.000000000000', '0000-00-00 00:00:00', b'1'),
(122, 2219, 'Glendale', 'glendale', '', '', 0, 0, 0, 0, 0, 0, 0, '0.000000000000', '0.000000000000', '0000-00-00 00:00:00', b'1'),
(123, 119, 'Gowanus', 'gowanus', '', '', 0, 0, 0, 0, 0, 0, 0, '0.000000000000', '0.000000000000', '0000-00-00 00:00:00', b'1'),
(124, 95, 'Gramercy', 'gramercy', '', '', 0, 0, 0, 0, 0, 0, 0, '40.735755500000', '-73.984451770500', '0000-00-00 00:00:00', b'1'),
(125, 820, 'Graniteville', 'graniteville', '', '', 0, 0, 0, 0, 0, 0, 0, '0.000000000000', '0.000000000000', '0000-00-00 00:00:00', b'1'),
(126, 820, 'Grant City', 'grant-city', '', '', 0, 0, 0, 0, 0, 0, 0, '0.000000000000', '0.000000000000', '0000-00-00 00:00:00', b'1'),
(127, 820, 'Grasmere', 'grasmere', '', '', 0, 0, 0, 0, 0, 0, 0, '0.000000000000', '0.000000000000', '0000-00-00 00:00:00', b'1'),
(128, 119, 'Gravesend', 'gravesend', '', '', 0, 0, 0, 0, 0, 0, 0, '0.000000000000', '0.000000000000', '0000-00-00 00:00:00', b'1'),
(129, 820, 'Great Kills', 'great-kills', '', '', 0, 0, 0, 0, 0, 0, 0, '0.000000000000', '0.000000000000', '0000-00-00 00:00:00', b'1'),
(130, 119, 'Greenpoint', 'greenpoint', '', '', 0, 0, 0, 0, 0, 0, 0, '0.000000000000', '0.000000000000', '0000-00-00 00:00:00', b'1'),
(131, 820, 'Greenridge', 'greenridge', '', '', 0, 0, 0, 0, 0, 0, 0, '0.000000000000', '0.000000000000', '0000-00-00 00:00:00', b'1'),
(132, 95, 'Greenwich Village', 'greenwich-village', '', '', 0, 0, 0, 0, 0, 0, 0, '40.731378500000', '-73.995029500000', '0000-00-00 00:00:00', b'1'),
(133, 820, 'Grymes Hill', 'grymes-hill', '', '', 0, 0, 0, 0, 0, 0, 0, '0.000000000000', '0.000000000000', '0000-00-00 00:00:00', b'1'),
(135, 2219, 'Hammels', 'hammels', '', '', 0, 0, 0, 0, 0, 0, 0, '0.000000000000', '0.000000000000', '0000-00-00 00:00:00', b'1'),
(137, 820, 'Heartland Village', 'heartland-village', '', '', 0, 0, 0, 0, 0, 0, 0, '0.000000000000', '0.000000000000', '0000-00-00 00:00:00', b'1'),
(139, 116, 'High Bridge', 'high-bridge', '', '', 0, 0, 0, 0, 0, 0, 0, '0.000000000000', '0.000000000000', '0000-00-00 00:00:00', b'1'),
(140, 119, 'Highland Park', 'highland-park', '', '', 0, 0, 0, 0, 0, 0, 0, '0.000000000000', '0.000000000000', '0000-00-00 00:00:00', b'1'),
(141, 2219, 'Hillcrest', 'hillcrest', '', '', 0, 0, 0, 0, 0, 0, 0, '0.000000000000', '0.000000000000', '0000-00-00 00:00:00', b'1'),
(142, 2219, 'Hollis', 'hollis', '', '', 0, 0, 0, 0, 0, 0, 0, '0.000000000000', '0.000000000000', '0000-00-00 00:00:00', b'1'),
(143, 2219, 'Holliswood', 'holliswood', '', '', 0, 0, 0, 0, 0, 0, 0, '0.000000000000', '0.000000000000', '0000-00-00 00:00:00', b'1'),
(144, 119, 'Homecrest', 'homecrest', '', '', 0, 0, 0, 0, 0, 0, 0, '0.000000000000', '0.000000000000', '0000-00-00 00:00:00', b'1'),
(145, 2219, 'Howard Beach', 'howard-beach', '', '', 0, 0, 0, 0, 0, 0, 0, '0.000000000000', '0.000000000000', '0000-00-00 00:00:00', b'1'),
(146, 820, 'Howland Hook', 'howland-hook', '', '', 0, 0, 0, 0, 0, 0, 0, '0.000000000000', '0.000000000000', '0000-00-00 00:00:00', b'1'),
(148, 820, 'Huguenot', 'huguenot', '', '', 0, 0, 0, 0, 0, 0, 0, '0.000000000000', '0.000000000000', '0000-00-00 00:00:00', b'1'),
(149, 2219, 'Hunters Point', 'hunters-point', '', '', 0, 0, 0, 0, 0, 0, 0, '0.000000000000', '0.000000000000', '0000-00-00 00:00:00', b'1'),
(150, 116, 'Hunts Point', 'hunts-point', '', '', 0, 0, 0, 0, 0, 0, 0, '0.000000000000', '0.000000000000', '0000-00-00 00:00:00', b'1'),
(151, 95, 'Inwood', 'inwood', '', '', 0, 0, 0, 0, 0, 0, 0, '40.868145500000', '-73.920936500000', '0000-00-00 00:00:00', b'1'),
(152, 2219, 'Jackson Heights', 'jackson-heights', '', '', 0, 0, 0, 0, 0, 0, 0, '0.000000000000', '0.000000000000', '0000-00-00 00:00:00', b'1'),
(153, 2219, 'Jamaica  (221912)', 'jamaica--(221912)', '', '', 0, 0, 0, 0, 0, 0, 0, '0.000000000000', '0.000000000000', '0000-00-00 00:00:00', b'1'),
(154, 2219, 'Jamaica Estates', 'jamaica-estates', '', '', 0, 0, 0, 0, 0, 0, 0, '0.000000000000', '0.000000000000', '0000-00-00 00:00:00', b'1'),
(155, 2219, 'Jamaica Hills', 'jamaica-hills', '', '', 0, 0, 0, 0, 0, 0, 0, '0.000000000000', '0.000000000000', '0000-00-00 00:00:00', b'1'),
(156, 2219, 'Jamaica Center', 'jamaica-center', '', '', 0, 0, 0, 0, 0, 0, 0, '0.000000000000', '0.000000000000', '0000-00-00 00:00:00', b'1'),
(157, 119, 'Ken820ngton', 'ken820ngton', '', '', 0, 0, 0, 0, 0, 0, 0, '0.000000000000', '0.000000000000', '0000-00-00 00:00:00', b'1'),
(158, 2219, 'Kew Gardens', 'kew-gardens', '', '', 0, 0, 0, 0, 0, 0, 0, '0.000000000000', '0.000000000000', '0000-00-00 00:00:00', b'1'),
(159, 2219, 'Kew Gardens Hills', 'kew-gardens-hills', '', '', 0, 0, 0, 0, 0, 0, 0, '0.000000000000', '0.000000000000', '0000-00-00 00:00:00', b'1'),
(160, 119, 'Kings Highway', 'kings-highway', '', '', 0, 0, 0, 0, 0, 0, 0, '0.000000000000', '0.000000000000', '0000-00-00 00:00:00', b'1'),
(161, 116, 'Kingsbridge', 'kingsbridge', '', '', 0, 0, 0, 0, 0, 0, 0, '0.000000000000', '0.000000000000', '0000-00-00 00:00:00', b'1'),
(162, 116, 'Kingsbridge Heights', 'kingsbridge-heights', '', '', 0, 0, 0, 0, 0, 0, 0, '0.000000000000', '0.000000000000', '0000-00-00 00:00:00', b'1'),
(163, 2219, 'Laurelton', 'laurelton', '', '', 0, 0, 0, 0, 0, 0, 0, '0.000000000000', '0.000000000000', '0000-00-00 00:00:00', b'1'),
(164, 116, 'Laconia', 'laconia', '', '', 0, 0, 0, 0, 0, 0, 0, '0.000000000000', '0.000000000000', '0000-00-00 00:00:00', b'1'),
(165, 2219, 'Lefrak City', 'lefrak-city', '', '', 0, 0, 0, 0, 0, 0, 0, '0.000000000000', '0.000000000000', '0000-00-00 00:00:00', b'1'),
(167, 820, 'Lighthouse Hill', 'lighthouse-hill', '', '', 0, 0, 0, 0, 0, 0, 0, '0.000000000000', '0.000000000000', '0000-00-00 00:00:00', b'1'),
(169, 2219, 'Lindenwood', 'lindenwood', '', '', 0, 0, 0, 0, 0, 0, 0, '0.000000000000', '0.000000000000', '0000-00-00 00:00:00', b'1'),
(170, 95, 'Little Italy', 'little-italy', '', '', 0, 0, 0, 0, 0, 0, 0, '40.718793500000', '-73.997185000000', '0000-00-00 00:00:00', b'1'),
(171, 2219, 'Little Neck', 'little-neck', '', '', 0, 0, 0, 0, 0, 0, 0, '0.000000000000', '0.000000000000', '0000-00-00 00:00:00', b'1'),
(172, 820, 'Livingston', 'livingston', '', '', 0, 0, 0, 0, 0, 0, 0, '0.000000000000', '0.000000000000', '0000-00-00 00:00:00', b'1'),
(173, 2219, 'Long Island City', 'long-island-city', '', '', 0, 0, 0, 0, 0, 0, 0, '0.000000000000', '0.000000000000', '0000-00-00 00:00:00', b'1'),
(174, 116, 'Longwood', 'longwood', '', '', 0, 0, 0, 0, 0, 0, 0, '0.000000000000', '0.000000000000', '0000-00-00 00:00:00', b'1'),
(175, 95, 'Lower East Side', 'lower-east-side', '', '', 0, 0, 0, 0, 0, 0, 0, '40.716228254000', '-73.982448725500', '0000-00-00 00:00:00', b'1'),
(176, 2219, 'Malba', 'malba', '', '', 0, 0, 0, 0, 0, 0, 0, '0.000000000000', '0.000000000000', '0000-00-00 00:00:00', b'1'),
(177, 119, 'Manhattan Beach', 'manhattan-beach', '', '', 0, 0, 0, 0, 0, 0, 0, '0.000000000000', '0.000000000000', '0000-00-00 00:00:00', b'1'),
(178, 119, 'Manhattan Terrace', 'manhattan-terrace', '', '', 0, 0, 0, 0, 0, 0, 0, '0.000000000000', '0.000000000000', '0000-00-00 00:00:00', b'1'),
(181, 820, 'Manor Heights', 'manor-heights', '', '', 0, 0, 0, 0, 0, 0, 0, '0.000000000000', '0.000000000000', '0000-00-00 00:00:00', b'1'),
(182, 119, 'Mapleton', 'mapleton', '', '', 0, 0, 0, 0, 0, 0, 0, '0.000000000000', '0.000000000000', '0000-00-00 00:00:00', b'1'),
(184, 119, 'Marine Park', 'marine-park', '', '', 0, 0, 0, 0, 0, 0, 0, '0.000000000000', '0.000000000000', '0000-00-00 00:00:00', b'1'),
(185, 820, 'Mariner''s Harbor', 'mariner''s-harbor', '', '', 0, 0, 0, 0, 0, 0, 0, '0.000000000000', '0.000000000000', '0000-00-00 00:00:00', b'1'),
(186, 2219, 'Maspeth', 'maspeth', '', '', 0, 0, 0, 0, 0, 0, 0, '0.000000000000', '0.000000000000', '0000-00-00 00:00:00', b'1'),
(187, 116, 'Melrose', 'melrose', '', '', 0, 0, 0, 0, 0, 0, 0, '0.000000000000', '0.000000000000', '0000-00-00 00:00:00', b'1'),
(188, 2219, 'Middle Village', 'middle-village', '', '', 0, 0, 0, 0, 0, 0, 0, '0.000000000000', '0.000000000000', '0000-00-00 00:00:00', b'1'),
(189, 820, 'Midland Beach', 'midland-beach', '', '', 0, 0, 0, 0, 0, 0, 0, '0.000000000000', '0.000000000000', '0000-00-00 00:00:00', b'1'),
(192, 119, 'Midwood', 'midwood', '', '', 0, 0, 0, 0, 0, 0, 0, '0.000000000000', '0.000000000000', '0000-00-00 00:00:00', b'1'),
(193, 119, 'Mill Basinn', 'mill-basinn', '', '', 0, 0, 0, 0, 0, 0, 0, '0.000000000000', '0.000000000000', '0000-00-00 00:00:00', b'1'),
(194, 119, 'Mill Island', 'mill-island', '', '', 0, 0, 0, 0, 0, 0, 0, '0.000000000000', '0.000000000000', '0000-00-00 00:00:00', b'1'),
(196, 116, 'Morris Heights', 'morris-heights', '', '', 0, 0, 0, 0, 0, 0, 0, '0.000000000000', '0.000000000000', '0000-00-00 00:00:00', b'1'),
(197, 116, 'Morris Park', 'morris-park', '', '', 0, 0, 0, 0, 0, 0, 0, '0.000000000000', '0.000000000000', '0000-00-00 00:00:00', b'1'),
(198, 116, 'Morrisania', 'morrisania', '', '', 0, 0, 0, 0, 0, 0, 0, '0.000000000000', '0.000000000000', '0000-00-00 00:00:00', b'1'),
(199, 116, 'Mott Haven', 'mott-haven', '', '', 0, 0, 0, 0, 0, 0, 0, '0.000000000000', '0.000000000000', '0000-00-00 00:00:00', b'1'),
(200, 116, 'Mount Eden', 'mount-eden', '', '', 0, 0, 0, 0, 0, 0, 0, '0.000000000000', '0.000000000000', '0000-00-00 00:00:00', b'1'),
(201, 116, 'Mount Hope', 'mount-hope', '', '', 0, 0, 0, 0, 0, 0, 0, '0.000000000000', '0.000000000000', '0000-00-00 00:00:00', b'1'),
(202, 95, 'Murray Hill', 'murray-hill', '', '', 0, 0, 0, 0, 0, 0, 0, '40.748925961000', '-73.977366647000', '0000-00-00 00:00:00', b'1'),
(203, 2219, 'Murray Hill', 'murray-hill', '', '', 0, 0, 0, 0, 0, 0, 0, '0.000000000000', '0.000000000000', '0000-00-00 00:00:00', b'1'),
(204, 2219, 'Nepon820t', 'nepon820t', '', '', 0, 0, 0, 0, 0, 0, 0, '0.000000000000', '0.000000000000', '0000-00-00 00:00:00', b'1'),
(205, 820, 'New Dorp', 'new-dorp', '', '', 0, 0, 0, 0, 0, 0, 0, '0.000000000000', '0.000000000000', '0000-00-00 00:00:00', b'1'),
(206, 820, 'New Dorp Beach', 'new-dorp-beach', '', '', 0, 0, 0, 0, 0, 0, 0, '0.000000000000', '0.000000000000', '0000-00-00 00:00:00', b'1'),
(207, 2219, 'New Hyde Park', 'new-hyde-park', '', '', 0, 0, 0, 0, 0, 0, 0, '0.000000000000', '0.000000000000', '0000-00-00 00:00:00', b'1'),
(208, 119, 'New Lots', 'new-lots', '', '', 0, 0, 0, 0, 0, 0, 0, '0.000000000000', '0.000000000000', '0000-00-00 00:00:00', b'1'),
(209, 820, 'New Springville', 'new-springville', '', '', 0, 0, 0, 0, 0, 0, 0, '0.000000000000', '0.000000000000', '0000-00-00 00:00:00', b'1'),
(210, 820, 'New Brighton', 'new-brighton', '', '', 0, 0, 0, 0, 0, 0, 0, '0.000000000000', '0.000000000000', '0000-00-00 00:00:00', b'1'),
(211, 95, 'NoHo', 'noho', '', '', 0, 0, 0, 0, 0, 0, 0, '40.727343500000', '-73.993348000000', '0000-00-00 00:00:00', b'1'),
(212, 116, 'North Riverdale', 'north-riverdale', '', '', 0, 0, 0, 0, 0, 0, 0, '0.000000000000', '0.000000000000', '0000-00-00 00:00:00', b'1'),
(213, 2219, 'North Corona', 'north-corona', '', '', 0, 0, 0, 0, 0, 0, 0, '0.000000000000', '0.000000000000', '0000-00-00 00:00:00', b'1'),
(214, 119, 'North 820de', 'north-820de', '', '', 0, 0, 0, 0, 0, 0, 0, '0.000000000000', '0.000000000000', '0000-00-00 00:00:00', b'1'),
(215, 2219, 'North Springfield Gardens', 'north-springfield-gardens', '', '', 0, 0, 0, 0, 0, 0, 0, '0.000000000000', '0.000000000000', '0000-00-00 00:00:00', b'1'),
(216, 119, 'Northeast Flatbush', 'northeast-flatbush', '', '', 0, 0, 0, 0, 0, 0, 0, '0.000000000000', '0.000000000000', '0000-00-00 00:00:00', b'1'),
(217, 116, 'Norwood', 'norwood', '', '', 0, 0, 0, 0, 0, 0, 0, '0.000000000000', '0.000000000000', '0000-00-00 00:00:00', b'1'),
(218, 2219, 'Oakland Gardens', 'oakland-gardens', '', '', 0, 0, 0, 0, 0, 0, 0, '0.000000000000', '0.000000000000', '0000-00-00 00:00:00', b'1'),
(219, 820, 'Oakwood', 'oakwood', '', '', 0, 0, 0, 0, 0, 0, 0, '0.000000000000', '0.000000000000', '0000-00-00 00:00:00', b'1'),
(220, 820, 'Oakwood Beach', 'oakwood-beach', '', '', 0, 0, 0, 0, 0, 0, 0, '0.000000000000', '0.000000000000', '0000-00-00 00:00:00', b'1'),
(221, 119, 'Ocean Hill', 'ocean-hill', '', '', 0, 0, 0, 0, 0, 0, 0, '0.000000000000', '0.000000000000', '0000-00-00 00:00:00', b'1'),
(222, 119, 'Ocean Parkway', 'ocean-parkway', '', '', 0, 0, 0, 0, 0, 0, 0, '0.000000000000', '0.000000000000', '0000-00-00 00:00:00', b'1'),
(223, 2219, 'Old Howard Beach', 'old-howard-beach', '', '', 0, 0, 0, 0, 0, 0, 0, '0.000000000000', '0.000000000000', '0000-00-00 00:00:00', b'1'),
(224, 820, 'Old Town', 'old-town', '', '', 0, 0, 0, 0, 0, 0, 0, '0.000000000000', '0.000000000000', '0000-00-00 00:00:00', b'1'),
(225, 116, 'Olinville', 'olinville', '', '', 0, 0, 0, 0, 0, 0, 0, '0.000000000000', '0.000000000000', '0000-00-00 00:00:00', b'1'),
(226, 2219, 'Ozone Park', 'ozone-park', '', '', 0, 0, 0, 0, 0, 0, 0, '0.000000000000', '0.000000000000', '0000-00-00 00:00:00', b'1'),
(227, 820, 'Old Place', 'old-place', '', '', 0, 0, 0, 0, 0, 0, 0, '0.000000000000', '0.000000000000', '0000-00-00 00:00:00', b'1'),
(228, 119, 'Paerdegat Ba820n', 'paerdegat-ba820n', '', '', 0, 0, 0, 0, 0, 0, 0, '0.000000000000', '0.000000000000', '0000-00-00 00:00:00', b'1'),
(229, 820, 'Park Hill', 'park-hill', '', '', 0, 0, 0, 0, 0, 0, 0, '0.000000000000', '0.000000000000', '0000-00-00 00:00:00', b'1'),
(230, 119, 'Park Slope', 'park-slope', '', '', 0, 0, 0, 0, 0, 0, 0, '0.000000000000', '0.000000000000', '0000-00-00 00:00:00', b'1'),
(231, 116, 'Parkchester', 'parkchester', '', '', 0, 0, 0, 0, 0, 0, 0, '0.000000000000', '0.000000000000', '0000-00-00 00:00:00', b'1'),
(232, 116, 'Pelham Bay', 'pelham-bay', '', '', 0, 0, 0, 0, 0, 0, 0, '0.000000000000', '0.000000000000', '0000-00-00 00:00:00', b'1'),
(233, 116, 'Pelham Gardens', 'pelham-gardens', '', '', 0, 0, 0, 0, 0, 0, 0, '0.000000000000', '0.000000000000', '0000-00-00 00:00:00', b'1'),
(234, 116, 'Pelham Parkway', 'pelham-parkway', '', '', 0, 0, 0, 0, 0, 0, 0, '0.000000000000', '0.000000000000', '0000-00-00 00:00:00', b'1'),
(235, 820, 'Pleasant Plains', 'pleasant-plains', '', '', 0, 0, 0, 0, 0, 0, 0, '0.000000000000', '0.000000000000', '0000-00-00 00:00:00', b'1'),
(236, 119, 'Plumb Beach', 'plumb-beach', '', '', 0, 0, 0, 0, 0, 0, 0, '0.000000000000', '0.000000000000', '0000-00-00 00:00:00', b'1'),
(237, 2219, 'Pomonok', 'pomonok', '', '', 0, 0, 0, 0, 0, 0, 0, '0.000000000000', '0.000000000000', '0000-00-00 00:00:00', b'1'),
(238, 820, 'Port Ivory', 'port-ivory', '', '', 0, 0, 0, 0, 0, 0, 0, '0.000000000000', '0.000000000000', '0000-00-00 00:00:00', b'1'),
(239, 116, 'Port Morris', 'port-morris', '', '', 0, 0, 0, 0, 0, 0, 0, '0.000000000000', '0.000000000000', '0000-00-00 00:00:00', b'1'),
(240, 820, 'Port Richmond', 'port-richmond', '', '', 0, 0, 0, 0, 0, 0, 0, '0.000000000000', '0.000000000000', '0000-00-00 00:00:00', b'1'),
(241, 820, 'Prince''s Bay', 'prince''s-bay', '', '', 0, 0, 0, 0, 0, 0, 0, '0.000000000000', '0.000000000000', '0000-00-00 00:00:00', b'1'),
(242, 119, 'Prospect Lefferts Gardens', 'prospect-lefferts-gardens', '', '', 0, 0, 0, 0, 0, 0, 0, '0.000000000000', '0.000000000000', '0000-00-00 00:00:00', b'1'),
(243, 119, 'Prospect Heights', 'prospect-heights', '', '', 0, 0, 0, 0, 0, 0, 0, '0.000000000000', '0.000000000000', '0000-00-00 00:00:00', b'1'),
(244, 119, 'Prospect Park South', 'prospect-park-south', '', '', 0, 0, 0, 0, 0, 0, 0, '0.000000000000', '0.000000000000', '0000-00-00 00:00:00', b'1'),
(245, 2219, 'Queens Village', 'queens-village', '', '', 0, 0, 0, 0, 0, 0, 0, '0.000000000000', '0.000000000000', '0000-00-00 00:00:00', b'1'),
(246, 2219, 'Queensboro Hill', 'queensboro-hill', '', '', 0, 0, 0, 0, 0, 0, 0, '0.000000000000', '0.000000000000', '0000-00-00 00:00:00', b'1'),
(247, 820, 'Randall Manor', 'randall-manor', '', '', 0, 0, 0, 0, 0, 0, 0, '0.000000000000', '0.000000000000', '0000-00-00 00:00:00', b'1'),
(248, 2219, 'Ravenswood', 'ravenswood', '', '', 0, 0, 0, 0, 0, 0, 0, '0.000000000000', '0.000000000000', '0000-00-00 00:00:00', b'1'),
(249, 119, 'Red Hook', 'red-hook', '', '', 0, 0, 0, 0, 0, 0, 0, '0.000000000000', '0.000000000000', '0000-00-00 00:00:00', b'1'),
(250, 2219, 'Rego Park', 'rego-park', '', '', 0, 0, 0, 0, 0, 0, 0, '0.000000000000', '0.000000000000', '0000-00-00 00:00:00', b'1'),
(251, 119, 'Remsen Village', 'remsen-village', '', '', 0, 0, 0, 0, 0, 0, 0, '0.000000000000', '0.000000000000', '0000-00-00 00:00:00', b'1'),
(252, 2219, 'Richmond Hill', 'richmond-hill', '', '', 0, 0, 0, 0, 0, 0, 0, '0.000000000000', '0.000000000000', '0000-00-00 00:00:00', b'1'),
(253, 820, 'Richmond Town', 'richmond-town', '', '', 0, 0, 0, 0, 0, 0, 0, '0.000000000000', '0.000000000000', '0000-00-00 00:00:00', b'1'),
(254, 820, 'Richmond Valley', 'richmond-valley', '', '', 0, 0, 0, 0, 0, 0, 0, '0.000000000000', '0.000000000000', '0000-00-00 00:00:00', b'1'),
(255, 2219, 'Ridgewood', 'ridgewood', '', '', 0, 0, 0, 0, 0, 0, 0, '0.000000000000', '0.000000000000', '0000-00-00 00:00:00', b'1'),
(256, 116, 'Riverdale', 'riverdale', '', '', 0, 0, 0, 0, 0, 0, 0, '0.000000000000', '0.000000000000', '0000-00-00 00:00:00', b'1'),
(257, 2219, 'Rochdale', 'rochdale', '', '', 0, 0, 0, 0, 0, 0, 0, '0.000000000000', '0.000000000000', '0000-00-00 00:00:00', b'1'),
(258, 2219, 'Rockaway Park', 'rockaway-park', '', '', 0, 0, 0, 0, 0, 0, 0, '0.000000000000', '0.000000000000', '0000-00-00 00:00:00', b'1'),
(259, 119, 'Rugby', 'rugby', '', '', 0, 0, 0, 0, 0, 0, 0, '0.000000000000', '0.000000000000', '0000-00-00 00:00:00', b'1'),
(260, 95, 'Roosevelt Island', 'roosevelt-island', '', '', 0, 0, 0, 0, 0, 0, 0, '40.761238500000', '-73.950789500000', '0000-00-00 00:00:00', b'1'),
(261, 820, 'Rosebank', 'rosebank', '', '', 0, 0, 0, 0, 0, 0, 0, '0.000000000000', '0.000000000000', '0000-00-00 00:00:00', b'1'),
(262, 2219, 'Rosedale', 'rosedale', '', '', 0, 0, 0, 0, 0, 0, 0, '0.000000000000', '0.000000000000', '0000-00-00 00:00:00', b'1'),
(263, 820, 'Rossville', 'rossville', '', '', 0, 0, 0, 0, 0, 0, 0, '0.000000000000', '0.000000000000', '0000-00-00 00:00:00', b'1'),
(264, 2219, 'Roxbury', 'roxbury', '', '', 0, 0, 0, 0, 0, 0, 0, '0.000000000000', '0.000000000000', '0000-00-00 00:00:00', b'1'),
(265, 2219, 'St. Albans', 'st.-albans', '', '', 0, 0, 0, 0, 0, 0, 0, '0.000000000000', '0.000000000000', '0000-00-00 00:00:00', b'1'),
(266, 820, 'St. George', 'st.-george', '', '', 0, 0, 0, 0, 0, 0, 0, '0.000000000000', '0.000000000000', '0000-00-00 00:00:00', b'1'),
(267, 820, 'Sandy Ground ', 'sandy-ground', '', '', 0, 0, 0, 0, 0, 0, 0, '0.000000000000', '0.000000000000', '0000-00-00 00:00:00', b'1'),
(268, 116, 'Schuylerville', 'schuylerville', '', '', 0, 0, 0, 0, 0, 0, 0, '0.000000000000', '0.000000000000', '0000-00-00 00:00:00', b'1'),
(269, 119, 'Sea Gate', 'sea-gate', '', '', 0, 0, 0, 0, 0, 0, 0, '0.000000000000', '0.000000000000', '0000-00-00 00:00:00', b'1'),
(270, 2219, 'Sea820de', 'sea820de', '', '', 0, 0, 0, 0, 0, 0, 0, '0.000000000000', '0.000000000000', '0000-00-00 00:00:00', b'1'),
(271, 119, 'Sheepshead Bay', 'sheepshead-bay', '', '', 0, 0, 0, 0, 0, 0, 0, '0.000000000000', '0.000000000000', '0000-00-00 00:00:00', b'1'),
(272, 820, 'Shore Acres', 'shore-acres', '', '', 0, 0, 0, 0, 0, 0, 0, '0.000000000000', '0.000000000000', '0000-00-00 00:00:00', b'1'),
(273, 820, '820lver Lake', '820lver-lake', '', '', 0, 0, 0, 0, 0, 0, 0, '0.000000000000', '0.000000000000', '0000-00-00 00:00:00', b'1'),
(274, 95, 'SoHo', 'soho', '', '', 0, 0, 0, 0, 0, 0, 0, '40.723537000000', '-74.005313500000', '0000-00-00 00:00:00', b'1'),
(275, 2219, 'Somerville', 'somerville', '', '', 0, 0, 0, 0, 0, 0, 0, '0.000000000000', '0.000000000000', '0000-00-00 00:00:00', b'1'),
(276, 116, 'Soundview', 'soundview', '', '', 0, 0, 0, 0, 0, 0, 0, '0.000000000000', '0.000000000000', '0000-00-00 00:00:00', b'1'),
(277, 820, 'South Beach', 'south-beach', '', '', 0, 0, 0, 0, 0, 0, 0, '0.000000000000', '0.000000000000', '0000-00-00 00:00:00', b'1'),
(278, 2219, 'South Corona', 'south-corona', '', '', 0, 0, 0, 0, 0, 0, 0, '0.000000000000', '0.000000000000', '0000-00-00 00:00:00', b'1'),
(279, 2219, 'South Jamaica', 'south-jamaica', '', '', 0, 0, 0, 0, 0, 0, 0, '0.000000000000', '0.000000000000', '0000-00-00 00:00:00', b'1'),
(280, 2219, 'South Ozone Park', 'south-ozone-park', '', '', 0, 0, 0, 0, 0, 0, 0, '0.000000000000', '0.000000000000', '0000-00-00 00:00:00', b'1'),
(281, 119, 'South 820de', 'south-820de', '', '', 0, 0, 0, 0, 0, 0, 0, '0.000000000000', '0.000000000000', '0000-00-00 00:00:00', b'1'),
(283, 119, 'Spring Creek', 'spring-creek', '', '', 0, 0, 0, 0, 0, 0, 0, '0.000000000000', '0.000000000000', '0000-00-00 00:00:00', b'1'),
(284, 2219, 'Springfield Gardens', 'springfield-gardens', '', '', 0, 0, 0, 0, 0, 0, 0, '0.000000000000', '0.000000000000', '0000-00-00 00:00:00', b'1'),
(285, 116, 'Spuyten Duyvil', 'spuyten-duyvil', '', '', 0, 0, 0, 0, 0, 0, 0, '0.000000000000', '0.000000000000', '0000-00-00 00:00:00', b'1'),
(286, 820, 'Stapleton', 'stapleton', '', '', 0, 0, 0, 0, 0, 0, 0, '0.000000000000', '0.000000000000', '0000-00-00 00:00:00', b'1'),
(287, 119, 'Starrett City', 'starrett-city', '', '', 0, 0, 0, 0, 0, 0, 0, '0.000000000000', '0.000000000000', '0000-00-00 00:00:00', b'1'),
(288, 2219, 'Steinway', 'steinway', '', '', 0, 0, 0, 0, 0, 0, 0, '0.000000000000', '0.000000000000', '0000-00-00 00:00:00', b'1'),
(289, 119, 'Stuyvesant Heights', 'stuyvesant-heights', '', '', 0, 0, 0, 0, 0, 0, 0, '0.000000000000', '0.000000000000', '0000-00-00 00:00:00', b'1'),
(291, 2219, 'Sunny820de', 'sunny820de', '', '', 0, 0, 0, 0, 0, 0, 0, '0.000000000000', '0.000000000000', '0000-00-00 00:00:00', b'1'),
(292, 820, 'Sunny820de', 'sunny820de', '', '', 0, 0, 0, 0, 0, 0, 0, '0.000000000000', '0.000000000000', '0000-00-00 00:00:00', b'1'),
(293, 2219, 'Sunny820de Gardens', 'sunny820de-gardens', '', '', 0, 0, 0, 0, 0, 0, 0, '0.000000000000', '0.000000000000', '0000-00-00 00:00:00', b'1'),
(294, 119, 'Sunset Park', 'sunset-park', '', '', 0, 0, 0, 0, 0, 0, 0, '0.000000000000', '0.000000000000', '0000-00-00 00:00:00', b'1'),
(296, 116, 'Throgs Neck', 'throgs-neck', '', '', 0, 0, 0, 0, 0, 0, 0, '0.000000000000', '0.000000000000', '0000-00-00 00:00:00', b'1'),
(298, 820, 'Todt Hill', 'todt-hill', '', '', 0, 0, 0, 0, 0, 0, 0, '0.000000000000', '0.000000000000', '0000-00-00 00:00:00', b'1'),
(299, 119, 'Tompkins Park North', 'tompkins-park-north', '', '', 0, 0, 0, 0, 0, 0, 0, '0.000000000000', '0.000000000000', '0000-00-00 00:00:00', b'1'),
(300, 820, 'Tompkinsville', 'tompkinsville', '', '', 0, 0, 0, 0, 0, 0, 0, '0.000000000000', '0.000000000000', '0000-00-00 00:00:00', b'1'),
(301, 820, 'Tottenville', 'tottenville', '', '', 0, 0, 0, 0, 0, 0, 0, '0.000000000000', '0.000000000000', '0000-00-00 00:00:00', b'1'),
(302, 820, 'Travis', 'travis', '', '', 0, 0, 0, 0, 0, 0, 0, '0.000000000000', '0.000000000000', '0000-00-00 00:00:00', b'1'),
(303, 95, 'Tribeca', 'tribeca', '', '', 0, 0, 0, 0, 0, 0, 0, '40.718603000000', '-74.009165645500', '0000-00-00 00:00:00', b'1'),
(307, 116, 'Unionport', 'unionport', '', '', 0, 0, 0, 0, 0, 0, 0, '0.000000000000', '0.000000000000', '0000-00-00 00:00:00', b'1'),
(308, 116, 'Univer820ty Heights', 'univer820ty-heights', '', '', 0, 0, 0, 0, 0, 0, 0, '0.000000000000', '0.000000000000', '0000-00-00 00:00:00', b'1'),
(309, 95, 'Upper East Side', 'upper-east-side', '', '', 0, 0, 0, 0, 0, 0, 0, '40.773083814500', '-73.957514612500', '0000-00-00 00:00:00', b'1'),
(310, 95, 'Upper West Side', 'upper-west-side', '', '', 0, 0, 0, 0, 0, 0, 0, '40.787019500000', '-73.976043500000', '0000-00-00 00:00:00', b'1'),
(311, 2219, 'Utopia', 'utopia', '', '', 0, 0, 0, 0, 0, 0, 0, '0.000000000000', '0.000000000000', '0000-00-00 00:00:00', b'1'),
(312, 116, 'Van Nest', 'van-nest', '', '', 0, 0, 0, 0, 0, 0, 0, '0.000000000000', '0.000000000000', '0000-00-00 00:00:00', b'1'),
(313, 119, 'Vinegar Hill', 'vinegar-hill', '', '', 0, 0, 0, 0, 0, 0, 0, '0.000000000000', '0.000000000000', '0000-00-00 00:00:00', b'1'),
(314, 116, 'Wakefield', 'wakefield', '', '', 0, 0, 0, 0, 0, 0, 0, '0.000000000000', '0.000000000000', '0000-00-00 00:00:00', b'1'),
(316, 820, 'Ward Hill ', 'ward-hill', '', '', 0, 0, 0, 0, 0, 0, 0, '0.000000000000', '0.000000000000', '0000-00-00 00:00:00', b'1'),
(317, 95, 'Washington Heights', 'washington-heights', '', '', 0, 0, 0, 0, 0, 0, 0, '40.848926500000', '-73.934827500000', '0000-00-00 00:00:00', b'1'),
(318, 119, 'Weeksville', 'weeksville', '', '', 0, 0, 0, 0, 0, 0, 0, '0.000000000000', '0.000000000000', '0000-00-00 00:00:00', b'1'),
(319, 119, 'West Brighton', 'west-brighton', '', '', 0, 0, 0, 0, 0, 0, 0, '0.000000000000', '0.000000000000', '0000-00-00 00:00:00', b'1'),
(320, 820, 'West Brighton', 'west-brighton', '', '', 0, 0, 0, 0, 0, 0, 0, '0.000000000000', '0.000000000000', '0000-00-00 00:00:00', b'1'),
(321, 116, 'West Concourse', 'west-concourse', '', '', 0, 0, 0, 0, 0, 0, 0, '0.000000000000', '0.000000000000', '0000-00-00 00:00:00', b'1'),
(322, 116, 'West Farms', 'west-farms', '', '', 0, 0, 0, 0, 0, 0, 0, '0.000000000000', '0.000000000000', '0000-00-00 00:00:00', b'1'),
(323, 95, 'West Village', 'west-village', '', '', 0, 0, 0, 0, 0, 0, 0, '40.735398500000', '-74.005886000000', '0000-00-00 00:00:00', b'1'),
(324, 116, 'Westchester Square', 'westchester-square', '', '', 0, 0, 0, 0, 0, 0, 0, '0.000000000000', '0.000000000000', '0000-00-00 00:00:00', b'1'),
(325, 820, 'Westerleigh', 'westerleigh', '', '', 0, 0, 0, 0, 0, 0, 0, '0.000000000000', '0.000000000000', '0000-00-00 00:00:00', b'1'),
(326, 2219, 'Whitestone', 'whitestone', '', '', 0, 0, 0, 0, 0, 0, 0, '0.000000000000', '0.000000000000', '0000-00-00 00:00:00', b'1'),
(327, 116, 'Williamsbridge', 'williamsbridge', '', '', 0, 0, 0, 0, 0, 0, 0, '0.000000000000', '0.000000000000', '0000-00-00 00:00:00', b'1'),
(328, 119, 'Williamsburg', 'williamsburg', '', '', 0, 0, 0, 0, 0, 0, 0, '0.000000000000', '0.000000000000', '0000-00-00 00:00:00', b'1'),
(329, 119, 'Willowbrook 8202', 'willowbrook-8202', '', '', 0, 0, 0, 0, 0, 0, 0, '0.000000000000', '0.000000000000', '0000-00-00 00:00:00', b'1'),
(330, 119, 'Windsor Terrace', 'windsor-terrace', '', '', 0, 0, 0, 0, 0, 0, 0, '0.000000000000', '0.000000000000', '0000-00-00 00:00:00', b'1'),
(331, 119, 'Wingate', 'wingate', '', '', 0, 0, 0, 0, 0, 0, 0, '0.000000000000', '0.000000000000', '0000-00-00 00:00:00', b'1'),
(332, 2219, 'Woodhaven', 'woodhaven', '', '', 0, 0, 0, 0, 0, 0, 0, '0.000000000000', '0.000000000000', '0000-00-00 00:00:00', b'1'),
(333, 116, 'Woodlawn', 'woodlawn', '', '', 0, 0, 0, 0, 0, 0, 0, '0.000000000000', '0.000000000000', '0000-00-00 00:00:00', b'1'),
(334, 820, 'Woodrow', 'woodrow', '', '', 0, 0, 0, 0, 0, 0, 0, '0.000000000000', '0.000000000000', '0000-00-00 00:00:00', b'1'),
(335, 2219, 'Wood820de', 'wood820de', '', '', 0, 0, 0, 0, 0, 0, 0, '0.000000000000', '0.000000000000', '0000-00-00 00:00:00', b'1'),
(337, 95, 'Central Park', 'central-park', '', '', 0, 0, 0, 0, 0, 0, 0, '40.782438000000', '-73.965563000000', '0000-00-00 00:00:00', b'1'),
(338, 95, 'NoLita', 'nolita', '', '', 0, 0, 0, 0, 0, 0, 0, '40.722267500000', '-73.995141500000', '0000-00-00 00:00:00', b'1'),
(339, 95, 'Garment District', 'garment-district', '', '', 0, 0, 0, 0, 0, 0, 0, '40.754110500000', '-73.990685500000', '0000-00-00 00:00:00', b'1'),
(340, 95, 'Hell''s Kitchen', 'hell''s-kitchen', '', '', 0, 0, 0, 0, 0, 0, 0, '40.763756500000', '-73.994467000000', '0000-00-00 00:00:00', b'1'),
(341, 95, 'Stuyvesant Town - Peter Cooper Village', 'stuyvesant-town---peter-cooper-village', '', '', 0, 0, 0, 0, 0, 0, 0, '40.731820376500', '-73.977000099500', '0000-00-00 00:00:00', b'1'),
(342, 95, 'Theater District', 'theater-district', '', '', 0, 0, 0, 0, 0, 0, 0, '40.760814000000', '-73.983478500000', '0000-00-00 00:00:00', b'1'),
(345, 95, 'Two Bridges', 'two-bridges', '', '', 0, 0, 0, 0, 0, 0, 0, '40.711225794500', '-73.992857948000', '0000-00-00 00:00:00', b'1'),
(346, 95, 'Central Harlem', 'central-harlem', '', '', 0, 0, 0, 0, 0, 0, 0, '40.813542760500', '-73.946366585500', '0000-00-00 00:00:00', b'1'),
(347, 95, 'Kips Bay', 'kips-bay', '', '', 0, 0, 0, 0, 0, 0, 0, '40.741004718500', '-73.979045199000', '0000-00-00 00:00:00', b'1'),
(348, 95, 'Koreatown', 'koreatown', '', '', 0, 0, 0, 0, 0, 0, 0, '40.748805000000', '-73.986399500000', '0000-00-00 00:00:00', b'1'),
(349, 95, 'Midtown East', 'midtown-east', '', '', 0, 0, 0, 0, 0, 0, 0, '40.756594500000', '-73.971460257500', '0000-00-00 00:00:00', b'1'),
(350, 95, 'Bowery', 'bowery', '', '', 0, 0, 0, 0, 0, 0, 0, '40.721934500000', '-73.991048000000', '0000-00-00 00:00:00', b'1'),
(351, 95, 'NoMad', 'nomad', '', '', 0, 0, 0, 0, 0, 0, 0, '40.744035000000', '-73.987774500000', '0000-00-00 00:00:00', b'1'),
(352, 95, 'West Harlem', 'west-harlem', '', '', 0, 0, 0, 0, 0, 0, 0, '40.817796678500', '-73.955324281500', '0000-00-00 00:00:00', b'1');

-- --------------------------------------------------------

--
-- Table structure for table `geo_neighborhood_all`
--

CREATE TABLE IF NOT EXISTS `geo_neighborhood_all` (
  `neighborhood_id` int(11) NOT NULL AUTO_INCREMENT,
  `city_id` int(11) NOT NULL,
  `name` varchar(80) NOT NULL,
  `alias` varchar(80) NOT NULL,
  `tagline` varchar(80) NOT NULL,
  `description` text NOT NULL,
  `income` int(11) NOT NULL,
  `males` int(11) NOT NULL,
  `females` int(11) NOT NULL,
  `students` int(11) NOT NULL,
  `safety` int(11) NOT NULL,
  `rental` int(11) NOT NULL,
  `events` int(11) NOT NULL,
  `lat` decimal(15,12) NOT NULL,
  `lng` decimal(15,12) NOT NULL,
  `updated_at` timestamp NOT NULL DEFAULT CURRENT_TIMESTAMP ON UPDATE CURRENT_TIMESTAMP,
  `is_active` bit(1) NOT NULL DEFAULT b'1',
  PRIMARY KEY (`neighborhood_id`),
  KEY `city_id` (`city_id`),
  KEY `alias` (`alias`)
) ENGINE=InnoDB  DEFAULT CHARSET=utf8 AUTO_INCREMENT=353 ;

--
-- Dumping data for table `geo_neighborhood_all`
--

INSERT INTO `geo_neighborhood_all` (`neighborhood_id`, `city_id`, `name`, `alias`, `tagline`, `description`, `income`, `males`, `females`, `students`, `safety`, `rental`, `events`, `lat`, `lng`, `updated_at`, `is_active`) VALUES
(1, 820, 'Annadale', 'annadale', '', '', 0, 0, 0, 0, 0, 0, 0, '0.000000000000', '0.000000000000', '0000-00-00 00:00:00', b'1'),
(2, 820, 'Arden Heights', 'arden-heights', '', '', 0, 0, 0, 0, 0, 0, 0, '0.000000000000', '0.000000000000', '0000-00-00 00:00:00', b'1'),
(3, 820, 'Arlington', 'arlington', '', '', 0, 0, 0, 0, 0, 0, 0, '0.000000000000', '0.000000000000', '0000-00-00 00:00:00', b'1'),
(4, 820, 'Arrochar', 'arrochar', '', '', 0, 0, 0, 0, 0, 0, 0, '0.000000000000', '0.000000000000', '0000-00-00 00:00:00', b'1'),
(5, 2219, 'Arverne', 'arverne', '', '', 0, 0, 0, 0, 0, 0, 0, '0.000000000000', '0.000000000000', '0000-00-00 00:00:00', b'1'),
(6, 2219, 'Astoria', 'astoria', '', '', 0, 0, 0, 0, 0, 0, 0, '0.000000000000', '0.000000000000', '0000-00-00 00:00:00', b'1'),
(7, 2219, 'Astoria Heights', 'astoria-heights', '', '', 0, 0, 0, 0, 0, 0, 0, '0.000000000000', '0.000000000000', '0000-00-00 00:00:00', b'1'),
(8, 2219, 'Auburndale', 'auburndale', '', '', 0, 0, 0, 0, 0, 0, 0, '0.000000000000', '0.000000000000', '0000-00-00 00:00:00', b'1'),
(9, 116, 'Bathgate', 'bathgate', '', '', 0, 0, 0, 0, 0, 0, 0, '0.000000000000', '0.000000000000', '0000-00-00 00:00:00', b'1'),
(10, 119, 'Bath Beach', 'bath-beach', '', '', 0, 0, 0, 0, 0, 0, 0, '0.000000000000', '0.000000000000', '0000-00-00 00:00:00', b'1'),
(11, 95, 'Battery Park City', 'battery-park-city', 'Battery Park City', 'Although\r\nthe idea of an urban suburb pieced together through land reclamation\r\n(kind of a scrapping together of earth and sand) is in itself\r\nintriguing and odd, this community on the Hudson has always been at\r\nthe forefront of creating an atypical, progressive NYC environment.\r\nOne third of the acreage is kept open and the new buildings boast\r\ngreen architecture and water conservation innovations. Don’t look\r\nfor train service, but hop on a bus instead to get here! Or take a\r\nstroll to work if work happens to be in the Financial District.\r\n<br>', 120000, 45, 55, 10, 9, 4000, 100, '40.711254000000', '-74.016024500000', '2013-10-23 09:08:51', b'1'),
(12, 820, 'Bay Terrace', 'bay-terrace', '', '', 0, 0, 0, 0, 0, 0, 0, '0.000000000000', '0.000000000000', '0000-00-00 00:00:00', b'1'),
(13, 2219, 'Bay Terrace', 'bay-terrace', '', '', 0, 0, 0, 0, 0, 0, 0, '0.000000000000', '0.000000000000', '0000-00-00 00:00:00', b'1'),
(14, 119, 'Bay Ridge', 'bay-ridge', '', '', 0, 0, 0, 0, 0, 0, 0, '0.000000000000', '0.000000000000', '0000-00-00 00:00:00', b'1'),
(15, 116, 'Baychester', 'baychester', '', '', 0, 0, 0, 0, 0, 0, 0, '0.000000000000', '0.000000000000', '0000-00-00 00:00:00', b'1'),
(16, 2219, 'Bay', 'bay', '', '', 0, 0, 0, 0, 0, 0, 0, '0.000000000000', '0.000000000000', '0000-00-00 00:00:00', b'1'),
(17, 2219, 'Bayswater', 'bayswater', '', '', 0, 0, 0, 0, 0, 0, 0, '0.000000000000', '0.000000000000', '0000-00-00 00:00:00', b'1'),
(18, 116, 'Bedford Park', 'bedford-park', '', '', 0, 0, 0, 0, 0, 0, 0, '0.000000000000', '0.000000000000', '0000-00-00 00:00:00', b'1'),
(19, 119, 'Bedford Stuyvesant', 'bedford-stuyvesant', '', '', 0, 0, 0, 0, 0, 0, 0, '0.000000000000', '0.000000000000', '0000-00-00 00:00:00', b'1'),
(20, 2219, 'Beechhurst', 'beechhurst', '', '', 0, 0, 0, 0, 0, 0, 0, '0.000000000000', '0.000000000000', '0000-00-00 00:00:00', b'1'),
(21, 95, 'Beekman Place', 'beekman-place', '', '', 0, 0, 0, 0, 0, 0, 0, '0.000000000000', '0.000000000000', '0000-00-00 00:00:00', b'1'),
(22, 2219, 'Belle Harbor', 'belle-harbor', '', '', 0, 0, 0, 0, 0, 0, 0, '0.000000000000', '0.000000000000', '0000-00-00 00:00:00', b'1'),
(23, 2219, 'Bellaire', 'bellaire', '', '', 0, 0, 0, 0, 0, 0, 0, '0.000000000000', '0.000000000000', '0000-00-00 00:00:00', b'1'),
(24, 2219, 'Bellerose', 'bellerose', '', '', 0, 0, 0, 0, 0, 0, 0, '0.000000000000', '0.000000000000', '0000-00-00 00:00:00', b'1'),
(25, 116, 'Belmont', 'belmont', '', '', 0, 0, 0, 0, 0, 0, 0, '0.000000000000', '0.000000000000', '0000-00-00 00:00:00', b'1'),
(26, 119, 'Bensonhurst', 'bensonhurst', '', '', 0, 0, 0, 0, 0, 0, 0, '0.000000000000', '0.000000000000', '0000-00-00 00:00:00', b'1'),
(27, 119, 'Bergen Beach', 'bergen-beach', '', '', 0, 0, 0, 0, 0, 0, 0, '0.000000000000', '0.000000000000', '0000-00-00 00:00:00', b'1'),
(28, 2219, 'Blissville', 'blissville', '', '', 0, 0, 0, 0, 0, 0, 0, '0.000000000000', '0.000000000000', '0000-00-00 00:00:00', b'1'),
(29, 820, 'Bloomfield', 'bloomfield', '', '', 0, 0, 0, 0, 0, 0, 0, '0.000000000000', '0.000000000000', '0000-00-00 00:00:00', b'1'),
(30, 119, 'Boerum Hill', 'boerum-hill', '', '', 0, 0, 0, 0, 0, 0, 0, '0.000000000000', '0.000000000000', '0000-00-00 00:00:00', b'1'),
(31, 119, 'Borough Park', 'borough-park', '', '', 0, 0, 0, 0, 0, 0, 0, '0.000000000000', '0.000000000000', '0000-00-00 00:00:00', b'1'),
(32, 2219, 'Breezy Point', 'breezy-point', '', '', 0, 0, 0, 0, 0, 0, 0, '0.000000000000', '0.000000000000', '0000-00-00 00:00:00', b'1'),
(33, 2219, 'Briarwood', 'briarwood', '', '', 0, 0, 0, 0, 0, 0, 0, '0.000000000000', '0.000000000000', '0000-00-00 00:00:00', b'1'),
(34, 119, 'Brighton Beach', 'brighton-beach', '', '', 0, 0, 0, 0, 0, 0, 0, '0.000000000000', '0.000000000000', '0000-00-00 00:00:00', b'1'),
(35, 2219, 'Broad Channel', 'broad-channel', '', '', 0, 0, 0, 0, 0, 0, 0, '0.000000000000', '0.000000000000', '0000-00-00 00:00:00', b'1'),
(36, 119, 'Broadway Junction', 'broadway-junction', '', '', 0, 0, 0, 0, 0, 0, 0, '0.000000000000', '0.000000000000', '0000-00-00 00:00:00', b'1'),
(37, 119, 'Brooklyn Heights', 'brooklyn-heights', '', '', 0, 0, 0, 0, 0, 0, 0, '0.000000000000', '0.000000000000', '0000-00-00 00:00:00', b'1'),
(38, 119, 'Brooklyn Navy Yard', 'brooklyn-navy-yard', '', '', 0, 0, 0, 0, 0, 0, 0, '0.000000000000', '0.000000000000', '0000-00-00 00:00:00', b'1'),
(39, 2219, 'Brookville', 'brookville', '', '', 0, 0, 0, 0, 0, 0, 0, '0.000000000000', '0.000000000000', '0000-00-00 00:00:00', b'1'),
(40, 116, 'Bronx Park South', 'bronx-park-south', '', '', 0, 0, 0, 0, 0, 0, 0, '0.000000000000', '0.000000000000', '0000-00-00 00:00:00', b'1'),
(41, 116, 'Bronx River', 'bronx-river', '', '', 0, 0, 0, 0, 0, 0, 0, '0.000000000000', '0.000000000000', '0000-00-00 00:00:00', b'1'),
(42, 116, 'Bronxdale', 'bronxdale', '', '', 0, 0, 0, 0, 0, 0, 0, '0.000000000000', '0.000000000000', '0000-00-00 00:00:00', b'1'),
(43, 119, 'Brownsville', 'brownsville', '', '', 0, 0, 0, 0, 0, 0, 0, '0.000000000000', '0.000000000000', '0000-00-00 00:00:00', b'1'),
(44, 820, 'Bulls Head', 'bulls-head', '', '', 0, 0, 0, 0, 0, 0, 0, '0.000000000000', '0.000000000000', '0000-00-00 00:00:00', b'1'),
(45, 119, 'Bushwick', 'bushwick', '', '', 0, 0, 0, 0, 0, 0, 0, '0.000000000000', '0.000000000000', '0000-00-00 00:00:00', b'1'),
(46, 820, 'Butler Manor', 'butler-manor', '', '', 0, 0, 0, 0, 0, 0, 0, '0.000000000000', '0.000000000000', '0000-00-00 00:00:00', b'1'),
(47, 2219, 'Cambria Heights', 'cambria-heights', '', '', 0, 0, 0, 0, 0, 0, 0, '0.000000000000', '0.000000000000', '0000-00-00 00:00:00', b'1'),
(48, 119, 'Canar820e', 'canar820e', '', '', 0, 0, 0, 0, 0, 0, 0, '0.000000000000', '0.000000000000', '0000-00-00 00:00:00', b'1'),
(49, 95, 'Carnegie Hill', 'carnegie-hill', '', '', 0, 0, 0, 0, 0, 0, 0, '0.000000000000', '0.000000000000', '0000-00-00 00:00:00', b'1'),
(50, 119, 'Carroll Gardens', 'carroll-gardens', '', '', 0, 0, 0, 0, 0, 0, 0, '0.000000000000', '0.000000000000', '0000-00-00 00:00:00', b'1'),
(51, 116, 'Castle Hill', 'castle-hill', '', '', 0, 0, 0, 0, 0, 0, 0, '0.000000000000', '0.000000000000', '0000-00-00 00:00:00', b'1'),
(52, 820, 'Castleton Corners', 'castleton-corners', '', '', 0, 0, 0, 0, 0, 0, 0, '0.000000000000', '0.000000000000', '0000-00-00 00:00:00', b'1'),
(53, 820, 'Charleston', 'charleston', '', '', 0, 0, 0, 0, 0, 0, 0, '0.000000000000', '0.000000000000', '0000-00-00 00:00:00', b'1'),
(54, 95, 'Chelsea', 'chelsea', '', 'Chances\r\nare when you think of Chelsea, you think of the center of the New\r\nYork art world. The hours and flights of gallery wandering will\r\nlikely fill up your day quite nicely and leave you with a true\r\ncreative high. Although rent has climbed consistently, Chelsea is\r\nvery diverse, and is still the gay-friendliest place in the city. And\r\nalthough it is likely that the demise of the Empire Diner means that\r\nlike much of Manhattan, historic diversity has given way to moneyed\r\ngentrification, at least there is the excitement of the High Line,\r\nthe elevated rail line converted to a fantastic urban promenade! And\r\nnothing will ever beat working out at the Chelsea Piers or taking a\r\nstroll (with your pooch!) along the pier.\r\n<br>', 0, 0, 0, 0, 0, 0, 0, '40.747296000000', '-73.999986500000', '2013-10-23 09:10:12', b'1'),
(55, 820, 'Chelsea', 'chelsea', '', '', 0, 0, 0, 0, 0, 0, 0, '0.000000000000', '0.000000000000', '0000-00-00 00:00:00', b'1'),
(56, 95, 'Chinatown', 'chinatown', '', '', 0, 0, 0, 0, 0, 0, 0, '40.716220500000', '-73.994975775000', '0000-00-00 00:00:00', b'1'),
(57, 119, 'City Line', 'city-line', '', '', 0, 0, 0, 0, 0, 0, 0, '0.000000000000', '0.000000000000', '0000-00-00 00:00:00', b'1'),
(58, 116, 'City Island', 'city-island', '', '', 0, 0, 0, 0, 0, 0, 0, '0.000000000000', '0.000000000000', '0000-00-00 00:00:00', b'1'),
(59, 95, 'Civic Center', 'civic-center', '', '', 0, 0, 0, 0, 0, 0, 0, '40.714537656000', '-74.003450500000', '0000-00-00 00:00:00', b'1'),
(60, 116, 'Claremont Village', 'claremont-village', '', '', 0, 0, 0, 0, 0, 0, 0, '0.000000000000', '0.000000000000', '0000-00-00 00:00:00', b'1'),
(61, 116, 'Clason Point', 'clason-point', '', '', 0, 0, 0, 0, 0, 0, 0, '0.000000000000', '0.000000000000', '0000-00-00 00:00:00', b'1'),
(62, 2219, 'Clearview', 'clearview', '', '', 0, 0, 0, 0, 0, 0, 0, '0.000000000000', '0.000000000000', '0000-00-00 00:00:00', b'1'),
(63, 820, 'Clifton', 'clifton', '', '', 0, 0, 0, 0, 0, 0, 0, '0.000000000000', '0.000000000000', '0000-00-00 00:00:00', b'1'),
(64, 95, 'Clinton', 'clinton', '', '', 0, 0, 0, 0, 0, 0, 0, '0.000000000000', '0.000000000000', '0000-00-00 00:00:00', b'1'),
(65, 119, 'Clinton Hill', 'clinton-hill', '', '', 0, 0, 0, 0, 0, 0, 0, '0.000000000000', '0.000000000000', '0000-00-00 00:00:00', b'1'),
(66, 116, 'Co-op City', 'co-op-city', '', '', 0, 0, 0, 0, 0, 0, 0, '0.000000000000', '0.000000000000', '0000-00-00 00:00:00', b'1'),
(67, 119, 'Cobble Hill', 'cobble-hill', '', '', 0, 0, 0, 0, 0, 0, 0, '0.000000000000', '0.000000000000', '0000-00-00 00:00:00', b'1'),
(68, 2219, 'College Point', 'college-point', '', '', 0, 0, 0, 0, 0, 0, 0, '0.000000000000', '0.000000000000', '0000-00-00 00:00:00', b'1'),
(69, 820, 'Concord', 'concord', '', '', 0, 0, 0, 0, 0, 0, 0, '0.000000000000', '0.000000000000', '0000-00-00 00:00:00', b'1'),
(70, 116, 'Concourse', 'concourse', '', '', 0, 0, 0, 0, 0, 0, 0, '0.000000000000', '0.000000000000', '0000-00-00 00:00:00', b'1'),
(71, 116, 'Concourse Village', 'concourse-village', '', '', 0, 0, 0, 0, 0, 0, 0, '0.000000000000', '0.000000000000', '0000-00-00 00:00:00', b'1'),
(72, 119, 'Coney Island', 'coney-island', '', '', 0, 0, 0, 0, 0, 0, 0, '0.000000000000', '0.000000000000', '0000-00-00 00:00:00', b'1'),
(73, 116, 'Country Club', 'country-club', '', '', 0, 0, 0, 0, 0, 0, 0, '0.000000000000', '0.000000000000', '0000-00-00 00:00:00', b'1'),
(74, 119, 'Crown Heights', 'crown-heights', '', '', 0, 0, 0, 0, 0, 0, 0, '0.000000000000', '0.000000000000', '0000-00-00 00:00:00', b'1'),
(75, 119, 'Crown Heights South', 'crown-heights-south', '', '', 0, 0, 0, 0, 0, 0, 0, '0.000000000000', '0.000000000000', '0000-00-00 00:00:00', b'1'),
(76, 119, 'Cypress Hills', 'cypress-hills', '', '', 0, 0, 0, 0, 0, 0, 0, '0.000000000000', '0.000000000000', '0000-00-00 00:00:00', b'1'),
(77, 119, 'Ditmas Park', 'ditmas-park', '', '', 0, 0, 0, 0, 0, 0, 0, '0.000000000000', '0.000000000000', '0000-00-00 00:00:00', b'1'),
(78, 820, 'Dongan Hills', 'dongan-hills', '', '', 0, 0, 0, 0, 0, 0, 0, '0.000000000000', '0.000000000000', '0000-00-00 00:00:00', b'1'),
(79, 2219, 'Douglaston', 'douglaston', '', '', 0, 0, 0, 0, 0, 0, 0, '0.000000000000', '0.000000000000', '0000-00-00 00:00:00', b'1'),
(80, 119, 'Downtown', 'downtown', '', '', 0, 0, 0, 0, 0, 0, 0, '0.000000000000', '0.000000000000', '0000-00-00 00:00:00', b'1'),
(81, 119, 'DUMBO', 'dumbo', '', '', 0, 0, 0, 0, 0, 0, 0, '0.000000000000', '0.000000000000', '0000-00-00 00:00:00', b'1'),
(82, 2219, 'Dutch Kills', 'dutch-kills', '', '', 0, 0, 0, 0, 0, 0, 0, '0.000000000000', '0.000000000000', '0000-00-00 00:00:00', b'1'),
(83, 119, 'Dyker Heights', 'dyker-heights', '', '', 0, 0, 0, 0, 0, 0, 0, '0.000000000000', '0.000000000000', '0000-00-00 00:00:00', b'1'),
(84, 116, 'East Concourse', 'east-concourse', '', '', 0, 0, 0, 0, 0, 0, 0, '0.000000000000', '0.000000000000', '0000-00-00 00:00:00', b'1'),
(85, 119, 'East Flatbush', 'east-flatbush', '', '', 0, 0, 0, 0, 0, 0, 0, '0.000000000000', '0.000000000000', '0000-00-00 00:00:00', b'1'),
(86, 95, 'East Harlem', 'east-harlem', '', '', 0, 0, 0, 0, 0, 0, 0, '40.799989128000', '-73.942334322000', '0000-00-00 00:00:00', b'1'),
(87, 119, 'East New York', 'east-new-york', '', '', 0, 0, 0, 0, 0, 0, 0, '0.000000000000', '0.000000000000', '0000-00-00 00:00:00', b'1'),
(88, 116, 'East Tremont', 'east-tremont', '', '', 0, 0, 0, 0, 0, 0, 0, '0.000000000000', '0.000000000000', '0000-00-00 00:00:00', b'1'),
(89, 95, 'East Village', 'east-village', '', '', 0, 0, 0, 0, 0, 0, 0, '40.725947546500', '-73.981409446000', '0000-00-00 00:00:00', b'1'),
(90, 119, 'East Williamsburg', 'east-williamsburg', '', '', 0, 0, 0, 0, 0, 0, 0, '0.000000000000', '0.000000000000', '0000-00-00 00:00:00', b'1'),
(91, 2219, 'East Elmhurst', 'east-elmhurst', '', '', 0, 0, 0, 0, 0, 0, 0, '0.000000000000', '0.000000000000', '0000-00-00 00:00:00', b'1'),
(92, 116, 'Eastchester', 'eastchester', '', '', 0, 0, 0, 0, 0, 0, 0, '0.000000000000', '0.000000000000', '0000-00-00 00:00:00', b'1'),
(93, 116, 'Edenwald', 'edenwald', '', '', 0, 0, 0, 0, 0, 0, 0, '0.000000000000', '0.000000000000', '0000-00-00 00:00:00', b'1'),
(94, 2219, 'Edgemere', 'edgemere', '', '', 0, 0, 0, 0, 0, 0, 0, '0.000000000000', '0.000000000000', '0000-00-00 00:00:00', b'1'),
(95, 116, 'Edgewater Park', 'edgewater-park', '', '', 0, 0, 0, 0, 0, 0, 0, '0.000000000000', '0.000000000000', '0000-00-00 00:00:00', b'1'),
(96, 820, 'Egbertville', 'egbertville', '', '', 0, 0, 0, 0, 0, 0, 0, '0.000000000000', '0.000000000000', '0000-00-00 00:00:00', b'1'),
(97, 820, 'Elm Park', 'elm-park', '', '', 0, 0, 0, 0, 0, 0, 0, '0.000000000000', '0.000000000000', '0000-00-00 00:00:00', b'1'),
(98, 2219, 'Elmhurst', 'elmhurst', '', '', 0, 0, 0, 0, 0, 0, 0, '0.000000000000', '0.000000000000', '0000-00-00 00:00:00', b'1'),
(99, 820, 'Eltingville', 'eltingville', '', '', 0, 0, 0, 0, 0, 0, 0, '0.000000000000', '0.000000000000', '0000-00-00 00:00:00', b'1'),
(100, 820, 'Emerson Hill', 'emerson-hill', '', '', 0, 0, 0, 0, 0, 0, 0, '0.000000000000', '0.000000000000', '0000-00-00 00:00:00', b'1'),
(101, 2219, 'Far Rockaway', 'far-rockaway', '', '', 0, 0, 0, 0, 0, 0, 0, '0.000000000000', '0.000000000000', '0000-00-00 00:00:00', b'1'),
(102, 119, 'Farragut', 'farragut', '', '', 0, 0, 0, 0, 0, 0, 0, '0.000000000000', '0.000000000000', '0000-00-00 00:00:00', b'1'),
(103, 116, 'Fieldston', 'fieldston', '', '', 0, 0, 0, 0, 0, 0, 0, '0.000000000000', '0.000000000000', '0000-00-00 00:00:00', b'1'),
(104, 95, 'Financial District', 'financial-district', '', '', 0, 0, 0, 0, 0, 0, 0, '40.706654500000', '-74.008598500000', '0000-00-00 00:00:00', b'1'),
(105, 119, 'Flatbush', 'flatbush', '', '', 0, 0, 0, 0, 0, 0, 0, '0.000000000000', '0.000000000000', '0000-00-00 00:00:00', b'1'),
(106, 95, 'Flatiron', 'flatiron', '', '', 0, 0, 0, 0, 0, 0, 0, '40.738757356500', '-73.991618500000', '0000-00-00 00:00:00', b'1'),
(107, 119, 'Flatlands', 'flatlands', '', '', 0, 0, 0, 0, 0, 0, 0, '0.000000000000', '0.000000000000', '0000-00-00 00:00:00', b'1'),
(108, 2219, 'Floral Park', 'floral-park', '', '', 0, 0, 0, 0, 0, 0, 0, '0.000000000000', '0.000000000000', '0000-00-00 00:00:00', b'1'),
(109, 2219, 'Flushing', 'flushing', '', '', 0, 0, 0, 0, 0, 0, 0, '0.000000000000', '0.000000000000', '0000-00-00 00:00:00', b'1'),
(110, 2219, 'Flushing (Downtown)', 'flushing-(downtown)', '', '', 0, 0, 0, 0, 0, 0, 0, '0.000000000000', '0.000000000000', '0000-00-00 00:00:00', b'1'),
(111, 116, 'Fordham', 'fordham', '', '', 0, 0, 0, 0, 0, 0, 0, '0.000000000000', '0.000000000000', '0000-00-00 00:00:00', b'1'),
(112, 2219, 'Forest Hills', 'forest-hills', '', '', 0, 0, 0, 0, 0, 0, 0, '0.000000000000', '0.000000000000', '0000-00-00 00:00:00', b'1'),
(113, 2219, 'Forest Hills Gardens', 'forest-hills-gardens', '', '', 0, 0, 0, 0, 0, 0, 0, '0.000000000000', '0.000000000000', '0000-00-00 00:00:00', b'1'),
(114, 119, 'Fort Greene', 'fort-greene', '', '', 0, 0, 0, 0, 0, 0, 0, '0.000000000000', '0.000000000000', '0000-00-00 00:00:00', b'1'),
(115, 119, 'Fort Hamilton', 'fort-hamilton', '', '', 0, 0, 0, 0, 0, 0, 0, '0.000000000000', '0.000000000000', '0000-00-00 00:00:00', b'1'),
(116, 820, 'Fox Hills', 'fox-hills', '', '', 0, 0, 0, 0, 0, 0, 0, '0.000000000000', '0.000000000000', '0000-00-00 00:00:00', b'1'),
(117, 2219, 'Fresh Meadows', 'fresh-meadows', '', '', 0, 0, 0, 0, 0, 0, 0, '0.000000000000', '0.000000000000', '0000-00-00 00:00:00', b'1'),
(118, 119, 'Fulton Ferry', 'fulton-ferry', '', '', 0, 0, 0, 0, 0, 0, 0, '0.000000000000', '0.000000000000', '0000-00-00 00:00:00', b'1'),
(119, 119, 'Georgetown', 'georgetown', '', '', 0, 0, 0, 0, 0, 0, 0, '0.000000000000', '0.000000000000', '0000-00-00 00:00:00', b'1'),
(120, 119, 'Gerritsen Beach', 'gerritsen-beach', '', '', 0, 0, 0, 0, 0, 0, 0, '0.000000000000', '0.000000000000', '0000-00-00 00:00:00', b'1'),
(121, 2219, 'Glen Oaks', 'glen-oaks', '', '', 0, 0, 0, 0, 0, 0, 0, '0.000000000000', '0.000000000000', '0000-00-00 00:00:00', b'1'),
(122, 2219, 'Glendale', 'glendale', '', '', 0, 0, 0, 0, 0, 0, 0, '0.000000000000', '0.000000000000', '0000-00-00 00:00:00', b'1'),
(123, 119, 'Gowanus', 'gowanus', '', '', 0, 0, 0, 0, 0, 0, 0, '0.000000000000', '0.000000000000', '0000-00-00 00:00:00', b'1'),
(124, 95, 'Gramercy', 'gramercy', '', '', 0, 0, 0, 0, 0, 0, 0, '40.735755500000', '-73.984451770500', '0000-00-00 00:00:00', b'1'),
(125, 820, 'Graniteville', 'graniteville', '', '', 0, 0, 0, 0, 0, 0, 0, '0.000000000000', '0.000000000000', '0000-00-00 00:00:00', b'1'),
(126, 820, 'Grant City', 'grant-city', '', '', 0, 0, 0, 0, 0, 0, 0, '0.000000000000', '0.000000000000', '0000-00-00 00:00:00', b'1'),
(127, 820, 'Grasmere', 'grasmere', '', '', 0, 0, 0, 0, 0, 0, 0, '0.000000000000', '0.000000000000', '0000-00-00 00:00:00', b'1'),
(128, 119, 'Gravesend', 'gravesend', '', '', 0, 0, 0, 0, 0, 0, 0, '0.000000000000', '0.000000000000', '0000-00-00 00:00:00', b'1'),
(129, 820, 'Great Kills', 'great-kills', '', '', 0, 0, 0, 0, 0, 0, 0, '0.000000000000', '0.000000000000', '0000-00-00 00:00:00', b'1'),
(130, 119, 'Greenpoint', 'greenpoint', '', '', 0, 0, 0, 0, 0, 0, 0, '0.000000000000', '0.000000000000', '0000-00-00 00:00:00', b'1'),
(131, 820, 'Greenridge', 'greenridge', '', '', 0, 0, 0, 0, 0, 0, 0, '0.000000000000', '0.000000000000', '0000-00-00 00:00:00', b'1'),
(132, 95, 'Greenwich Village', 'greenwich-village', '', '', 0, 0, 0, 0, 0, 0, 0, '40.731378500000', '-73.995029500000', '0000-00-00 00:00:00', b'1'),
(133, 820, 'Grymes Hill', 'grymes-hill', '', '', 0, 0, 0, 0, 0, 0, 0, '0.000000000000', '0.000000000000', '0000-00-00 00:00:00', b'1'),
(134, 95, 'Hamilton Heights', 'hamilton-heights', '', '', 0, 0, 0, 0, 0, 0, 0, '0.000000000000', '0.000000000000', '0000-00-00 00:00:00', b'1'),
(135, 2219, 'Hammels', 'hammels', '', '', 0, 0, 0, 0, 0, 0, 0, '0.000000000000', '0.000000000000', '0000-00-00 00:00:00', b'1'),
(137, 820, 'Heartland Village', 'heartland-village', '', '', 0, 0, 0, 0, 0, 0, 0, '0.000000000000', '0.000000000000', '0000-00-00 00:00:00', b'1'),
(138, 95, 'Herald Square', 'herald-square', '', '', 0, 0, 0, 0, 0, 0, 0, '0.000000000000', '0.000000000000', '0000-00-00 00:00:00', b'1'),
(139, 116, 'High Bridge', 'high-bridge', '', '', 0, 0, 0, 0, 0, 0, 0, '0.000000000000', '0.000000000000', '0000-00-00 00:00:00', b'1'),
(140, 119, 'Highland Park', 'highland-park', '', '', 0, 0, 0, 0, 0, 0, 0, '0.000000000000', '0.000000000000', '0000-00-00 00:00:00', b'1'),
(141, 2219, 'Hillcrest', 'hillcrest', '', '', 0, 0, 0, 0, 0, 0, 0, '0.000000000000', '0.000000000000', '0000-00-00 00:00:00', b'1'),
(142, 2219, 'Hollis', 'hollis', '', '', 0, 0, 0, 0, 0, 0, 0, '0.000000000000', '0.000000000000', '0000-00-00 00:00:00', b'1'),
(143, 2219, 'Holliswood', 'holliswood', '', '', 0, 0, 0, 0, 0, 0, 0, '0.000000000000', '0.000000000000', '0000-00-00 00:00:00', b'1'),
(144, 119, 'Homecrest', 'homecrest', '', '', 0, 0, 0, 0, 0, 0, 0, '0.000000000000', '0.000000000000', '0000-00-00 00:00:00', b'1'),
(145, 2219, 'Howard Beach', 'howard-beach', '', '', 0, 0, 0, 0, 0, 0, 0, '0.000000000000', '0.000000000000', '0000-00-00 00:00:00', b'1'),
(146, 820, 'Howland Hook', 'howland-hook', '', '', 0, 0, 0, 0, 0, 0, 0, '0.000000000000', '0.000000000000', '0000-00-00 00:00:00', b'1'),
(147, 95, 'Hudson Square', 'hudson-square', '', '', 0, 0, 0, 0, 0, 0, 0, '0.000000000000', '0.000000000000', '0000-00-00 00:00:00', b'1'),
(148, 820, 'Huguenot', 'huguenot', '', '', 0, 0, 0, 0, 0, 0, 0, '0.000000000000', '0.000000000000', '0000-00-00 00:00:00', b'1'),
(149, 2219, 'Hunters Point', 'hunters-point', '', '', 0, 0, 0, 0, 0, 0, 0, '0.000000000000', '0.000000000000', '0000-00-00 00:00:00', b'1'),
(150, 116, 'Hunts Point', 'hunts-point', '', '', 0, 0, 0, 0, 0, 0, 0, '0.000000000000', '0.000000000000', '0000-00-00 00:00:00', b'1'),
(151, 95, 'Inwood', 'inwood', '', '', 0, 0, 0, 0, 0, 0, 0, '40.868145500000', '-73.920936500000', '0000-00-00 00:00:00', b'1'),
(152, 2219, 'Jackson Heights', 'jackson-heights', '', '', 0, 0, 0, 0, 0, 0, 0, '0.000000000000', '0.000000000000', '0000-00-00 00:00:00', b'1'),
(153, 2219, 'Jamaica  (221912)', 'jamaica--(221912)', '', '', 0, 0, 0, 0, 0, 0, 0, '0.000000000000', '0.000000000000', '0000-00-00 00:00:00', b'1'),
(154, 2219, 'Jamaica Estates', 'jamaica-estates', '', '', 0, 0, 0, 0, 0, 0, 0, '0.000000000000', '0.000000000000', '0000-00-00 00:00:00', b'1'),
(155, 2219, 'Jamaica Hills', 'jamaica-hills', '', '', 0, 0, 0, 0, 0, 0, 0, '0.000000000000', '0.000000000000', '0000-00-00 00:00:00', b'1'),
(156, 2219, 'Jamaica Center', 'jamaica-center', '', '', 0, 0, 0, 0, 0, 0, 0, '0.000000000000', '0.000000000000', '0000-00-00 00:00:00', b'1'),
(157, 119, 'Ken820ngton', 'ken820ngton', '', '', 0, 0, 0, 0, 0, 0, 0, '0.000000000000', '0.000000000000', '0000-00-00 00:00:00', b'1'),
(158, 2219, 'Kew Gardens', 'kew-gardens', '', '', 0, 0, 0, 0, 0, 0, 0, '0.000000000000', '0.000000000000', '0000-00-00 00:00:00', b'1'),
(159, 2219, 'Kew Gardens Hills', 'kew-gardens-hills', '', '', 0, 0, 0, 0, 0, 0, 0, '0.000000000000', '0.000000000000', '0000-00-00 00:00:00', b'1'),
(160, 119, 'Kings Highway', 'kings-highway', '', '', 0, 0, 0, 0, 0, 0, 0, '0.000000000000', '0.000000000000', '0000-00-00 00:00:00', b'1'),
(161, 116, 'Kingsbridge', 'kingsbridge', '', '', 0, 0, 0, 0, 0, 0, 0, '0.000000000000', '0.000000000000', '0000-00-00 00:00:00', b'1'),
(162, 116, 'Kingsbridge Heights', 'kingsbridge-heights', '', '', 0, 0, 0, 0, 0, 0, 0, '0.000000000000', '0.000000000000', '0000-00-00 00:00:00', b'1'),
(163, 2219, 'Laurelton', 'laurelton', '', '', 0, 0, 0, 0, 0, 0, 0, '0.000000000000', '0.000000000000', '0000-00-00 00:00:00', b'1'),
(164, 116, 'Laconia', 'laconia', '', '', 0, 0, 0, 0, 0, 0, 0, '0.000000000000', '0.000000000000', '0000-00-00 00:00:00', b'1'),
(165, 2219, 'Lefrak City', 'lefrak-city', '', '', 0, 0, 0, 0, 0, 0, 0, '0.000000000000', '0.000000000000', '0000-00-00 00:00:00', b'1'),
(166, 95, 'Lenox Hill', 'lenox-hill', '', '', 0, 0, 0, 0, 0, 0, 0, '0.000000000000', '0.000000000000', '0000-00-00 00:00:00', b'1'),
(167, 820, 'Lighthouse Hill', 'lighthouse-hill', '', '', 0, 0, 0, 0, 0, 0, 0, '0.000000000000', '0.000000000000', '0000-00-00 00:00:00', b'1'),
(168, 95, 'Lincoln Square', 'lincoln-square', '', '', 0, 0, 0, 0, 0, 0, 0, '0.000000000000', '0.000000000000', '0000-00-00 00:00:00', b'1'),
(169, 2219, 'Lindenwood', 'lindenwood', '', '', 0, 0, 0, 0, 0, 0, 0, '0.000000000000', '0.000000000000', '0000-00-00 00:00:00', b'1'),
(170, 95, 'Little Italy', 'little-italy', '', '', 0, 0, 0, 0, 0, 0, 0, '40.718793500000', '-73.997185000000', '0000-00-00 00:00:00', b'1'),
(171, 2219, 'Little Neck', 'little-neck', '', '', 0, 0, 0, 0, 0, 0, 0, '0.000000000000', '0.000000000000', '0000-00-00 00:00:00', b'1'),
(172, 820, 'Livingston', 'livingston', '', '', 0, 0, 0, 0, 0, 0, 0, '0.000000000000', '0.000000000000', '0000-00-00 00:00:00', b'1'),
(173, 2219, 'Long Island City', 'long-island-city', '', '', 0, 0, 0, 0, 0, 0, 0, '0.000000000000', '0.000000000000', '0000-00-00 00:00:00', b'1'),
(174, 116, 'Longwood', 'longwood', '', '', 0, 0, 0, 0, 0, 0, 0, '0.000000000000', '0.000000000000', '0000-00-00 00:00:00', b'1'),
(175, 95, 'Lower East Side', 'lower-east-side', '', '', 0, 0, 0, 0, 0, 0, 0, '40.716228254000', '-73.982448725500', '0000-00-00 00:00:00', b'1'),
(176, 2219, 'Malba', 'malba', '', '', 0, 0, 0, 0, 0, 0, 0, '0.000000000000', '0.000000000000', '0000-00-00 00:00:00', b'1'),
(177, 119, 'Manhattan Beach', 'manhattan-beach', '', '', 0, 0, 0, 0, 0, 0, 0, '0.000000000000', '0.000000000000', '0000-00-00 00:00:00', b'1'),
(178, 119, 'Manhattan Terrace', 'manhattan-terrace', '', '', 0, 0, 0, 0, 0, 0, 0, '0.000000000000', '0.000000000000', '0000-00-00 00:00:00', b'1'),
(179, 95, 'Manhattan Valley', 'manhattan-valley', '', '', 0, 0, 0, 0, 0, 0, 0, '0.000000000000', '0.000000000000', '0000-00-00 00:00:00', b'1'),
(180, 95, 'Manhattanville', 'manhattanville', '', '', 0, 0, 0, 0, 0, 0, 0, '0.000000000000', '0.000000000000', '0000-00-00 00:00:00', b'1'),
(181, 820, 'Manor Heights', 'manor-heights', '', '', 0, 0, 0, 0, 0, 0, 0, '0.000000000000', '0.000000000000', '0000-00-00 00:00:00', b'1'),
(182, 119, 'Mapleton', 'mapleton', '', '', 0, 0, 0, 0, 0, 0, 0, '0.000000000000', '0.000000000000', '0000-00-00 00:00:00', b'1'),
(183, 95, 'Marble Hill', 'marble-hill', '', '', 0, 0, 0, 0, 0, 0, 0, '0.000000000000', '0.000000000000', '0000-00-00 00:00:00', b'1'),
(184, 119, 'Marine Park', 'marine-park', '', '', 0, 0, 0, 0, 0, 0, 0, '0.000000000000', '0.000000000000', '0000-00-00 00:00:00', b'1'),
(185, 820, 'Mariner''s Harbor', 'mariner''s-harbor', '', '', 0, 0, 0, 0, 0, 0, 0, '0.000000000000', '0.000000000000', '0000-00-00 00:00:00', b'1'),
(186, 2219, 'Maspeth', 'maspeth', '', '', 0, 0, 0, 0, 0, 0, 0, '0.000000000000', '0.000000000000', '0000-00-00 00:00:00', b'1'),
(187, 116, 'Melrose', 'melrose', '', '', 0, 0, 0, 0, 0, 0, 0, '0.000000000000', '0.000000000000', '0000-00-00 00:00:00', b'1'),
(188, 2219, 'Middle Village', 'middle-village', '', '', 0, 0, 0, 0, 0, 0, 0, '0.000000000000', '0.000000000000', '0000-00-00 00:00:00', b'1'),
(189, 820, 'Midland Beach', 'midland-beach', '', '', 0, 0, 0, 0, 0, 0, 0, '0.000000000000', '0.000000000000', '0000-00-00 00:00:00', b'1'),
(190, 95, 'Midtown', 'midtown', '', '', 0, 0, 0, 0, 0, 0, 0, '40.756594500000', '-73.971460257500', '0000-00-00 00:00:00', b'1'),
(191, 95, 'Midtown South', 'midtown-south', '', '', 0, 0, 0, 0, 0, 0, 0, '0.000000000000', '0.000000000000', '0000-00-00 00:00:00', b'1'),
(192, 119, 'Midwood', 'midwood', '', '', 0, 0, 0, 0, 0, 0, 0, '0.000000000000', '0.000000000000', '0000-00-00 00:00:00', b'1'),
(193, 119, 'Mill Basinn', 'mill-basinn', '', '', 0, 0, 0, 0, 0, 0, 0, '0.000000000000', '0.000000000000', '0000-00-00 00:00:00', b'1'),
(194, 119, 'Mill Island', 'mill-island', '', '', 0, 0, 0, 0, 0, 0, 0, '0.000000000000', '0.000000000000', '0000-00-00 00:00:00', b'1'),
(195, 95, 'Morning Heights', 'morning-heights', '', '', 0, 0, 0, 0, 0, 0, 0, '0.000000000000', '0.000000000000', '0000-00-00 00:00:00', b'1'),
(196, 116, 'Morris Heights', 'morris-heights', '', '', 0, 0, 0, 0, 0, 0, 0, '0.000000000000', '0.000000000000', '0000-00-00 00:00:00', b'1'),
(197, 116, 'Morris Park', 'morris-park', '', '', 0, 0, 0, 0, 0, 0, 0, '0.000000000000', '0.000000000000', '0000-00-00 00:00:00', b'1'),
(198, 116, 'Morrisania', 'morrisania', '', '', 0, 0, 0, 0, 0, 0, 0, '0.000000000000', '0.000000000000', '0000-00-00 00:00:00', b'1'),
(199, 116, 'Mott Haven', 'mott-haven', '', '', 0, 0, 0, 0, 0, 0, 0, '0.000000000000', '0.000000000000', '0000-00-00 00:00:00', b'1'),
(200, 116, 'Mount Eden', 'mount-eden', '', '', 0, 0, 0, 0, 0, 0, 0, '0.000000000000', '0.000000000000', '0000-00-00 00:00:00', b'1'),
(201, 116, 'Mount Hope', 'mount-hope', '', '', 0, 0, 0, 0, 0, 0, 0, '0.000000000000', '0.000000000000', '0000-00-00 00:00:00', b'1'),
(202, 95, 'Murray Hill', 'murray-hill', '', '', 0, 0, 0, 0, 0, 0, 0, '40.748925961000', '-73.977366647000', '0000-00-00 00:00:00', b'1'),
(203, 2219, 'Murray Hill', 'murray-hill', '', '', 0, 0, 0, 0, 0, 0, 0, '0.000000000000', '0.000000000000', '0000-00-00 00:00:00', b'1'),
(204, 2219, 'Nepon820t', 'nepon820t', '', '', 0, 0, 0, 0, 0, 0, 0, '0.000000000000', '0.000000000000', '0000-00-00 00:00:00', b'1'),
(205, 820, 'New Dorp', 'new-dorp', '', '', 0, 0, 0, 0, 0, 0, 0, '0.000000000000', '0.000000000000', '0000-00-00 00:00:00', b'1'),
(206, 820, 'New Dorp Beach', 'new-dorp-beach', '', '', 0, 0, 0, 0, 0, 0, 0, '0.000000000000', '0.000000000000', '0000-00-00 00:00:00', b'1'),
(207, 2219, 'New Hyde Park', 'new-hyde-park', '', '', 0, 0, 0, 0, 0, 0, 0, '0.000000000000', '0.000000000000', '0000-00-00 00:00:00', b'1'),
(208, 119, 'New Lots', 'new-lots', '', '', 0, 0, 0, 0, 0, 0, 0, '0.000000000000', '0.000000000000', '0000-00-00 00:00:00', b'1'),
(209, 820, 'New Springville', 'new-springville', '', '', 0, 0, 0, 0, 0, 0, 0, '0.000000000000', '0.000000000000', '0000-00-00 00:00:00', b'1'),
(210, 820, 'New Brighton', 'new-brighton', '', '', 0, 0, 0, 0, 0, 0, 0, '0.000000000000', '0.000000000000', '0000-00-00 00:00:00', b'1'),
(211, 95, 'NoHo', 'noho', '', '', 0, 0, 0, 0, 0, 0, 0, '40.727343500000', '-73.993348000000', '0000-00-00 00:00:00', b'1'),
(212, 116, 'North Riverdale', 'north-riverdale', '', '', 0, 0, 0, 0, 0, 0, 0, '0.000000000000', '0.000000000000', '0000-00-00 00:00:00', b'1'),
(213, 2219, 'North Corona', 'north-corona', '', '', 0, 0, 0, 0, 0, 0, 0, '0.000000000000', '0.000000000000', '0000-00-00 00:00:00', b'1'),
(214, 119, 'North 820de', 'north-820de', '', '', 0, 0, 0, 0, 0, 0, 0, '0.000000000000', '0.000000000000', '0000-00-00 00:00:00', b'1'),
(215, 2219, 'North Springfield Gardens', 'north-springfield-gardens', '', '', 0, 0, 0, 0, 0, 0, 0, '0.000000000000', '0.000000000000', '0000-00-00 00:00:00', b'1'),
(216, 119, 'Northeast Flatbush', 'northeast-flatbush', '', '', 0, 0, 0, 0, 0, 0, 0, '0.000000000000', '0.000000000000', '0000-00-00 00:00:00', b'1'),
(217, 116, 'Norwood', 'norwood', '', '', 0, 0, 0, 0, 0, 0, 0, '0.000000000000', '0.000000000000', '0000-00-00 00:00:00', b'1'),
(218, 2219, 'Oakland Gardens', 'oakland-gardens', '', '', 0, 0, 0, 0, 0, 0, 0, '0.000000000000', '0.000000000000', '0000-00-00 00:00:00', b'1'),
(219, 820, 'Oakwood', 'oakwood', '', '', 0, 0, 0, 0, 0, 0, 0, '0.000000000000', '0.000000000000', '0000-00-00 00:00:00', b'1'),
(220, 820, 'Oakwood Beach', 'oakwood-beach', '', '', 0, 0, 0, 0, 0, 0, 0, '0.000000000000', '0.000000000000', '0000-00-00 00:00:00', b'1'),
(221, 119, 'Ocean Hill', 'ocean-hill', '', '', 0, 0, 0, 0, 0, 0, 0, '0.000000000000', '0.000000000000', '0000-00-00 00:00:00', b'1'),
(222, 119, 'Ocean Parkway', 'ocean-parkway', '', '', 0, 0, 0, 0, 0, 0, 0, '0.000000000000', '0.000000000000', '0000-00-00 00:00:00', b'1'),
(223, 2219, 'Old Howard Beach', 'old-howard-beach', '', '', 0, 0, 0, 0, 0, 0, 0, '0.000000000000', '0.000000000000', '0000-00-00 00:00:00', b'1'),
(224, 820, 'Old Town', 'old-town', '', '', 0, 0, 0, 0, 0, 0, 0, '0.000000000000', '0.000000000000', '0000-00-00 00:00:00', b'1'),
(225, 116, 'Olinville', 'olinville', '', '', 0, 0, 0, 0, 0, 0, 0, '0.000000000000', '0.000000000000', '0000-00-00 00:00:00', b'1'),
(226, 2219, 'Ozone Park', 'ozone-park', '', '', 0, 0, 0, 0, 0, 0, 0, '0.000000000000', '0.000000000000', '0000-00-00 00:00:00', b'1'),
(227, 820, 'Old Place', 'old-place', '', '', 0, 0, 0, 0, 0, 0, 0, '0.000000000000', '0.000000000000', '0000-00-00 00:00:00', b'1'),
(228, 119, 'Paerdegat Ba820n', 'paerdegat-ba820n', '', '', 0, 0, 0, 0, 0, 0, 0, '0.000000000000', '0.000000000000', '0000-00-00 00:00:00', b'1'),
(229, 820, 'Park Hill', 'park-hill', '', '', 0, 0, 0, 0, 0, 0, 0, '0.000000000000', '0.000000000000', '0000-00-00 00:00:00', b'1'),
(230, 119, 'Park Slope', 'park-slope', '', '', 0, 0, 0, 0, 0, 0, 0, '0.000000000000', '0.000000000000', '0000-00-00 00:00:00', b'1'),
(231, 116, 'Parkchester', 'parkchester', '', '', 0, 0, 0, 0, 0, 0, 0, '0.000000000000', '0.000000000000', '0000-00-00 00:00:00', b'1'),
(232, 116, 'Pelham Bay', 'pelham-bay', '', '', 0, 0, 0, 0, 0, 0, 0, '0.000000000000', '0.000000000000', '0000-00-00 00:00:00', b'1'),
(233, 116, 'Pelham Gardens', 'pelham-gardens', '', '', 0, 0, 0, 0, 0, 0, 0, '0.000000000000', '0.000000000000', '0000-00-00 00:00:00', b'1'),
(234, 116, 'Pelham Parkway', 'pelham-parkway', '', '', 0, 0, 0, 0, 0, 0, 0, '0.000000000000', '0.000000000000', '0000-00-00 00:00:00', b'1'),
(235, 820, 'Pleasant Plains', 'pleasant-plains', '', '', 0, 0, 0, 0, 0, 0, 0, '0.000000000000', '0.000000000000', '0000-00-00 00:00:00', b'1'),
(236, 119, 'Plumb Beach', 'plumb-beach', '', '', 0, 0, 0, 0, 0, 0, 0, '0.000000000000', '0.000000000000', '0000-00-00 00:00:00', b'1'),
(237, 2219, 'Pomonok', 'pomonok', '', '', 0, 0, 0, 0, 0, 0, 0, '0.000000000000', '0.000000000000', '0000-00-00 00:00:00', b'1'),
(238, 820, 'Port Ivory', 'port-ivory', '', '', 0, 0, 0, 0, 0, 0, 0, '0.000000000000', '0.000000000000', '0000-00-00 00:00:00', b'1'),
(239, 116, 'Port Morris', 'port-morris', '', '', 0, 0, 0, 0, 0, 0, 0, '0.000000000000', '0.000000000000', '0000-00-00 00:00:00', b'1'),
(240, 820, 'Port Richmond', 'port-richmond', '', '', 0, 0, 0, 0, 0, 0, 0, '0.000000000000', '0.000000000000', '0000-00-00 00:00:00', b'1'),
(241, 820, 'Prince''s Bay', 'prince''s-bay', '', '', 0, 0, 0, 0, 0, 0, 0, '0.000000000000', '0.000000000000', '0000-00-00 00:00:00', b'1'),
(242, 119, 'Prospect Lefferts Gardens', 'prospect-lefferts-gardens', '', '', 0, 0, 0, 0, 0, 0, 0, '0.000000000000', '0.000000000000', '0000-00-00 00:00:00', b'1'),
(243, 119, 'Prospect Heights', 'prospect-heights', '', '', 0, 0, 0, 0, 0, 0, 0, '0.000000000000', '0.000000000000', '0000-00-00 00:00:00', b'1'),
(244, 119, 'Prospect Park South', 'prospect-park-south', '', '', 0, 0, 0, 0, 0, 0, 0, '0.000000000000', '0.000000000000', '0000-00-00 00:00:00', b'1'),
(245, 2219, 'Queens Village', 'queens-village', '', '', 0, 0, 0, 0, 0, 0, 0, '0.000000000000', '0.000000000000', '0000-00-00 00:00:00', b'1'),
(246, 2219, 'Queensboro Hill', 'queensboro-hill', '', '', 0, 0, 0, 0, 0, 0, 0, '0.000000000000', '0.000000000000', '0000-00-00 00:00:00', b'1'),
(247, 820, 'Randall Manor', 'randall-manor', '', '', 0, 0, 0, 0, 0, 0, 0, '0.000000000000', '0.000000000000', '0000-00-00 00:00:00', b'1'),
(248, 2219, 'Ravenswood', 'ravenswood', '', '', 0, 0, 0, 0, 0, 0, 0, '0.000000000000', '0.000000000000', '0000-00-00 00:00:00', b'1'),
(249, 119, 'Red Hook', 'red-hook', '', '', 0, 0, 0, 0, 0, 0, 0, '0.000000000000', '0.000000000000', '0000-00-00 00:00:00', b'1'),
(250, 2219, 'Rego Park', 'rego-park', '', '', 0, 0, 0, 0, 0, 0, 0, '0.000000000000', '0.000000000000', '0000-00-00 00:00:00', b'1'),
(251, 119, 'Remsen Village', 'remsen-village', '', '', 0, 0, 0, 0, 0, 0, 0, '0.000000000000', '0.000000000000', '0000-00-00 00:00:00', b'1'),
(252, 2219, 'Richmond Hill', 'richmond-hill', '', '', 0, 0, 0, 0, 0, 0, 0, '0.000000000000', '0.000000000000', '0000-00-00 00:00:00', b'1'),
(253, 820, 'Richmond Town', 'richmond-town', '', '', 0, 0, 0, 0, 0, 0, 0, '0.000000000000', '0.000000000000', '0000-00-00 00:00:00', b'1'),
(254, 820, 'Richmond Valley', 'richmond-valley', '', '', 0, 0, 0, 0, 0, 0, 0, '0.000000000000', '0.000000000000', '0000-00-00 00:00:00', b'1'),
(255, 2219, 'Ridgewood', 'ridgewood', '', '', 0, 0, 0, 0, 0, 0, 0, '0.000000000000', '0.000000000000', '0000-00-00 00:00:00', b'1'),
(256, 116, 'Riverdale', 'riverdale', '', '', 0, 0, 0, 0, 0, 0, 0, '0.000000000000', '0.000000000000', '0000-00-00 00:00:00', b'1'),
(257, 2219, 'Rochdale', 'rochdale', '', '', 0, 0, 0, 0, 0, 0, 0, '0.000000000000', '0.000000000000', '0000-00-00 00:00:00', b'1'),
(258, 2219, 'Rockaway Park', 'rockaway-park', '', '', 0, 0, 0, 0, 0, 0, 0, '0.000000000000', '0.000000000000', '0000-00-00 00:00:00', b'1'),
(259, 119, 'Rugby', 'rugby', '', '', 0, 0, 0, 0, 0, 0, 0, '0.000000000000', '0.000000000000', '0000-00-00 00:00:00', b'1'),
(260, 95, 'Roosevelt Island', 'roosevelt-island', '', '', 0, 0, 0, 0, 0, 0, 0, '40.761238500000', '-73.950789500000', '0000-00-00 00:00:00', b'1'),
(261, 820, 'Rosebank', 'rosebank', '', '', 0, 0, 0, 0, 0, 0, 0, '0.000000000000', '0.000000000000', '0000-00-00 00:00:00', b'1'),
(262, 2219, 'Rosedale', 'rosedale', '', '', 0, 0, 0, 0, 0, 0, 0, '0.000000000000', '0.000000000000', '0000-00-00 00:00:00', b'1'),
(263, 820, 'Rossville', 'rossville', '', '', 0, 0, 0, 0, 0, 0, 0, '0.000000000000', '0.000000000000', '0000-00-00 00:00:00', b'1'),
(264, 2219, 'Roxbury', 'roxbury', '', '', 0, 0, 0, 0, 0, 0, 0, '0.000000000000', '0.000000000000', '0000-00-00 00:00:00', b'1'),
(265, 2219, 'St. Albans', 'st.-albans', '', '', 0, 0, 0, 0, 0, 0, 0, '0.000000000000', '0.000000000000', '0000-00-00 00:00:00', b'1'),
(266, 820, 'St. George', 'st.-george', '', '', 0, 0, 0, 0, 0, 0, 0, '0.000000000000', '0.000000000000', '0000-00-00 00:00:00', b'1'),
(267, 820, 'Sandy Ground ', 'sandy-ground', '', '', 0, 0, 0, 0, 0, 0, 0, '0.000000000000', '0.000000000000', '0000-00-00 00:00:00', b'1'),
(268, 116, 'Schuylerville', 'schuylerville', '', '', 0, 0, 0, 0, 0, 0, 0, '0.000000000000', '0.000000000000', '0000-00-00 00:00:00', b'1'),
(269, 119, 'Sea Gate', 'sea-gate', '', '', 0, 0, 0, 0, 0, 0, 0, '0.000000000000', '0.000000000000', '0000-00-00 00:00:00', b'1'),
(270, 2219, 'Sea820de', 'sea820de', '', '', 0, 0, 0, 0, 0, 0, 0, '0.000000000000', '0.000000000000', '0000-00-00 00:00:00', b'1'),
(271, 119, 'Sheepshead Bay', 'sheepshead-bay', '', '', 0, 0, 0, 0, 0, 0, 0, '0.000000000000', '0.000000000000', '0000-00-00 00:00:00', b'1'),
(272, 820, 'Shore Acres', 'shore-acres', '', '', 0, 0, 0, 0, 0, 0, 0, '0.000000000000', '0.000000000000', '0000-00-00 00:00:00', b'1'),
(273, 820, '820lver Lake', '820lver-lake', '', '', 0, 0, 0, 0, 0, 0, 0, '0.000000000000', '0.000000000000', '0000-00-00 00:00:00', b'1'),
(274, 95, 'SoHo', 'soho', '', '', 0, 0, 0, 0, 0, 0, 0, '40.723537000000', '-74.005313500000', '0000-00-00 00:00:00', b'1'),
(275, 2219, 'Somerville', 'somerville', '', '', 0, 0, 0, 0, 0, 0, 0, '0.000000000000', '0.000000000000', '0000-00-00 00:00:00', b'1'),
(276, 116, 'Soundview', 'soundview', '', '', 0, 0, 0, 0, 0, 0, 0, '0.000000000000', '0.000000000000', '0000-00-00 00:00:00', b'1'),
(277, 820, 'South Beach', 'south-beach', '', '', 0, 0, 0, 0, 0, 0, 0, '0.000000000000', '0.000000000000', '0000-00-00 00:00:00', b'1'),
(278, 2219, 'South Corona', 'south-corona', '', '', 0, 0, 0, 0, 0, 0, 0, '0.000000000000', '0.000000000000', '0000-00-00 00:00:00', b'1'),
(279, 2219, 'South Jamaica', 'south-jamaica', '', '', 0, 0, 0, 0, 0, 0, 0, '0.000000000000', '0.000000000000', '0000-00-00 00:00:00', b'1'),
(280, 2219, 'South Ozone Park', 'south-ozone-park', '', '', 0, 0, 0, 0, 0, 0, 0, '0.000000000000', '0.000000000000', '0000-00-00 00:00:00', b'1'),
(281, 119, 'South 820de', 'south-820de', '', '', 0, 0, 0, 0, 0, 0, 0, '0.000000000000', '0.000000000000', '0000-00-00 00:00:00', b'1'),
(282, 95, 'South Village', 'south-village', '', '', 0, 0, 0, 0, 0, 0, 0, '0.000000000000', '0.000000000000', '0000-00-00 00:00:00', b'1'),
(283, 119, 'Spring Creek', 'spring-creek', '', '', 0, 0, 0, 0, 0, 0, 0, '0.000000000000', '0.000000000000', '0000-00-00 00:00:00', b'1'),
(284, 2219, 'Springfield Gardens', 'springfield-gardens', '', '', 0, 0, 0, 0, 0, 0, 0, '0.000000000000', '0.000000000000', '0000-00-00 00:00:00', b'1'),
(285, 116, 'Spuyten Duyvil', 'spuyten-duyvil', '', '', 0, 0, 0, 0, 0, 0, 0, '0.000000000000', '0.000000000000', '0000-00-00 00:00:00', b'1'),
(286, 820, 'Stapleton', 'stapleton', '', '', 0, 0, 0, 0, 0, 0, 0, '0.000000000000', '0.000000000000', '0000-00-00 00:00:00', b'1'),
(287, 119, 'Starrett City', 'starrett-city', '', '', 0, 0, 0, 0, 0, 0, 0, '0.000000000000', '0.000000000000', '0000-00-00 00:00:00', b'1'),
(288, 2219, 'Steinway', 'steinway', '', '', 0, 0, 0, 0, 0, 0, 0, '0.000000000000', '0.000000000000', '0000-00-00 00:00:00', b'1'),
(289, 119, 'Stuyvesant Heights', 'stuyvesant-heights', '', '', 0, 0, 0, 0, 0, 0, 0, '0.000000000000', '0.000000000000', '0000-00-00 00:00:00', b'1'),
(290, 95, 'Stuyvesant Town', 'stuyvesant-town', '', '', 0, 0, 0, 0, 0, 0, 0, '40.731820376500', '-73.977000099500', '0000-00-00 00:00:00', b'1'),
(291, 2219, 'Sunny820de', 'sunny820de', '', '', 0, 0, 0, 0, 0, 0, 0, '0.000000000000', '0.000000000000', '0000-00-00 00:00:00', b'1'),
(292, 820, 'Sunny820de', 'sunny820de', '', '', 0, 0, 0, 0, 0, 0, 0, '0.000000000000', '0.000000000000', '0000-00-00 00:00:00', b'1'),
(293, 2219, 'Sunny820de Gardens', 'sunny820de-gardens', '', '', 0, 0, 0, 0, 0, 0, 0, '0.000000000000', '0.000000000000', '0000-00-00 00:00:00', b'1'),
(294, 119, 'Sunset Park', 'sunset-park', '', '', 0, 0, 0, 0, 0, 0, 0, '0.000000000000', '0.000000000000', '0000-00-00 00:00:00', b'1'),
(295, 95, 'Sutton Place', 'sutton-place', '', '', 0, 0, 0, 0, 0, 0, 0, '0.000000000000', '0.000000000000', '0000-00-00 00:00:00', b'1'),
(296, 116, 'Throgs Neck', 'throgs-neck', '', '', 0, 0, 0, 0, 0, 0, 0, '0.000000000000', '0.000000000000', '0000-00-00 00:00:00', b'1'),
(297, 95, 'Times Square', 'times-square', '', '', 0, 0, 0, 0, 0, 0, 0, '0.000000000000', '0.000000000000', '0000-00-00 00:00:00', b'1'),
(298, 820, 'Todt Hill', 'todt-hill', '', '', 0, 0, 0, 0, 0, 0, 0, '0.000000000000', '0.000000000000', '0000-00-00 00:00:00', b'1'),
(299, 119, 'Tompkins Park North', 'tompkins-park-north', '', '', 0, 0, 0, 0, 0, 0, 0, '0.000000000000', '0.000000000000', '0000-00-00 00:00:00', b'1'),
(300, 820, 'Tompkinsville', 'tompkinsville', '', '', 0, 0, 0, 0, 0, 0, 0, '0.000000000000', '0.000000000000', '0000-00-00 00:00:00', b'1'),
(301, 820, 'Tottenville', 'tottenville', '', '', 0, 0, 0, 0, 0, 0, 0, '0.000000000000', '0.000000000000', '0000-00-00 00:00:00', b'1'),
(302, 820, 'Travis', 'travis', '', '', 0, 0, 0, 0, 0, 0, 0, '0.000000000000', '0.000000000000', '0000-00-00 00:00:00', b'1'),
(303, 95, 'Tribeca', 'tribeca', '', '', 0, 0, 0, 0, 0, 0, 0, '40.718603000000', '-74.009165645500', '0000-00-00 00:00:00', b'1'),
(304, 95, 'Tudor City', 'tudor-city', '', '', 0, 0, 0, 0, 0, 0, 0, '0.000000000000', '0.000000000000', '0000-00-00 00:00:00', b'1'),
(305, 95, 'Turtle Bay', 'turtle-bay', '', '', 0, 0, 0, 0, 0, 0, 0, '0.000000000000', '0.000000000000', '0000-00-00 00:00:00', b'1'),
(306, 95, 'Union Square', 'union-square', '', '', 0, 0, 0, 0, 0, 0, 0, '0.000000000000', '0.000000000000', '0000-00-00 00:00:00', b'1'),
(307, 116, 'Unionport', 'unionport', '', '', 0, 0, 0, 0, 0, 0, 0, '0.000000000000', '0.000000000000', '0000-00-00 00:00:00', b'1'),
(308, 116, 'Univer820ty Heights', 'univer820ty-heights', '', '', 0, 0, 0, 0, 0, 0, 0, '0.000000000000', '0.000000000000', '0000-00-00 00:00:00', b'1'),
(309, 95, 'Upper East Side', 'upper-east-side', '', '', 0, 0, 0, 0, 0, 0, 0, '40.773083814500', '-73.957514612500', '0000-00-00 00:00:00', b'1'),
(310, 95, 'Upper West Side', 'upper-west-side', '', '', 0, 0, 0, 0, 0, 0, 0, '40.787019500000', '-73.976043500000', '0000-00-00 00:00:00', b'1'),
(311, 2219, 'Utopia', 'utopia', '', '', 0, 0, 0, 0, 0, 0, 0, '0.000000000000', '0.000000000000', '0000-00-00 00:00:00', b'1'),
(312, 116, 'Van Nest', 'van-nest', '', '', 0, 0, 0, 0, 0, 0, 0, '0.000000000000', '0.000000000000', '0000-00-00 00:00:00', b'1'),
(313, 119, 'Vinegar Hill', 'vinegar-hill', '', '', 0, 0, 0, 0, 0, 0, 0, '0.000000000000', '0.000000000000', '0000-00-00 00:00:00', b'1'),
(314, 116, 'Wakefield', 'wakefield', '', '', 0, 0, 0, 0, 0, 0, 0, '0.000000000000', '0.000000000000', '0000-00-00 00:00:00', b'1'),
(315, 95, 'Wall Street', 'wall-street', '', '', 0, 0, 0, 0, 0, 0, 0, '0.000000000000', '0.000000000000', '0000-00-00 00:00:00', b'1'),
(316, 820, 'Ward Hill ', 'ward-hill', '', '', 0, 0, 0, 0, 0, 0, 0, '0.000000000000', '0.000000000000', '0000-00-00 00:00:00', b'1'),
(317, 95, 'Washington Heights', 'washington-heights', '', '', 0, 0, 0, 0, 0, 0, 0, '40.848926500000', '-73.934827500000', '0000-00-00 00:00:00', b'1'),
(318, 119, 'Weeksville', 'weeksville', '', '', 0, 0, 0, 0, 0, 0, 0, '0.000000000000', '0.000000000000', '0000-00-00 00:00:00', b'1'),
(319, 119, 'West Brighton', 'west-brighton', '', '', 0, 0, 0, 0, 0, 0, 0, '0.000000000000', '0.000000000000', '0000-00-00 00:00:00', b'1'),
(320, 820, 'West Brighton', 'west-brighton', '', '', 0, 0, 0, 0, 0, 0, 0, '0.000000000000', '0.000000000000', '0000-00-00 00:00:00', b'1'),
(321, 116, 'West Concourse', 'west-concourse', '', '', 0, 0, 0, 0, 0, 0, 0, '0.000000000000', '0.000000000000', '0000-00-00 00:00:00', b'1'),
(322, 116, 'West Farms', 'west-farms', '', '', 0, 0, 0, 0, 0, 0, 0, '0.000000000000', '0.000000000000', '0000-00-00 00:00:00', b'1'),
(323, 95, 'West Village', 'west-village', '', '', 0, 0, 0, 0, 0, 0, 0, '40.735398500000', '-74.005886000000', '0000-00-00 00:00:00', b'1'),
(324, 116, 'Westchester Square', 'westchester-square', '', '', 0, 0, 0, 0, 0, 0, 0, '0.000000000000', '0.000000000000', '0000-00-00 00:00:00', b'1'),
(325, 820, 'Westerleigh', 'westerleigh', '', '', 0, 0, 0, 0, 0, 0, 0, '0.000000000000', '0.000000000000', '0000-00-00 00:00:00', b'1'),
(326, 2219, 'Whitestone', 'whitestone', '', '', 0, 0, 0, 0, 0, 0, 0, '0.000000000000', '0.000000000000', '0000-00-00 00:00:00', b'1'),
(327, 116, 'Williamsbridge', 'williamsbridge', '', '', 0, 0, 0, 0, 0, 0, 0, '0.000000000000', '0.000000000000', '0000-00-00 00:00:00', b'1'),
(328, 119, 'Williamsburg', 'williamsburg', '', '', 0, 0, 0, 0, 0, 0, 0, '0.000000000000', '0.000000000000', '0000-00-00 00:00:00', b'1'),
(329, 119, 'Willowbrook 8202', 'willowbrook-8202', '', '', 0, 0, 0, 0, 0, 0, 0, '0.000000000000', '0.000000000000', '0000-00-00 00:00:00', b'1'),
(330, 119, 'Windsor Terrace', 'windsor-terrace', '', '', 0, 0, 0, 0, 0, 0, 0, '0.000000000000', '0.000000000000', '0000-00-00 00:00:00', b'1'),
(331, 119, 'Wingate', 'wingate', '', '', 0, 0, 0, 0, 0, 0, 0, '0.000000000000', '0.000000000000', '0000-00-00 00:00:00', b'1'),
(332, 2219, 'Woodhaven', 'woodhaven', '', '', 0, 0, 0, 0, 0, 0, 0, '0.000000000000', '0.000000000000', '0000-00-00 00:00:00', b'1'),
(333, 116, 'Woodlawn', 'woodlawn', '', '', 0, 0, 0, 0, 0, 0, 0, '0.000000000000', '0.000000000000', '0000-00-00 00:00:00', b'1'),
(334, 820, 'Woodrow', 'woodrow', '', '', 0, 0, 0, 0, 0, 0, 0, '0.000000000000', '0.000000000000', '0000-00-00 00:00:00', b'1'),
(335, 2219, 'Wood820de', 'wood820de', '', '', 0, 0, 0, 0, 0, 0, 0, '0.000000000000', '0.000000000000', '0000-00-00 00:00:00', b'1'),
(336, 95, 'Yorkville', 'yorkville', '', '', 0, 0, 0, 0, 0, 0, 0, '0.000000000000', '0.000000000000', '0000-00-00 00:00:00', b'1'),
(337, 95, 'Central Park', 'central-park', '', '', 0, 0, 0, 0, 0, 0, 0, '40.782438000000', '-73.965563000000', '0000-00-00 00:00:00', b'1'),
(338, 95, 'NoLita', 'nolita', '', '', 0, 0, 0, 0, 0, 0, 0, '40.722267500000', '-73.995141500000', '0000-00-00 00:00:00', b'1'),
(339, 95, 'Garment District', 'garment-district', '', '', 0, 0, 0, 0, 0, 0, 0, '40.754110500000', '-73.990685500000', '0000-00-00 00:00:00', b'1'),
(340, 95, 'Hell''s Kitchen', 'hell''s-kitchen', '', '', 0, 0, 0, 0, 0, 0, 0, '40.763756500000', '-73.994467000000', '0000-00-00 00:00:00', b'1'),
(341, 95, 'Stuyvesant Town - Peter Cooper Village', 'stuyvesant-town---peter-cooper-village', '', '', 0, 0, 0, 0, 0, 0, 0, '40.731820376500', '-73.977000099500', '0000-00-00 00:00:00', b'1'),
(342, 95, 'Theater District', 'theater-district', '', '', 0, 0, 0, 0, 0, 0, 0, '40.760814000000', '-73.983478500000', '0000-00-00 00:00:00', b'1'),
(343, 95, 'Gramercy Park', 'gramercy-park', '', '', 0, 0, 0, 0, 0, 0, 0, '40.735755500000', '-73.984451770500', '0000-00-00 00:00:00', b'1'),
(344, 95, 'Flatiron District', 'flatiron-district', '', '', 0, 0, 0, 0, 0, 0, 0, '40.738757356500', '-73.991618500000', '0000-00-00 00:00:00', b'1'),
(345, 95, 'Two Bridges', 'two-bridges', '', '', 0, 0, 0, 0, 0, 0, 0, '40.711225794500', '-73.992857948000', '0000-00-00 00:00:00', b'1'),
(346, 95, 'Central Harlem', 'central-harlem', '', '', 0, 0, 0, 0, 0, 0, 0, '40.813542760500', '-73.946366585500', '0000-00-00 00:00:00', b'1'),
(347, 95, 'Kips Bay', 'kips-bay', '', '', 0, 0, 0, 0, 0, 0, 0, '40.741004718500', '-73.979045199000', '0000-00-00 00:00:00', b'1'),
(348, 95, 'Koreatown', 'koreatown', '', '', 0, 0, 0, 0, 0, 0, 0, '40.748805000000', '-73.986399500000', '0000-00-00 00:00:00', b'1'),
(349, 95, 'Midtown East', 'midtown-east', '', '', 0, 0, 0, 0, 0, 0, 0, '40.756594500000', '-73.971460257500', '0000-00-00 00:00:00', b'1'),
(350, 95, 'Bowery', 'bowery', '', '', 0, 0, 0, 0, 0, 0, 0, '40.721934500000', '-73.991048000000', '0000-00-00 00:00:00', b'1'),
(351, 95, 'NoMad', 'nomad', '', '', 0, 0, 0, 0, 0, 0, 0, '40.744035000000', '-73.987774500000', '0000-00-00 00:00:00', b'1'),
(352, 95, 'West Harlem', 'west-harlem', '', '', 0, 0, 0, 0, 0, 0, 0, '40.817796678500', '-73.955324281500', '0000-00-00 00:00:00', b'1');

-- --------------------------------------------------------

--
-- Table structure for table `geo_states`
--

CREATE TABLE IF NOT EXISTS `geo_states` (
  `state_id` smallint(6) NOT NULL AUTO_INCREMENT,
  `name` char(40) NOT NULL,
  `abbrev` char(2) NOT NULL,
  PRIMARY KEY (`state_id`)
) ENGINE=InnoDB  DEFAULT CHARSET=utf8 AUTO_INCREMENT=60 ;

--
-- Dumping data for table `geo_states`
--

INSERT INTO `geo_states` (`state_id`, `name`, `abbrev`) VALUES
(1, 'Alaska', 'AK'),
(2, 'Alabama', 'AL'),
(4, 'Arizona', 'AZ'),
(5, 'Arkansas', 'AR'),
(6, 'California', 'CA'),
(7, 'Colorado', 'CO'),
(8, 'Connecticut', 'CT'),
(9, 'Delaware', 'DE'),
(10, 'District of Columbia', 'DC'),
(12, 'Florida', 'FL'),
(13, 'Georgia', 'GA'),
(14, 'Guam', 'GU'),
(15, 'Hawaii', 'HI'),
(16, 'Idaho', 'ID'),
(17, 'Illinois', 'IL'),
(18, 'Indiana', 'IN'),
(19, 'Iowa', 'IA'),
(20, 'Kansas', 'KS'),
(21, 'Kentucky', 'KY'),
(22, 'Louisiana', 'LA'),
(23, 'Maine', 'ME'),
(25, 'Maryland', 'MD'),
(26, 'Massachusetts', 'MA'),
(27, 'Michigan', 'MI'),
(28, 'Minnesota', 'MN'),
(29, 'Mississippi', 'MS'),
(30, 'Missouri', 'MO'),
(31, 'Montana', 'MT'),
(32, 'Nebraska', 'NE'),
(33, 'Nevada', 'NV'),
(34, 'New Hampshire', 'NH'),
(35, 'New Jersey', 'NJ'),
(36, 'New Mexico', 'NM'),
(37, 'New York', 'NY'),
(38, 'North Carolina', 'NC'),
(39, 'North Dakota', 'ND'),
(41, 'Ohio', 'OH'),
(42, 'Oklahoma', 'OK'),
(43, 'Oregon', 'OR'),
(45, 'Pennsylvania', 'PA'),
(47, 'Rhode Island', 'RI'),
(48, 'South Carolina', 'SC'),
(49, 'South Dakota', 'SD'),
(50, 'Tennessee', 'TN'),
(51, 'Texas', 'TX'),
(52, 'Utah', 'UT'),
(53, 'Vermont', 'VT'),
(55, 'Virginia', 'VA'),
(56, 'Washington', 'WA'),
(57, 'West Virginia', 'WV'),
(58, 'Wisconsin', 'WI'),
(59, 'Wyoming', 'WY');

-- --------------------------------------------------------

--
-- Table structure for table `groups`
--

CREATE TABLE IF NOT EXISTS `groups` (
  `group_id` int(10) unsigned NOT NULL AUTO_INCREMENT,
  `name` varchar(255) COLLATE utf8_unicode_ci NOT NULL,
  `status` tinyint(1) NOT NULL DEFAULT '0',
  `created_at` timestamp NOT NULL DEFAULT '0000-00-00 00:00:00',
  `updated_at` timestamp NOT NULL DEFAULT '0000-00-00 00:00:00',
  PRIMARY KEY (`group_id`),
  UNIQUE KEY `groups_name_unique` (`name`)
) ENGINE=InnoDB  DEFAULT CHARSET=utf8 COLLATE=utf8_unicode_ci AUTO_INCREMENT=3 ;

--
-- Dumping data for table `groups`
--

INSERT INTO `groups` (`group_id`, `name`, `status`, `created_at`, `updated_at`) VALUES
(1, 'User', 1, '0000-00-00 00:00:00', '0000-00-00 00:00:00'),
(2, 'Administrator', 1, '0000-00-00 00:00:00', '0000-00-00 00:00:00');

-- --------------------------------------------------------

--
-- Table structure for table `neighborhood_details`
--

CREATE TABLE IF NOT EXISTS `neighborhood_details` (
  `neighborhood_id` int(11) NOT NULL,
  `tagline` varchar(255) NOT NULL,
  `description` text NOT NULL,
  PRIMARY KEY (`neighborhood_id`)
) ENGINE=InnoDB DEFAULT CHARSET=utf8;

-- --------------------------------------------------------

--
-- Table structure for table `neighborhood_to_pictures`
--

CREATE TABLE IF NOT EXISTS `neighborhood_to_pictures` (
  `neighborhood_id` int(11) NOT NULL,
  `picture_id` int(11) NOT NULL,
  `sort_order` tinyint(4) NOT NULL,
  `is_cover` tinyint(1) NOT NULL,
  PRIMARY KEY (`neighborhood_id`,`picture_id`)
) ENGINE=InnoDB DEFAULT CHARSET=utf8;

--
-- Dumping data for table `neighborhood_to_pictures`
--

INSERT INTO `neighborhood_to_pictures` (`neighborhood_id`, `picture_id`, `sort_order`, `is_cover`) VALUES
(11, 2, 5, 0),
(11, 3, 8, 0),
(11, 4, 9, 0),
(11, 5, 10, 0),
(11, 6, 2, 0),
(11, 7, 1, 0),
(11, 8, 3, 0),
(11, 9, 4, 0),
(11, 10, 6, 1),
(11, 11, 7, 0),
(11, 12, 1, 0),
(11, 13, 4, 0),
(11, 14, 1, 0),
(11, 15, 2, 0),
(11, 16, 3, 0),
(11, 17, 1, 0),
(11, 18, 1, 0),
(11, 19, 2, 0),
(11, 20, 2, 0);

-- --------------------------------------------------------

--
-- Table structure for table `pictures`
--

CREATE TABLE IF NOT EXISTS `pictures` (
  `picture_id` int(11) NOT NULL AUTO_INCREMENT,
  `user_id` int(11) NOT NULL,
  `title` varchar(255) NOT NULL,
  `description` text NOT NULL,
  `file_name` varchar(255) NOT NULL,
  `file_ext` varchar(12) NOT NULL,
  `file_size` int(11) NOT NULL,
  `file_path` varchar(255) NOT NULL,
  `created_at` datetime NOT NULL,
  `updated_at` datetime NOT NULL,
  `is_active` tinyint(1) NOT NULL,
  PRIMARY KEY (`picture_id`)
) ENGINE=InnoDB  DEFAULT CHARSET=utf8 AUTO_INCREMENT=21 ;

--
-- Dumping data for table `pictures`
--

INSERT INTO `pictures` (`picture_id`, `user_id`, `title`, `description`, `file_name`, `file_ext`, `file_size`, `file_path`, `created_at`, `updated_at`, `is_active`) VALUES
(2, 3, 'Desert', '', 'Eh9baPJb1QQi.jpg', 'jpg', 845941, 'galleries', '2013-10-25 04:09:52', '2013-10-25 18:22:41', 1),
(3, 3, 'Hydrangeas', '', 'FXx3zdvAjFxu.jpg', 'jpg', 595284, 'galleries', '2013-10-25 04:15:49', '2013-10-25 18:22:41', 1),
(4, 3, 'Kola', '', 'IhOkDAlJSYu7.jpg', 'jpg', 780831, 'galleries', '2013-10-25 04:18:51', '2013-10-25 18:22:41', 1),
(5, 3, 'Lighthouse', '', 'UuLfPdmryvOL.jpg', 'jpg', 561276, 'galleries/11', '2013-10-25 04:36:09', '2013-10-25 18:22:41', 1),
(6, 3, 'Penguins', '', 'wcmJDJLtP6Ao.jpg', 'jpg', 777835, 'galleries/11', '2013-10-25 04:44:18', '2013-10-25 18:22:41', 1),
(7, 3, 'Tulips', '', 'd3fbKBl7MBQg.jpg', 'jpg', 620888, 'galleries/11', '2013-10-25 04:46:18', '2013-10-25 18:22:41', 1),
(8, 3, 'Sheldon', '', 'KEglPTjQaXqq.jpg', 'jpg', 400509, 'galleries/11', '2013-10-25 18:21:48', '2013-10-25 18:22:41', 1),
(9, 3, 'Sheldon Cooper', '', 'cGKuyULnMvU4.jpg', 'jpg', 48811, 'galleries/11', '2013-10-25 18:22:10', '2013-10-25 18:22:41', 1),
(10, 3, 'Nature', '', '0tWYhCODQcv2.jpg', 'jpg', 384283, 'galleries/11', '2013-10-25 18:22:41', '2013-10-25 18:22:41', 1),
(11, 3, 'Forest', '', 'cqTwcoPvoneq.jpg', 'jpg', 102799, 'galleries/11', '2013-10-25 18:24:47', '2013-10-25 18:24:47', 1),
(12, 3, 'Sample', '', 'Hzhalx5dFrqQ.jpg', 'jpg', 207627, 'galleries/11', '2013-10-25 18:27:33', '2013-10-25 18:27:33', 1),
(13, 3, 'Sample II', '', 'NsGW5yVG4obc.jpg', 'jpg', 145775, 'galleries/11', '2013-10-25 18:28:06', '2013-10-25 18:28:06', 1),
(14, 3, 'NYC', '', '165wqY06xA4e.jpg', 'jpg', 151880, 'galleries/11', '2013-10-25 18:36:25', '2013-10-25 18:36:25', 1),
(15, 3, 'NYC', '', 'Hy0aHHWNO668.jpg', 'jpg', 912371, 'galleries/11', '2013-10-25 18:36:34', '2013-10-25 18:36:34', 1),
(16, 3, 'NYC', '', 'OLljiimccljw.jpg', 'jpg', 7638, 'galleries/11', '2013-10-25 18:36:42', '2013-10-25 18:36:42', 1),
(17, 3, 'NYC', '', 'hUZlCVnzFNjD.jpg', 'jpg', 464027, 'galleries/11', '2013-10-25 18:37:23', '2013-10-25 18:37:23', 1),
(18, 3, 'NYC', '', 'C2ALr9VtIPba.jpg', 'jpg', 158777, 'galleries/11', '2013-10-25 18:37:56', '2013-10-25 18:37:56', 1),
(19, 3, 'NYC', '', 'efQyN9Xe5Rbs.jpg', 'jpg', 7638, 'galleries/11', '2013-10-25 18:38:04', '2013-10-25 18:38:04', 1),
(20, 3, 'NYC', '', 'pI360TDx2QBw.jpg', 'jpg', 12692, 'galleries/11', '2013-10-25 18:51:33', '2013-10-25 18:51:33', 1);

-- --------------------------------------------------------

--
-- Table structure for table `places`
--

CREATE TABLE IF NOT EXISTS `places` (
  `place_id` int(11) NOT NULL AUTO_INCREMENT,
  `factual_id` varchar(40) NOT NULL,
  `chain_id` varchar(40) DEFAULT NULL,
  `name` varchar(255) NOT NULL,
  `address` varchar(255) DEFAULT NULL,
  `address_extended` varchar(255) DEFAULT NULL,
  `locality` varchar(255) DEFAULT NULL,
  `region` varchar(255) DEFAULT NULL,
  `postcode` varchar(255) DEFAULT NULL,
  `country` varchar(255) DEFAULT NULL,
  `neighborhoods` text,
  `phone` varchar(255) DEFAULT NULL,
  `fax` varchar(255) DEFAULT NULL,
  `website` varchar(255) DEFAULT NULL,
  `email` varchar(255) DEFAULT NULL,
  `lat` decimal(15,12) DEFAULT NULL,
  `lng` decimal(15,12) DEFAULT NULL,
  `post_town` varchar(255) DEFAULT NULL,
  `po_box` varchar(255) DEFAULT NULL,
  `hours_display` text,
  `created_at` datetime NOT NULL,
  `updated_at` datetime NOT NULL,
  `is_active` tinyint(1) NOT NULL,
  PRIMARY KEY (`place_id`)
) ENGINE=InnoDB DEFAULT CHARSET=utf8 AUTO_INCREMENT=1 ;

-- --------------------------------------------------------

--
-- Table structure for table `places_categories`
--

CREATE TABLE IF NOT EXISTS `places_categories` (
  `category_id` int(11) NOT NULL AUTO_INCREMENT,
  `parent_id` int(11) NOT NULL,
  `name` varchar(255) NOT NULL,
  `slug` varchar(255) NOT NULL,
  `created_at` datetime NOT NULL,
  `updated_at` datetime NOT NULL,
  `is_active` tinyint(1) NOT NULL,
  PRIMARY KEY (`category_id`)
) ENGINE=InnoDB  DEFAULT CHARSET=utf8 AUTO_INCREMENT=461 ;

--
-- Dumping data for table `places_categories`
--

INSERT INTO `places_categories` (`category_id`, `parent_id`, `name`, `slug`, `created_at`, `updated_at`, `is_active`) VALUES
(1, 0, 'Factual Places', 'factual-places', '2013-10-26 20:13:24', '2013-10-26 20:13:24', 1),
(2, 1, 'Automotive', 'automotive', '2013-10-26 20:13:25', '2013-10-26 20:13:25', 1),
(3, 2, 'Car Appraisers', 'car-appraisers', '2013-10-26 20:13:24', '2013-10-26 20:13:24', 1),
(4, 2, 'Car Dealers and Leasing', 'car-dealers-and-leasing', '2013-10-26 20:13:25', '2013-10-26 20:13:25', 1),
(5, 4, 'Used Cars', 'used-cars', '2013-10-26 20:13:25', '2013-10-26 20:13:25', 1),
(6, 2, 'Car Parts and Accessories', 'car-parts-and-accessories', '2013-10-26 20:13:24', '2013-10-26 20:13:24', 1),
(7, 2, 'Car Wash and Detail', 'car-wash-and-detail', '2013-10-26 20:13:25', '2013-10-26 20:13:25', 1),
(8, 2, 'Classic and Antique Car', 'classic-and-antique-car', '2013-10-26 20:13:24', '2013-10-26 20:13:24', 1),
(9, 2, 'Maintenance and Repair', 'maintenance-and-repair', '2013-10-26 20:13:24', '2013-10-26 20:13:24', 1),
(10, 9, 'Oil and Lube', 'oil-and-lube', '2013-10-26 20:13:24', '2013-10-26 20:13:24', 1),
(11, 9, 'Smog Check', 'smog-check', '2013-10-26 20:13:25', '2013-10-26 20:13:25', 1),
(12, 9, 'Tires', 'tires', '2013-10-26 20:13:24', '2013-10-26 20:13:24', 1),
(13, 9, 'Transmissions', 'transmissions', '2013-10-26 20:13:24', '2013-10-26 20:13:24', 1),
(14, 2, 'Motorcycles, Mopeds and Scooters', 'motorcycles-mopeds-and-scooters', '2013-10-26 20:13:24', '2013-10-26 20:13:24', 1),
(15, 14, 'Repair', 'repair', '2013-10-26 20:13:25', '2013-10-26 20:13:25', 1),
(16, 14, 'Sales', 'sales', '2013-10-26 20:13:25', '2013-10-26 20:13:25', 1),
(17, 2, 'RVs and Motor Homes', 'rvs-and-motor-homes', '2013-10-26 20:13:25', '2013-10-26 20:13:25', 1),
(18, 2, 'Salvage Yards', 'salvage-yards', '2013-10-26 20:13:24', '2013-10-26 20:13:24', 1),
(19, 2, 'Towing', 'towing', '2013-10-26 20:13:24', '2013-10-26 20:13:24', 1),
(20, 1, 'Community and Government', 'community-and-government', '2013-10-26 20:13:25', '2013-10-26 20:13:25', 1),
(21, 20, 'Animal Shelters and Humane Societies', 'animal-shelters-and-humane-societies', '2013-10-26 20:13:25', '2013-10-26 20:13:25', 1),
(22, 20, 'Cemeteries', 'cemeteries', '2013-10-26 20:13:24', '2013-10-26 20:13:24', 1),
(23, 20, 'Day Care and Preschools', 'day-care-and-preschools', '2013-10-26 20:13:24', '2013-10-26 20:13:24', 1),
(24, 20, 'Disabled Persons Services', 'disabled-persons-services', '2013-10-26 20:13:25', '2013-10-26 20:13:25', 1),
(25, 20, 'Drug and Alcohol Services', 'drug-and-alcohol-services', '2013-10-26 20:13:25', '2013-10-26 20:13:25', 1),
(26, 20, 'Education', 'education', '2013-10-26 20:13:24', '2013-10-26 20:13:24', 1),
(27, 26, 'Adult Education', 'adult-education', '2013-10-26 20:13:25', '2013-10-26 20:13:25', 1),
(28, 26, 'Art Lessons and Schools', 'art-lessons-and-schools', '2013-10-26 20:13:24', '2013-10-26 20:13:24', 1),
(29, 26, 'Colleges and Universities', 'colleges-and-universities', '2013-10-26 20:13:25', '2013-10-26 20:13:25', 1),
(30, 26, 'Computer Training', 'computer-training', '2013-10-26 20:13:25', '2013-10-26 20:13:25', 1),
(31, 26, 'Culinary Lessons and Schools', 'culinary-lessons-and-schools', '2013-10-26 20:13:25', '2013-10-26 20:13:25', 1),
(32, 26, 'Driving Schools', 'driving-schools', '2013-10-26 20:13:24', '2013-10-26 20:13:24', 1),
(33, 26, 'Fraternities and Sororities', 'fraternities-and-sororities', '2013-10-26 20:13:24', '2013-10-26 20:13:24', 1),
(34, 26, 'Primary and Secondary Schools', 'primary-and-secondary-schools', '2013-10-26 20:13:24', '2013-10-26 20:13:24', 1),
(35, 26, 'Tutoring and Educational Services', 'tutoring-and-educational-services', '2013-10-26 20:13:25', '2013-10-26 20:13:25', 1),
(36, 26, 'Vocational Schools', 'vocational-schools', '2013-10-26 20:13:24', '2013-10-26 20:13:24', 1),
(37, 20, 'Government Departments and Agencies', 'government-departments-and-agencies', '2013-10-26 20:13:24', '2013-10-26 20:13:24', 1),
(38, 20, 'Government Lobbyists', 'government-lobbyists', '2013-10-26 20:13:24', '2013-10-26 20:13:24', 1),
(39, 20, 'Housing Assistance and Shelters', 'housing-assistance-and-shelters', '2013-10-26 20:13:24', '2013-10-26 20:13:24', 1),
(40, 20, 'Law Enforcement and Public Safety', 'law-enforcement-and-public-safety', '2013-10-26 20:13:24', '2013-10-26 20:13:24', 1),
(41, 40, 'Rescue Services', 'rescue-services', '2013-10-26 20:13:24', '2013-10-26 20:13:24', 1),
(42, 40, 'Fire Stations', 'fire-stations', '2013-10-26 20:13:25', '2013-10-26 20:13:25', 1),
(43, 40, 'Police Stations', 'police-stations', '2013-10-26 20:13:25', '2013-10-26 20:13:25', 1),
(44, 20, 'Libraries', 'libraries', '2013-10-26 20:13:24', '2013-10-26 20:13:24', 1),
(45, 20, 'Military', 'military', '2013-10-26 20:13:25', '2013-10-26 20:13:25', 1),
(46, 45, 'Bases', 'bases', '2013-10-26 20:13:24', '2013-10-26 20:13:24', 1),
(47, 20, 'Organizations and Associations', 'organizations-and-associations', '2013-10-26 20:13:25', '2013-10-26 20:13:25', 1),
(48, 47, 'Charities and Non-Profits', 'charities-and-non-profits', '2013-10-26 20:13:25', '2013-10-26 20:13:25', 1),
(49, 47, 'Environmental', 'environmental', '2013-10-26 20:13:24', '2013-10-26 20:13:24', 1),
(50, 47, 'Youth Organizations', 'youth-organizations', '2013-10-26 20:13:25', '2013-10-26 20:13:25', 1),
(51, 47, 'Post Offices', 'post-offices', '2013-10-26 20:13:24', '2013-10-26 20:13:24', 1),
(52, 47, 'Public and Social Services', 'public-and-social-services', '2013-10-26 20:13:24', '2013-10-26 20:13:24', 1),
(53, 47, 'Religious', 'religious', '2013-10-26 20:13:24', '2013-10-26 20:13:24', 1),
(54, 53, 'Buddhist Temples', 'buddhist-temples', '2013-10-26 20:13:25', '2013-10-26 20:13:25', 1),
(55, 53, 'Churches', 'churches', '2013-10-26 20:13:24', '2013-10-26 20:13:24', 1),
(56, 53, 'Hindu Temples', 'hindu-temples', '2013-10-26 20:13:24', '2013-10-26 20:13:24', 1),
(57, 53, 'Mosques', 'mosques', '2013-10-26 20:13:24', '2013-10-26 20:13:24', 1),
(58, 53, 'Synagogues', 'synagogues', '2013-10-26 20:13:25', '2013-10-26 20:13:25', 1),
(59, 20, 'Senior Citizen Services', 'senior-citizen-services', '2013-10-26 20:13:25', '2013-10-26 20:13:25', 1),
(60, 59, 'Retirement', 'retirement', '2013-10-26 20:13:25', '2013-10-26 20:13:25', 1),
(61, 20, 'Utility Companies', 'utility-companies', '2013-10-26 20:13:24', '2013-10-26 20:13:24', 1),
(62, 1, 'Healthcare', 'healthcare', '2013-10-26 20:13:24', '2013-10-26 20:13:24', 1),
(63, 62, 'AIDS Resources', 'aids-resources', '2013-10-26 20:13:25', '2013-10-26 20:13:25', 1),
(64, 62, 'Assisted Living Services', 'assisted-living-services', '2013-10-26 20:13:25', '2013-10-26 20:13:25', 1),
(65, 64, 'Caretakers', 'caretakers', '2013-10-26 20:13:24', '2013-10-26 20:13:24', 1),
(66, 64, 'Facilities and Nursing Homes', 'facilities-and-nursing-homes', '2013-10-26 20:13:24', '2013-10-26 20:13:24', 1),
(67, 62, 'Blood Banks and Centers', 'blood-banks-and-centers', '2013-10-26 20:13:25', '2013-10-26 20:13:25', 1),
(68, 62, 'Chiropractors', 'chiropractors', '2013-10-26 20:13:25', '2013-10-26 20:13:25', 1),
(69, 62, 'Dentists', 'dentists', '2013-10-26 20:13:24', '2013-10-26 20:13:24', 1),
(70, 62, 'Emergency Services', 'emergency-services', '2013-10-26 20:13:25', '2013-10-26 20:13:25', 1),
(71, 70, 'Ambulance', 'ambulance', '2013-10-26 20:13:24', '2013-10-26 20:13:24', 1),
(72, 62, 'Holistic, Alternative and Naturopathic Medicine', 'holistic-alternative-and-naturopathic-medicine', '2013-10-26 20:13:25', '2013-10-26 20:13:25', 1),
(73, 72, 'Acupuncture', 'acupuncture', '2013-10-26 20:13:25', '2013-10-26 20:13:25', 1),
(74, 62, 'Hospitals, Clinics and Medical Centers', 'hospitals-clinics-and-medical-centers', '2013-10-26 20:13:25', '2013-10-26 20:13:25', 1),
(75, 62, 'Medical Supplies and Labs', 'medical-supplies-and-labs', '2013-10-26 20:13:24', '2013-10-26 20:13:24', 1),
(76, 62, 'Mental Health', 'mental-health', '2013-10-26 20:13:24', '2013-10-26 20:13:24', 1),
(77, 76, 'Counseling and Therapy', 'counseling-and-therapy', '2013-10-26 20:13:24', '2013-10-26 20:13:24', 1),
(78, 76, 'Psychologists', 'psychologists', '2013-10-26 20:13:25', '2013-10-26 20:13:25', 1),
(79, 62, 'Nurses', 'nurses', '2013-10-26 20:13:24', '2013-10-26 20:13:24', 1),
(80, 62, 'Pharmacies', 'pharmacies', '2013-10-26 20:13:24', '2013-10-26 20:13:24', 1),
(81, 62, 'Physical Therapy and Rehabilitation', 'physical-therapy-and-rehabilitation', '2013-10-26 20:13:24', '2013-10-26 20:13:24', 1),
(82, 81, 'Sports Medicine', 'sports-medicine', '2013-10-26 20:13:24', '2013-10-26 20:13:24', 1),
(83, 62, 'Physicians', 'physicians', '2013-10-26 20:13:24', '2013-10-26 20:13:24', 1),
(84, 83, 'Anesthesiologists', 'anesthesiologists', '2013-10-26 20:13:24', '2013-10-26 20:13:24', 1),
(85, 83, 'Cardiologists', 'cardiologists', '2013-10-26 20:13:25', '2013-10-26 20:13:25', 1),
(86, 83, 'Dermatologists', 'dermatologists', '2013-10-26 20:13:25', '2013-10-26 20:13:25', 1),
(87, 83, 'Ear, Nose and Throat', 'ear-nose-and-throat', '2013-10-26 20:13:24', '2013-10-26 20:13:24', 1),
(88, 83, 'Family Medicine', 'family-medicine', '2013-10-26 20:13:25', '2013-10-26 20:13:25', 1),
(89, 83, 'Gastroenterologists', 'gastroenterologists', '2013-10-26 20:13:24', '2013-10-26 20:13:24', 1),
(90, 83, 'General Surgery', 'general-surgery', '2013-10-26 20:13:25', '2013-10-26 20:13:25', 1),
(91, 83, 'Internal Medicine', 'internal-medicine', '2013-10-26 20:13:25', '2013-10-26 20:13:25', 1),
(92, 83, 'Neurologists', 'neurologists', '2013-10-26 20:13:24', '2013-10-26 20:13:24', 1),
(93, 83, 'Obstetricians and Gynecologists', 'obstetricians-and-gynecologists', '2013-10-26 20:13:25', '2013-10-26 20:13:25', 1),
(94, 83, 'Oncologists', 'oncologists', '2013-10-26 20:13:24', '2013-10-26 20:13:24', 1),
(95, 83, 'Ophthalmologists', 'ophthalmologists', '2013-10-26 20:13:24', '2013-10-26 20:13:24', 1),
(96, 83, 'Orthopedic Surgeons', 'orthopedic-surgeons', '2013-10-26 20:13:24', '2013-10-26 20:13:24', 1),
(97, 83, 'Pathologists', 'pathologists', '2013-10-26 20:13:25', '2013-10-26 20:13:25', 1),
(98, 83, 'Pediatricians', 'pediatricians', '2013-10-26 20:13:24', '2013-10-26 20:13:24', 1),
(99, 83, 'Plastic Surgeons', 'plastic-surgeons', '2013-10-26 20:13:24', '2013-10-26 20:13:24', 1),
(100, 83, 'Psychiatrists', 'psychiatrists', '2013-10-26 20:13:24', '2013-10-26 20:13:24', 1),
(101, 83, 'Radiologists', 'radiologists', '2013-10-26 20:13:25', '2013-10-26 20:13:25', 1),
(102, 83, 'Respiratory', 'respiratory', '2013-10-26 20:13:25', '2013-10-26 20:13:25', 1),
(103, 83, 'Urologists', 'urologists', '2013-10-26 20:13:25', '2013-10-26 20:13:25', 1),
(104, 62, 'Podiatrists', 'podiatrists', '2013-10-26 20:13:24', '2013-10-26 20:13:24', 1),
(105, 62, 'Pregnancy and Sexual Health', 'pregnancy-and-sexual-health', '2013-10-26 20:13:24', '2013-10-26 20:13:24', 1),
(106, 62, 'Weight Loss and Nutritionists', 'weight-loss-and-nutritionists', '2013-10-26 20:13:25', '2013-10-26 20:13:25', 1),
(107, 1, 'Landmarks', 'landmarks', '2013-10-26 20:13:25', '2013-10-26 20:13:25', 1),
(108, 107, 'Buildings and Structures', 'buildings-and-structures', '2013-10-26 20:13:24', '2013-10-26 20:13:24', 1),
(109, 107, 'Gardens', 'gardens', '2013-10-26 20:13:24', '2013-10-26 20:13:24', 1),
(110, 107, 'Historic and Protected Sites', 'historic-and-protected-sites', '2013-10-26 20:13:25', '2013-10-26 20:13:25', 1),
(111, 107, 'Monuments and Memorials', 'monuments-and-memorials', '2013-10-26 20:13:25', '2013-10-26 20:13:25', 1),
(112, 107, 'Natural', 'natural', '2013-10-26 20:13:24', '2013-10-26 20:13:24', 1),
(113, 112, 'Beaches', 'beaches', '2013-10-26 20:13:25', '2013-10-26 20:13:25', 1),
(114, 112, 'Mountains', 'mountains', '2013-10-26 20:13:24', '2013-10-26 20:13:24', 1),
(115, 112, 'Forests', 'forests', '2013-10-26 20:13:25', '2013-10-26 20:13:25', 1),
(116, 112, 'Lakes', 'lakes', '2013-10-26 20:13:25', '2013-10-26 20:13:25', 1),
(117, 112, 'Rivers', 'rivers', '2013-10-26 20:13:25', '2013-10-26 20:13:25', 1),
(118, 112, 'Parks', 'parks', '2013-10-26 20:13:24', '2013-10-26 20:13:24', 1),
(119, 118, 'Natural Parks', 'natural-parks', '2013-10-26 20:13:24', '2013-10-26 20:13:24', 1),
(120, 118, 'Picnic Areas', 'picnic-areas', '2013-10-26 20:13:24', '2013-10-26 20:13:24', 1),
(121, 118, 'Playgrounds', 'playgrounds', '2013-10-26 20:13:25', '2013-10-26 20:13:25', 1),
(122, 118, 'Urban Parks', 'urban-parks', '2013-10-26 20:13:24', '2013-10-26 20:13:24', 1),
(123, 1, 'Retail', 'retail', '2013-10-26 20:13:24', '2013-10-26 20:13:24', 1),
(124, 123, 'Adult', 'adult', '2013-10-26 20:13:24', '2013-10-26 20:13:24', 1),
(125, 123, 'Antiques', 'antiques', '2013-10-26 20:13:24', '2013-10-26 20:13:24', 1),
(126, 123, 'Arts and Crafts', 'arts-and-crafts', '2013-10-26 20:13:24', '2013-10-26 20:13:24', 1),
(127, 123, 'Auctions', 'auctions', '2013-10-26 20:13:25', '2013-10-26 20:13:25', 1),
(128, 123, 'Beauty Products', 'beauty-products', '2013-10-26 20:13:25', '2013-10-26 20:13:25', 1),
(129, 123, 'Bicycles', 'bicycles', '2013-10-26 20:13:25', '2013-10-26 20:13:25', 1),
(130, 123, 'Bookstores', 'bookstores', '2013-10-26 20:13:24', '2013-10-26 20:13:24', 1),
(131, 123, 'Cards and Stationery', 'cards-and-stationery', '2013-10-26 20:13:25', '2013-10-26 20:13:25', 1),
(132, 123, 'Children', 'children', '2013-10-26 20:13:24', '2013-10-26 20:13:24', 1),
(133, 123, 'Computers and Electronics', 'computers-and-electronics', '2013-10-26 20:13:25', '2013-10-26 20:13:25', 1),
(134, 133, 'Cameras', 'cameras', '2013-10-26 20:13:25', '2013-10-26 20:13:25', 1),
(135, 133, 'Mobile Phones', 'mobile-phones', '2013-10-26 20:13:24', '2013-10-26 20:13:24', 1),
(136, 133, 'Video Games', 'video-games', '2013-10-26 20:13:25', '2013-10-26 20:13:25', 1),
(137, 123, 'Construction Supplies', 'construction-supplies', '2013-10-26 20:13:24', '2013-10-26 20:13:24', 1),
(138, 123, 'Convenience Stores', 'convenience-stores', '2013-10-26 20:13:24', '2013-10-26 20:13:24', 1),
(139, 123, 'Costumes', 'costumes', '2013-10-26 20:13:24', '2013-10-26 20:13:24', 1),
(140, 123, 'Dance and Music', 'dance-and-music', '2013-10-26 20:13:25', '2013-10-26 20:13:25', 1),
(141, 123, 'Department Stores', 'department-stores', '2013-10-26 20:13:24', '2013-10-26 20:13:24', 1),
(142, 123, 'Fashion', 'fashion', '2013-10-26 20:13:24', '2013-10-26 20:13:24', 1),
(143, 142, 'Clothing and Accessories', 'clothing-and-accessories', '2013-10-26 20:13:24', '2013-10-26 20:13:24', 1),
(144, 142, 'Jewelry and Watches', 'jewelry-and-watches', '2013-10-26 20:13:25', '2013-10-26 20:13:25', 1),
(145, 142, 'Shoes', 'shoes', '2013-10-26 20:13:25', '2013-10-26 20:13:25', 1),
(146, 142, 'Swimwear', 'swimwear', '2013-10-26 20:13:25', '2013-10-26 20:13:25', 1),
(147, 142, 'Flea Markets', 'flea-markets', '2013-10-26 20:13:24', '2013-10-26 20:13:24', 1),
(148, 123, 'Florists', 'florists', '2013-10-26 20:13:24', '2013-10-26 20:13:24', 1),
(149, 123, 'Food and Beverage', 'food-and-beverage', '2013-10-26 20:13:25', '2013-10-26 20:13:25', 1),
(150, 149, 'Beer, Wine and Spirits', 'beer-wine-and-spirits', '2013-10-26 20:13:25', '2013-10-26 20:13:25', 1),
(151, 149, 'Candy Stores', 'candy-stores', '2013-10-26 20:13:24', '2013-10-26 20:13:24', 1),
(152, 149, 'Cheese', 'cheese', '2013-10-26 20:13:24', '2013-10-26 20:13:24', 1),
(153, 149, 'Chocolate', 'chocolate', '2013-10-26 20:13:25', '2013-10-26 20:13:25', 1),
(154, 149, 'Farmers'' Markets', 'farmers-markets', '2013-10-26 20:13:25', '2013-10-26 20:13:25', 1),
(155, 149, 'Health and Diet Food', 'health-and-diet-food', '2013-10-26 20:13:24', '2013-10-26 20:13:24', 1),
(156, 149, 'Kosher', 'kosher', '2013-10-26 20:13:25', '2013-10-26 20:13:25', 1),
(157, 123, 'Furniture and Decor', 'furniture-and-decor', '2013-10-26 20:13:24', '2013-10-26 20:13:24', 1),
(158, 123, 'Gift and Novelty', 'gift-and-novelty', '2013-10-26 20:13:25', '2013-10-26 20:13:25', 1),
(159, 123, 'Glasses and Optometrist', 'glasses-and-optometrist', '2013-10-26 20:13:25', '2013-10-26 20:13:25', 1),
(160, 123, 'Hobby and Collectibles', 'hobby-and-collectibles', '2013-10-26 20:13:25', '2013-10-26 20:13:25', 1),
(161, 123, 'Luggage', 'luggage', '2013-10-26 20:13:24', '2013-10-26 20:13:24', 1),
(162, 123, 'Music, Video and DVD', 'music-video-and-dvd', '2013-10-26 20:13:24', '2013-10-26 20:13:24', 1),
(163, 123, 'Newsstands', 'newsstands', '2013-10-26 20:13:24', '2013-10-26 20:13:24', 1),
(164, 123, 'Nurseries and Garden Centers', 'nurseries-and-garden-centers', '2013-10-26 20:13:25', '2013-10-26 20:13:25', 1),
(165, 123, 'Outlet', 'outlet', '2013-10-26 20:13:24', '2013-10-26 20:13:24', 1),
(166, 123, 'Pawn Shops', 'pawn-shops', '2013-10-26 20:13:24', '2013-10-26 20:13:24', 1),
(167, 123, 'Pets', 'pets', '2013-10-26 20:13:24', '2013-10-26 20:13:24', 1),
(168, 123, 'Photos and Frames', 'photos-and-frames', '2013-10-26 20:13:24', '2013-10-26 20:13:24', 1),
(169, 123, 'Shopping Centers and Malls', 'shopping-centers-and-malls', '2013-10-26 20:13:24', '2013-10-26 20:13:24', 1),
(170, 123, 'Sporting Goods', 'sporting-goods', '2013-10-26 20:13:25', '2013-10-26 20:13:25', 1),
(171, 123, 'Supermarkets and Groceries', 'supermarkets-and-groceries', '2013-10-26 20:13:25', '2013-10-26 20:13:25', 1),
(172, 123, 'Tobacco', 'tobacco', '2013-10-26 20:13:25', '2013-10-26 20:13:25', 1),
(173, 123, 'Toys', 'toys', '2013-10-26 20:13:24', '2013-10-26 20:13:24', 1),
(174, 123, 'Vintage and Thrift', 'vintage-and-thrift', '2013-10-26 20:13:25', '2013-10-26 20:13:25', 1),
(175, 123, 'Warehouses and Wholesale Stores', 'warehouses-and-wholesale-stores', '2013-10-26 20:13:24', '2013-10-26 20:13:24', 1),
(176, 123, 'Wedding and Bridal', 'wedding-and-bridal', '2013-10-26 20:13:25', '2013-10-26 20:13:25', 1),
(177, 1, 'Services and Supplies', 'services-and-supplies', '2013-10-26 20:13:25', '2013-10-26 20:13:25', 1),
(178, 177, 'Business and Strategy Consulting', 'business-and-strategy-consulting', '2013-10-26 20:13:24', '2013-10-26 20:13:24', 1),
(179, 177, 'Industrial Machinery and Vehicles', 'industrial-machinery-and-vehicles', '2013-10-26 20:13:25', '2013-10-26 20:13:25', 1),
(180, 177, 'Logging and Sawmills', 'logging-and-sawmills', '2013-10-26 20:13:24', '2013-10-26 20:13:24', 1),
(181, 177, 'Metals', 'metals', '2013-10-26 20:13:24', '2013-10-26 20:13:24', 1),
(182, 177, 'Packaging', 'packaging', '2013-10-26 20:13:24', '2013-10-26 20:13:24', 1),
(183, 177, 'Petroleum', 'petroleum', '2013-10-26 20:13:25', '2013-10-26 20:13:25', 1),
(184, 177, 'Plastics', 'plastics', '2013-10-26 20:13:24', '2013-10-26 20:13:24', 1),
(185, 177, 'Refrigeration and Ice', 'refrigeration-and-ice', '2013-10-26 20:13:24', '2013-10-26 20:13:24', 1),
(186, 177, 'Rubber', 'rubber', '2013-10-26 20:13:24', '2013-10-26 20:13:24', 1),
(187, 177, 'Scientific', 'scientific', '2013-10-26 20:13:25', '2013-10-26 20:13:25', 1),
(188, 177, 'Security and Safety', 'security-and-safety', '2013-10-26 20:13:25', '2013-10-26 20:13:25', 1),
(189, 177, 'Telecommunication Services', 'telecommunication-services', '2013-10-26 20:13:25', '2013-10-26 20:13:25', 1),
(190, 177, 'Textiles', 'textiles', '2013-10-26 20:13:24', '2013-10-26 20:13:24', 1),
(191, 177, 'Water and Waste Management', 'water-and-waste-management', '2013-10-26 20:13:24', '2013-10-26 20:13:24', 1),
(192, 177, 'Welding', 'welding', '2013-10-26 20:13:25', '2013-10-26 20:13:25', 1),
(193, 177, 'Advertising and Marketing', 'advertising-and-marketing', '2013-10-26 20:13:25', '2013-10-26 20:13:25', 1),
(194, 193, 'Advertising Agencies and Media Buyers', 'advertising-agencies-and-media-buyers', '2013-10-26 20:13:24', '2013-10-26 20:13:24', 1),
(195, 193, 'Creative Services', 'creative-services', '2013-10-26 20:13:24', '2013-10-26 20:13:24', 1),
(196, 193, 'Direct Mail and Email Marketing Services', 'direct-mail-and-email-marketing-services', '2013-10-26 20:13:25', '2013-10-26 20:13:25', 1),
(197, 193, 'Market Research and Consulting', 'market-research-and-consulting', '2013-10-26 20:13:25', '2013-10-26 20:13:25', 1),
(198, 193, 'Online Advertising', 'online-advertising', '2013-10-26 20:13:24', '2013-10-26 20:13:24', 1),
(199, 193, 'Print, TV, Radio and Outdoor Advertising', 'print-tv-radio-and-outdoor-advertising', '2013-10-26 20:13:25', '2013-10-26 20:13:25', 1),
(200, 193, 'Promotional Items', 'promotional-items', '2013-10-26 20:13:24', '2013-10-26 20:13:24', 1),
(201, 193, 'Public Relations', 'public-relations', '2013-10-26 20:13:25', '2013-10-26 20:13:25', 1),
(202, 193, 'Search Engine Marketing and Optimization', 'search-engine-marketing-and-optimization', '2013-10-26 20:13:25', '2013-10-26 20:13:25', 1),
(203, 193, 'Writing, Copywriting and Technical Writing', 'writing-copywriting-and-technical-writing', '2013-10-26 20:13:25', '2013-10-26 20:13:25', 1),
(204, 177, 'Agriculture and Forestry', 'agriculture-and-forestry', '2013-10-26 20:13:24', '2013-10-26 20:13:24', 1),
(205, 177, 'Art Restoration', 'art-restoration', '2013-10-26 20:13:24', '2013-10-26 20:13:24', 1),
(206, 177, 'Audiovisual', 'audiovisual', '2013-10-26 20:13:24', '2013-10-26 20:13:24', 1),
(207, 177, 'Automation and Control Systems', 'automation-and-control-systems', '2013-10-26 20:13:25', '2013-10-26 20:13:25', 1),
(208, 177, 'Chemicals and Gasses', 'chemicals-and-gasses', '2013-10-26 20:13:24', '2013-10-26 20:13:24', 1),
(209, 177, 'Computers', 'computers', '2013-10-26 20:13:24', '2013-10-26 20:13:24', 1),
(210, 177, 'Corporate HQ', 'corporate-hq', '2013-10-26 20:13:24', '2013-10-26 20:13:24', 1),
(211, 177, 'Electrical Equipment', 'electrical-equipment', '2013-10-26 20:13:24', '2013-10-26 20:13:24', 1),
(212, 177, 'Employment Agencies', 'employment-agencies', '2013-10-26 20:13:24', '2013-10-26 20:13:24', 1),
(213, 177, 'Engineering', 'engineering', '2013-10-26 20:13:25', '2013-10-26 20:13:25', 1),
(214, 177, 'Entertainment', 'entertainment', '2013-10-26 20:13:25', '2013-10-26 20:13:25', 1),
(215, 214, 'Media', 'media', '2013-10-26 20:13:25', '2013-10-26 20:13:25', 1),
(216, 177, 'Equipment Rental', 'equipment-rental', '2013-10-26 20:13:24', '2013-10-26 20:13:24', 1),
(217, 177, 'Events and Event Planning', 'events-and-event-planning', '2013-10-26 20:13:25', '2013-10-26 20:13:25', 1),
(218, 221, 'ATMs', 'atms', '2013-10-26 20:13:24', '2013-10-26 20:13:24', 1),
(219, 177, 'Financial', 'financial', '2013-10-26 20:13:25', '2013-10-26 20:13:25', 1),
(220, 219, 'Accounting and Bookkeeping', 'accounting-and-bookkeeping', '2013-10-26 20:13:25', '2013-10-26 20:13:25', 1),
(221, 219, 'Banking and Finance', 'banking-and-finance', '2013-10-26 20:13:24', '2013-10-26 20:13:24', 1),
(222, 219, 'Business Brokers and Franchises', 'business-brokers-and-franchises', '2013-10-26 20:13:25', '2013-10-26 20:13:25', 1),
(223, 219, 'Check Cashing', 'check-cashing', '2013-10-26 20:13:24', '2013-10-26 20:13:24', 1),
(224, 219, 'Collections', 'collections', '2013-10-26 20:13:24', '2013-10-26 20:13:24', 1),
(225, 219, 'Financial Planning and Investments', 'financial-planning-and-investments', '2013-10-26 20:13:24', '2013-10-26 20:13:24', 1),
(226, 219, 'Fund Raising', 'fund-raising', '2013-10-26 20:13:25', '2013-10-26 20:13:25', 1),
(227, 219, 'Loans and Mortgages', 'loans-and-mortgages', '2013-10-26 20:13:24', '2013-10-26 20:13:24', 1),
(228, 219, 'Stock Brokers', 'stock-brokers', '2013-10-26 20:13:24', '2013-10-26 20:13:24', 1),
(229, 219, 'Student Aid and Grants', 'student-aid-and-grants', '2013-10-26 20:13:24', '2013-10-26 20:13:24', 1),
(230, 177, 'Food and Beverage', 'food-and-beverage', '2013-10-26 20:13:25', '2013-10-26 20:13:25', 1),
(231, 230, 'Catering', 'catering', '2013-10-26 20:13:25', '2013-10-26 20:13:25', 1),
(232, 230, 'Distribution', 'distribution', '2013-10-26 20:13:25', '2013-10-26 20:13:25', 1),
(233, 177, 'Funeral Services', 'funeral-services', '2013-10-26 20:13:24', '2013-10-26 20:13:24', 1),
(234, 177, 'Geological', 'geological', '2013-10-26 20:13:24', '2013-10-26 20:13:24', 1),
(235, 177, 'Home Improvement', 'home-improvement', '2013-10-26 20:13:25', '2013-10-26 20:13:25', 1),
(236, 235, 'Architects', 'architects', '2013-10-26 20:13:25', '2013-10-26 20:13:25', 1),
(237, 235, 'Carpenters', 'carpenters', '2013-10-26 20:13:24', '2013-10-26 20:13:24', 1),
(238, 235, 'Carpet and Flooring', 'carpet-and-flooring', '2013-10-26 20:13:24', '2013-10-26 20:13:24', 1),
(239, 235, 'Contractors', 'contractors', '2013-10-26 20:13:25', '2013-10-26 20:13:25', 1),
(240, 239, 'Bathrooms', 'bathrooms', '2013-10-26 20:13:25', '2013-10-26 20:13:25', 1),
(241, 239, 'Deck and Patio', 'deck-and-patio', '2013-10-26 20:13:24', '2013-10-26 20:13:24', 1),
(242, 239, 'Sewer', 'sewer', '2013-10-26 20:13:25', '2013-10-26 20:13:25', 1),
(243, 235, 'Doors and Windows', 'doors-and-windows', '2013-10-26 20:13:24', '2013-10-26 20:13:24', 1),
(244, 235, 'Electricians', 'electricians', '2013-10-26 20:13:25', '2013-10-26 20:13:25', 1),
(245, 235, 'Fences, Fireplaces and Garage Doors', 'fences-fireplaces-and-garage-doors', '2013-10-26 20:13:25', '2013-10-26 20:13:25', 1),
(246, 235, 'Hardware and Services', 'hardware-and-services', '2013-10-26 20:13:25', '2013-10-26 20:13:25', 1),
(247, 235, 'Heating, Ventilating and Air Conditioning', 'heating-ventilating-and-air-conditioning', '2013-10-26 20:13:24', '2013-10-26 20:13:24', 1),
(248, 123, 'Home Appliances', 'home-appliances', '2013-10-26 20:13:24', '2013-10-26 20:13:24', 1),
(249, 235, 'Home Inspection Services', 'home-inspection-services', '2013-10-26 20:13:24', '2013-10-26 20:13:24', 1),
(250, 123, 'Housewares', 'housewares', '2013-10-26 20:13:25', '2013-10-26 20:13:25', 1),
(251, 235, 'Interior Design', 'interior-design', '2013-10-26 20:13:24', '2013-10-26 20:13:24', 1),
(252, 235, 'Kitchens', 'kitchens', '2013-10-26 20:13:24', '2013-10-26 20:13:24', 1),
(253, 235, 'Landscaping and Gardeners', 'landscaping-and-gardeners', '2013-10-26 20:13:24', '2013-10-26 20:13:24', 1),
(254, 235, 'Lighting Fixtures', 'lighting-fixtures', '2013-10-26 20:13:24', '2013-10-26 20:13:24', 1),
(255, 291, 'Mobile Homes', 'mobile-homes', '2013-10-26 20:13:24', '2013-10-26 20:13:24', 1),
(256, 235, 'Movers', 'movers', '2013-10-26 20:13:24', '2013-10-26 20:13:24', 1),
(257, 235, 'Painting', 'painting', '2013-10-26 20:13:25', '2013-10-26 20:13:25', 1),
(258, 235, 'Pest Control', 'pest-control', '2013-10-26 20:13:25', '2013-10-26 20:13:25', 1),
(259, 235, 'Plumbing', 'plumbing', '2013-10-26 20:13:24', '2013-10-26 20:13:24', 1),
(260, 235, 'Pools and Spas', 'pools-and-spas', '2013-10-26 20:13:25', '2013-10-26 20:13:25', 1),
(261, 235, 'Roofers', 'roofers', '2013-10-26 20:13:24', '2013-10-26 20:13:24', 1),
(262, 177, 'Storage', 'storage', '2013-10-26 20:13:25', '2013-10-26 20:13:25', 1),
(263, 235, 'Swimming Pool Maintenance and Services', 'swimming-pool-maintenance-and-services', '2013-10-26 20:13:25', '2013-10-26 20:13:25', 1),
(264, 235, 'Tree Service', 'tree-service', '2013-10-26 20:13:24', '2013-10-26 20:13:24', 1),
(265, 235, 'Upholstery', 'upholstery', '2013-10-26 20:13:25', '2013-10-26 20:13:25', 1),
(266, 177, 'Human Resources', 'human-resources', '2013-10-26 20:13:24', '2013-10-26 20:13:24', 1),
(267, 177, 'Import and Export', 'import-and-export', '2013-10-26 20:13:24', '2013-10-26 20:13:24', 1),
(268, 177, 'Leather', 'leather', '2013-10-26 20:13:24', '2013-10-26 20:13:24', 1),
(269, 177, 'Legal', 'legal', '2013-10-26 20:13:25', '2013-10-26 20:13:25', 1),
(270, 269, 'Credit Counseling and Bankruptcy Services', 'credit-counseling-and-bankruptcy-services', '2013-10-26 20:13:24', '2013-10-26 20:13:24', 1),
(271, 269, 'Immigration', 'immigration', '2013-10-26 20:13:24', '2013-10-26 20:13:24', 1),
(272, 177, 'Insurance', 'insurance', '2013-10-26 20:13:24', '2013-10-26 20:13:24', 1),
(273, 177, 'Machine Shops', 'machine-shops', '2013-10-26 20:13:25', '2013-10-26 20:13:25', 1),
(274, 177, 'Management', 'management', '2013-10-26 20:13:25', '2013-10-26 20:13:25', 1),
(275, 177, 'Manufacturing', 'manufacturing', '2013-10-26 20:13:25', '2013-10-26 20:13:25', 1),
(276, 177, 'Paper', 'paper', '2013-10-26 20:13:24', '2013-10-26 20:13:24', 1),
(277, 177, 'Personal Care', 'personal-care', '2013-10-26 20:13:24', '2013-10-26 20:13:24', 1),
(278, 277, 'Dry Cleaning, Ironing and Laundry', 'dry-cleaning-ironing-and-laundry', '2013-10-26 20:13:25', '2013-10-26 20:13:25', 1),
(279, 277, 'Hair Removal', 'hair-removal', '2013-10-26 20:13:25', '2013-10-26 20:13:25', 1),
(280, 277, 'Beauty Salons and Barbers', 'beauty-salons-and-barbers', '2013-10-26 20:13:24', '2013-10-26 20:13:24', 1),
(281, 277, 'Manicures and Pedicures', 'manicures-and-pedicures', '2013-10-26 20:13:24', '2013-10-26 20:13:24', 1),
(282, 277, 'Massage Clinics and Therapists', 'massage-clinics-and-therapists', '2013-10-26 20:13:25', '2013-10-26 20:13:25', 1),
(283, 277, 'Piercing', 'piercing', '2013-10-26 20:13:25', '2013-10-26 20:13:25', 1),
(284, 277, 'Skin Care', 'skin-care', '2013-10-26 20:13:24', '2013-10-26 20:13:24', 1),
(285, 277, 'Spas', 'spas', '2013-10-26 20:13:25', '2013-10-26 20:13:25', 1),
(286, 277, 'Tanning Salons', 'tanning-salons', '2013-10-26 20:13:24', '2013-10-26 20:13:24', 1),
(287, 277, 'Tattooing', 'tattooing', '2013-10-26 20:13:25', '2013-10-26 20:13:25', 1),
(288, 177, 'Printing, Copying and Signage', 'printing-copying-and-signage', '2013-10-26 20:13:25', '2013-10-26 20:13:25', 1),
(289, 177, 'Professional Cleaning', 'professional-cleaning', '2013-10-26 20:13:25', '2013-10-26 20:13:25', 1),
(290, 177, 'Publishing', 'publishing', '2013-10-26 20:13:24', '2013-10-26 20:13:24', 1),
(291, 177, 'Real Estate', 'real-estate', '2013-10-26 20:13:24', '2013-10-26 20:13:24', 1),
(292, 291, 'Property Management', 'property-management', '2013-10-26 20:13:24', '2013-10-26 20:13:24', 1),
(293, 291, 'Real Estate Agents', 'real-estate-agents', '2013-10-26 20:13:25', '2013-10-26 20:13:25', 1),
(294, 291, 'Real Estate Appraiser', 'real-estate-appraiser', '2013-10-26 20:13:24', '2013-10-26 20:13:24', 1),
(295, 291, 'Real Estate Development and Title Companies\\', 'real-estate-development-and-title-companies', '2013-10-26 20:13:24', '2013-10-26 20:13:24', 1),
(296, 291, 'Apartments, Condos, and Houses', 'apartments-condos-and-houses', '2013-10-26 20:13:24', '2013-10-26 20:13:24', 1),
(297, 291, 'Boarding Houses', 'boarding-houses', '2013-10-26 20:13:24', '2013-10-26 20:13:24', 1),
(298, 291, 'Building and Land Surveyors', 'building-and-land-surveyors', '2013-10-26 20:13:24', '2013-10-26 20:13:24', 1),
(299, 291, 'Commercial Real Estate', 'commercial-real-estate', '2013-10-26 20:13:24', '2013-10-26 20:13:24', 1),
(300, 291, 'Corporate Housing', 'corporate-housing', '2013-10-26 20:13:25', '2013-10-26 20:13:25', 1),
(301, 177, 'Renewable Energy', 'renewable-energy', '2013-10-26 20:13:25', '2013-10-26 20:13:25', 1),
(302, 177, 'Repair Services', 'repair-services', '2013-10-26 20:13:24', '2013-10-26 20:13:24', 1),
(303, 177, 'Shipping, Freight, and Material Transportation', 'shipping-freight-and-material-transportation', '2013-10-26 20:13:25', '2013-10-26 20:13:25', 1),
(304, 177, 'Tailors', 'tailors', '2013-10-26 20:13:24', '2013-10-26 20:13:24', 1),
(305, 177, 'Veterinarians', 'veterinarians', '2013-10-26 20:13:25', '2013-10-26 20:13:25', 1),
(306, 460, 'Web Design and Development', 'web-design-and-development', '2013-10-26 20:13:25', '2013-10-26 20:13:25', 1),
(307, 177, 'Wholesale', 'wholesale', '2013-10-26 20:13:24', '2013-10-26 20:13:24', 1),
(308, 1, 'Social', 'social', '2013-10-26 20:13:25', '2013-10-26 20:13:25', 1),
(309, 308, 'Arts', 'arts', '2013-10-26 20:13:24', '2013-10-26 20:13:24', 1),
(310, 309, 'Art Dealers and Galleries', 'art-dealers-and-galleries', '2013-10-26 20:13:24', '2013-10-26 20:13:24', 1),
(311, 309, 'Museums', 'museums', '2013-10-26 20:13:24', '2013-10-26 20:13:24', 1),
(312, 308, 'Bars', 'bars', '2013-10-26 20:13:25', '2013-10-26 20:13:25', 1),
(313, 312, 'Hotel Lounges', 'hotel-lounges', '2013-10-26 20:13:24', '2013-10-26 20:13:24', 1),
(314, 312, 'Jazz and Blues Cafes', 'jazz-and-blues-cafes', '2013-10-26 20:13:24', '2013-10-26 20:13:24', 1),
(315, 312, 'Sports Bars', 'sports-bars', '2013-10-26 20:13:24', '2013-10-26 20:13:24', 1),
(316, 312, 'Wine Bars', 'wine-bars', '2013-10-26 20:13:25', '2013-10-26 20:13:25', 1),
(317, 308, 'Entertainment', 'entertainment', '2013-10-26 20:13:25', '2013-10-26 20:13:25', 1),
(318, 317, 'Adult', 'adult', '2013-10-26 20:13:25', '2013-10-26 20:13:25', 1),
(319, 317, 'Arcades and Amusement Parks', 'arcades-and-amusement-parks', '2013-10-26 20:13:24', '2013-10-26 20:13:24', 1),
(320, 317, 'Billiard and Pool', 'billiard-and-pool', '2013-10-26 20:13:24', '2013-10-26 20:13:24', 1),
(321, 317, 'Bingo', 'bingo', '2013-10-26 20:13:25', '2013-10-26 20:13:25', 1),
(322, 317, 'Bowling', 'bowling', '2013-10-26 20:13:25', '2013-10-26 20:13:25', 1),
(323, 317, 'Carnivals', 'carnivals', '2013-10-26 20:13:24', '2013-10-26 20:13:24', 1),
(324, 317, 'Casinos and Gaming', 'casinos-and-gaming', '2013-10-26 20:13:24', '2013-10-26 20:13:24', 1),
(325, 317, 'Circuses', 'circuses', '2013-10-26 20:13:25', '2013-10-26 20:13:25', 1),
(326, 317, 'Dance Halls and Saloons', 'dance-halls-and-saloons', '2013-10-26 20:13:25', '2013-10-26 20:13:25', 1),
(327, 317, 'Fairgrounds and Rodeos', 'fairgrounds-and-rodeos', '2013-10-26 20:13:24', '2013-10-26 20:13:24', 1),
(328, 317, 'Go Carts', 'go-carts', '2013-10-26 20:13:25', '2013-10-26 20:13:25', 1),
(329, 317, 'Hookah Lounges', 'hookah-lounges', '2013-10-26 20:13:24', '2013-10-26 20:13:24', 1),
(330, 317, 'Karaoke', 'karaoke', '2013-10-26 20:13:25', '2013-10-26 20:13:25', 1),
(331, 317, 'Miniature Golf', 'miniature-golf', '2013-10-26 20:13:25', '2013-10-26 20:13:25', 1),
(332, 317, 'Movie Theatres', 'movie-theatres', '2013-10-26 20:13:25', '2013-10-26 20:13:25', 1),
(333, 317, 'Music and Show Venues', 'music-and-show-venues', '2013-10-26 20:13:24', '2013-10-26 20:13:24', 1),
(334, 317, 'Night Clubs', 'night-clubs', '2013-10-26 20:13:24', '2013-10-26 20:13:24', 1),
(335, 317, 'Party Centers', 'party-centers', '2013-10-26 20:13:24', '2013-10-26 20:13:24', 1),
(336, 317, 'Psychics and Astrologers', 'psychics-and-astrologers', '2013-10-26 20:13:25', '2013-10-26 20:13:25', 1),
(337, 317, 'Ticket Sales', 'ticket-sales', '2013-10-26 20:13:24', '2013-10-26 20:13:24', 1),
(338, 308, 'Food and Dining', 'food-and-dining', '2013-10-26 20:13:24', '2013-10-26 20:13:24', 1),
(339, 338, 'Bagels and Donuts', 'bagels-and-donuts', '2013-10-26 20:13:24', '2013-10-26 20:13:24', 1),
(340, 338, 'Bakeries', 'bakeries', '2013-10-26 20:13:24', '2013-10-26 20:13:24', 1),
(341, 338, 'Breweries', 'breweries', '2013-10-26 20:13:24', '2013-10-26 20:13:24', 1),
(342, 338, 'Cafes, Coffee and Tea Houses', 'cafes-coffee-and-tea-houses', '2013-10-26 20:13:25', '2013-10-26 20:13:25', 1),
(343, 338, 'Dessert', 'dessert', '2013-10-26 20:13:25', '2013-10-26 20:13:25', 1),
(344, 338, 'Ice Cream Parlors', 'ice-cream-parlors', '2013-10-26 20:13:25', '2013-10-26 20:13:25', 1),
(345, 338, 'Internet Cafes', 'internet-cafes', '2013-10-26 20:13:24', '2013-10-26 20:13:24', 1),
(346, 338, 'Juice Bars and Smoothies', 'juice-bars-and-smoothies', '2013-10-26 20:13:25', '2013-10-26 20:13:25', 1),
(347, 338, 'Restaurants', 'restaurants', '2013-10-26 20:13:24', '2013-10-26 20:13:24', 1),
(348, 347, 'American', 'american', '2013-10-26 20:13:25', '2013-10-26 20:13:25', 1),
(349, 347, 'Barbecue', 'barbecue', '2013-10-26 20:13:25', '2013-10-26 20:13:25', 1),
(350, 347, 'Buffets', 'buffets', '2013-10-26 20:13:24', '2013-10-26 20:13:24', 1),
(351, 347, 'Burgers', 'burgers', '2013-10-26 20:13:25', '2013-10-26 20:13:25', 1),
(352, 347, 'Chinese', 'chinese', '2013-10-26 20:13:24', '2013-10-26 20:13:24', 1),
(353, 347, 'Delis', 'delis', '2013-10-26 20:13:24', '2013-10-26 20:13:24', 1),
(354, 347, 'Diners', 'diners', '2013-10-26 20:13:24', '2013-10-26 20:13:24', 1),
(355, 347, 'Fast Food', 'fast-food', '2013-10-26 20:13:25', '2013-10-26 20:13:25', 1),
(356, 347, 'French', 'french', '2013-10-26 20:13:24', '2013-10-26 20:13:24', 1),
(357, 347, 'Indian', 'indian', '2013-10-26 20:13:24', '2013-10-26 20:13:24', 1),
(358, 347, 'Italian', 'italian', '2013-10-26 20:13:24', '2013-10-26 20:13:24', 1),
(359, 347, 'Japanese', 'japanese', '2013-10-26 20:13:25', '2013-10-26 20:13:25', 1),
(360, 347, 'Korean', 'korean', '2013-10-26 20:13:25', '2013-10-26 20:13:25', 1),
(361, 347, 'Mexican', 'mexican', '2013-10-26 20:13:25', '2013-10-26 20:13:25', 1),
(362, 347, 'Middle Eastern', 'middle-eastern', '2013-10-26 20:13:24', '2013-10-26 20:13:24', 1),
(363, 347, 'Pizza', 'pizza', '2013-10-26 20:13:24', '2013-10-26 20:13:24', 1),
(364, 347, 'Seafood', 'seafood', '2013-10-26 20:13:25', '2013-10-26 20:13:25', 1),
(365, 347, 'Steakhouses', 'steakhouses', '2013-10-26 20:13:25', '2013-10-26 20:13:25', 1),
(366, 347, 'Sushi', 'sushi', '2013-10-26 20:13:24', '2013-10-26 20:13:24', 1),
(367, 347, 'Thai', 'thai', '2013-10-26 20:13:24', '2013-10-26 20:13:24', 1),
(368, 347, 'Vegan and Vegetarian', 'vegan-and-vegetarian', '2013-10-26 20:13:25', '2013-10-26 20:13:25', 1),
(369, 308, 'Social Clubs', 'social-clubs', '2013-10-26 20:13:25', '2013-10-26 20:13:25', 1),
(370, 308, 'Wineries and Vineyards', 'wineries-and-vineyards', '2013-10-26 20:13:24', '2013-10-26 20:13:24', 1),
(371, 308, 'Zoos, Aquariums and Wildlife Sanctuaries', 'zoos-aquariums-and-wildlife-sanctuaries', '2013-10-26 20:13:25', '2013-10-26 20:13:25', 1),
(372, 1, 'Sports and Recreation', 'sports-and-recreation', '2013-10-26 20:13:24', '2013-10-26 20:13:24', 1),
(373, 372, 'Athletic Fields', 'athletic-fields', '2013-10-26 20:13:25', '2013-10-26 20:13:25', 1),
(374, 372, 'Baseball', 'baseball', '2013-10-26 20:13:25', '2013-10-26 20:13:25', 1),
(375, 374, 'Batting Ranges', 'batting-ranges', '2013-10-26 20:13:25', '2013-10-26 20:13:25', 1),
(376, 372, 'Basketball', 'basketball', '2013-10-26 20:13:24', '2013-10-26 20:13:24', 1),
(377, 372, 'Combat Sports', 'combat-sports', '2013-10-26 20:13:24', '2013-10-26 20:13:24', 1),
(378, 372, 'Cycling', 'cycling', '2013-10-26 20:13:24', '2013-10-26 20:13:24', 1),
(379, 372, 'Dance', 'dance', '2013-10-26 20:13:25', '2013-10-26 20:13:25', 1),
(380, 372, 'Equestrian', 'equestrian', '2013-10-26 20:13:24', '2013-10-26 20:13:24', 1),
(381, 372, 'Football', 'football', '2013-10-26 20:13:24', '2013-10-26 20:13:24', 1),
(382, 372, 'Golf', 'golf', '2013-10-26 20:13:24', '2013-10-26 20:13:24', 1),
(383, 372, 'Gun Ranges', 'gun-ranges', '2013-10-26 20:13:24', '2013-10-26 20:13:24', 1),
(384, 372, 'Gymnastics', 'gymnastics', '2013-10-26 20:13:24', '2013-10-26 20:13:24', 1),
(385, 372, 'Gyms and Fitness Centers', 'gyms-and-fitness-centers', '2013-10-26 20:13:24', '2013-10-26 20:13:24', 1),
(386, 372, 'Hockey', 'hockey', '2013-10-26 20:13:25', '2013-10-26 20:13:25', 1),
(387, 372, 'Outdoors', 'outdoors', '2013-10-26 20:13:25', '2013-10-26 20:13:25', 1),
(388, 387, 'Campgrounds and RV Parks', 'campgrounds-and-rv-parks', '2013-10-26 20:13:24', '2013-10-26 20:13:24', 1),
(389, 387, 'Hiking', 'hiking', '2013-10-26 20:13:25', '2013-10-26 20:13:25', 1),
(390, 387, 'Hot Air Balloons', 'hot-air-balloons', '2013-10-26 20:13:24', '2013-10-26 20:13:24', 1),
(391, 387, 'Hunting and Fishing', 'hunting-and-fishing', '2013-10-26 20:13:25', '2013-10-26 20:13:25', 1),
(392, 387, 'Rock Climbing', 'rock-climbing', '2013-10-26 20:13:25', '2013-10-26 20:13:25', 1),
(393, 387, 'Skydiving', 'skydiving', '2013-10-26 20:13:24', '2013-10-26 20:13:24', 1),
(394, 387, 'Paintball', 'paintball', '2013-10-26 20:13:25', '2013-10-26 20:13:25', 1),
(395, 372, 'Personal Trainers', 'personal-trainers', '2013-10-26 20:13:24', '2013-10-26 20:13:24', 1),
(396, 372, 'Race Tracks', 'race-tracks', '2013-10-26 20:13:24', '2013-10-26 20:13:24', 1),
(397, 372, 'Racquet Sports', 'racquet-sports', '2013-10-26 20:13:24', '2013-10-26 20:13:24', 1),
(398, 397, 'Racquetball', 'racquetball', '2013-10-26 20:13:25', '2013-10-26 20:13:25', 1),
(399, 397, 'Tennis', 'tennis', '2013-10-26 20:13:24', '2013-10-26 20:13:24', 1),
(400, 372, 'Recreation Centers', 'recreation-centers', '2013-10-26 20:13:24', '2013-10-26 20:13:24', 1),
(401, 372, 'Running', 'running', '2013-10-26 20:13:24', '2013-10-26 20:13:24', 1),
(402, 372, 'Skating', 'skating', '2013-10-26 20:13:25', '2013-10-26 20:13:25', 1),
(403, 372, 'Snow Sports', 'snow-sports', '2013-10-26 20:13:25', '2013-10-26 20:13:25', 1),
(404, 372, 'Soccer', 'soccer', '2013-10-26 20:13:25', '2013-10-26 20:13:25', 1),
(405, 372, 'Sports Clubs', 'sports-clubs', '2013-10-26 20:13:24', '2013-10-26 20:13:24', 1),
(406, 372, 'Stadiums and Arenas', 'stadiums-and-arenas', '2013-10-26 20:13:24', '2013-10-26 20:13:24', 1),
(407, 372, 'Swimming Pools', 'swimming-pools', '2013-10-26 20:13:25', '2013-10-26 20:13:25', 1),
(408, 372, 'Water Sports', 'water-sports', '2013-10-26 20:13:25', '2013-10-26 20:13:25', 1),
(409, 408, 'Boating', 'boating', '2013-10-26 20:13:24', '2013-10-26 20:13:24', 1),
(410, 408, 'Canoes and Kayaks', 'canoes-and-kayaks', '2013-10-26 20:13:24', '2013-10-26 20:13:24', 1),
(411, 408, 'Rafting', 'rafting', '2013-10-26 20:13:25', '2013-10-26 20:13:25', 1),
(412, 408, 'Scuba Diving', 'scuba-diving', '2013-10-26 20:13:25', '2013-10-26 20:13:25', 1),
(413, 408, 'Swimming', 'swimming', '2013-10-26 20:13:24', '2013-10-26 20:13:24', 1),
(414, 372, 'Yoga and Pilates', 'yoga-and-pilates', '2013-10-26 20:13:25', '2013-10-26 20:13:25', 1),
(415, 1, 'Transportation', 'transportation', '2013-10-26 20:13:24', '2013-10-26 20:13:24', 1),
(416, 415, 'Airlines and Aviation Services', 'airlines-and-aviation-services', '2013-10-26 20:13:25', '2013-10-26 20:13:25', 1),
(417, 415, 'Gas Stations', 'gas-stations', '2013-10-26 20:13:25', '2013-10-26 20:13:25', 1),
(418, 415, 'Parking', 'parking', '2013-10-26 20:13:25', '2013-10-26 20:13:25', 1),
(419, 415, 'Public Transportation Services', 'public-transportation-services', '2013-10-26 20:13:24', '2013-10-26 20:13:24', 1),
(420, 419, 'Taxi and Car Services', 'taxi-and-car-services', '2013-10-26 20:13:24', '2013-10-26 20:13:24', 1),
(421, 420, 'Car and Truck Rentals', 'car-and-truck-rentals', '2013-10-26 20:13:24', '2013-10-26 20:13:24', 1),
(422, 420, 'Charter Buses', 'charter-buses', '2013-10-26 20:13:25', '2013-10-26 20:13:25', 1),
(423, 420, 'Limos and Chauffeurs', 'limos-and-chauffeurs', '2013-10-26 20:13:24', '2013-10-26 20:13:24', 1),
(424, 415, 'Transport Hubs', 'transport-hubs', '2013-10-26 20:13:24', '2013-10-26 20:13:24', 1),
(425, 424, 'Airports', 'airports', '2013-10-26 20:13:24', '2013-10-26 20:13:24', 1),
(426, 424, 'Bus Stations', 'bus-stations', '2013-10-26 20:13:24', '2013-10-26 20:13:24', 1),
(427, 424, 'Heliports', 'heliports', '2013-10-26 20:13:24', '2013-10-26 20:13:24', 1),
(428, 424, 'Ports', 'ports', '2013-10-26 20:13:24', '2013-10-26 20:13:24', 1),
(429, 424, 'Rail Stations', 'rail-stations', '2013-10-26 20:13:25', '2013-10-26 20:13:25', 1),
(430, 1, 'Travel', 'travel', '2013-10-26 20:13:25', '2013-10-26 20:13:25', 1),
(431, 430, 'Cruises', 'cruises', '2013-10-26 20:13:24', '2013-10-26 20:13:24', 1),
(432, 430, 'Lodging', 'lodging', '2013-10-26 20:13:25', '2013-10-26 20:13:25', 1),
(433, 432, 'Bed and Breakfasts', 'bed-and-breakfasts', '2013-10-26 20:13:24', '2013-10-26 20:13:24', 1),
(434, 432, 'Cottages and Cabins', 'cottages-and-cabins', '2013-10-26 20:13:25', '2013-10-26 20:13:25', 1),
(435, 432, 'Hostels', 'hostels', '2013-10-26 20:13:25', '2013-10-26 20:13:25', 1),
(436, 432, 'Hotels and Motels', 'hotels-and-motels', '2013-10-26 20:13:24', '2013-10-26 20:13:24', 1),
(437, 432, 'Lodges and Vacation Rentals', 'lodges-and-vacation-rentals', '2013-10-26 20:13:25', '2013-10-26 20:13:25', 1),
(438, 432, 'Resorts', 'resorts', '2013-10-26 20:13:24', '2013-10-26 20:13:24', 1),
(439, 430, 'Tourist Information and Services', 'tourist-information-and-services', '2013-10-26 20:13:24', '2013-10-26 20:13:24', 1),
(440, 430, 'Travel Agents and Tour Operators', 'travel-agents-and-tour-operators', '2013-10-26 20:13:24', '2013-10-26 20:13:24', 1),
(441, 83, 'Geriatrics', 'geriatrics', '2013-10-26 20:13:25', '2013-10-26 20:13:25', 1),
(442, 123, 'Discount Stores', 'discount-stores', '2013-10-26 20:13:24', '2013-10-26 20:13:24', 1),
(443, 149, 'Meat and Seafood', 'meat-and-seafood', '2013-10-26 20:13:24', '2013-10-26 20:13:24', 1),
(444, 123, 'Office Supplies', 'office-supplies', '2013-10-26 20:13:24', '2013-10-26 20:13:24', 1),
(445, 123, 'Party Supplies', 'party-supplies', '2013-10-26 20:13:25', '2013-10-26 20:13:25', 1),
(446, 177, 'Career Counseling', 'career-counseling', '2013-10-26 20:13:25', '2013-10-26 20:13:25', 1),
(447, 177, 'Construction', 'construction', '2013-10-26 20:13:25', '2013-10-26 20:13:25', 1),
(448, 269, 'Notary', 'notary', '2013-10-26 20:13:24', '2013-10-26 20:13:24', 1),
(449, 177, 'Photography', 'photography', '2013-10-26 20:13:24', '2013-10-26 20:13:24', 1),
(450, 177, 'Translation Services', 'translation-services', '2013-10-26 20:13:25', '2013-10-26 20:13:25', 1),
(451, 382, 'Golf Courses', 'golf-courses', '2013-10-26 20:13:25', '2013-10-26 20:13:25', 1),
(452, 408, 'Surfing', 'surfing', '2013-10-26 20:13:24', '2013-10-26 20:13:24', 1),
(453, 37, 'Embassies', 'embassies', '2013-10-26 20:13:24', '2013-10-26 20:13:24', 1),
(454, 460, 'Infrastructure', 'infrastructure', '2013-10-26 20:13:25', '2013-10-26 20:13:25', 1),
(455, 460, 'Mobile', 'mobile', '2013-10-26 20:13:25', '2013-10-26 20:13:25', 1),
(456, 460, 'Advertising', 'advertising', '2013-10-26 20:13:24', '2013-10-26 20:13:24', 1),
(457, 347, 'Asian', 'asian', '2013-10-26 20:13:25', '2013-10-26 20:13:25', 1),
(458, 347, 'Food Trucks', 'food-trucks', '2013-10-26 20:13:24', '2013-10-26 20:13:24', 1),
(459, 415, 'Rest Areas', 'rest-areas', '2013-10-26 20:13:25', '2013-10-26 20:13:25', 1),
(460, 177, 'Technology', 'technology', '2013-10-26 20:13:25', '2013-10-26 20:13:25', 1);

-- --------------------------------------------------------

--
-- Table structure for table `places_to_categories`
--

CREATE TABLE IF NOT EXISTS `places_to_categories` (
  `place_id` int(11) NOT NULL,
  `category_id` int(11) NOT NULL,
  PRIMARY KEY (`place_id`,`category_id`)
) ENGINE=InnoDB DEFAULT CHARSET=utf8;

-- --------------------------------------------------------

--
-- Table structure for table `users_autologin`
--

CREATE TABLE IF NOT EXISTS `users_autologin` (
  `autologin_id` int(10) unsigned NOT NULL AUTO_INCREMENT,
  `user_id` int(11) NOT NULL,
  `user_agent` varchar(150) COLLATE utf8_unicode_ci DEFAULT NULL,
  `last_ip` varchar(40) COLLATE utf8_unicode_ci DEFAULT NULL,
  `created_at` timestamp NOT NULL DEFAULT '0000-00-00 00:00:00',
  `updated_at` timestamp NOT NULL DEFAULT '0000-00-00 00:00:00',
  PRIMARY KEY (`autologin_id`),
  KEY `users_autologin_user_id_index` (`user_id`)
) ENGINE=InnoDB DEFAULT CHARSET=utf8 COLLATE=utf8_unicode_ci AUTO_INCREMENT=1 ;

-- --------------------------------------------------------

--
-- Table structure for table `users_locations`
--

CREATE TABLE IF NOT EXISTS `users_locations` (
  `location_id` int(11) NOT NULL AUTO_INCREMENT,
  `user_id` int(11) NOT NULL,
  `city` varchar(255) NOT NULL,
  `state` varchar(5) NOT NULL,
  `zipcode` varchar(16) NOT NULL,
  `lat` decimal(10,2) DEFAULT NULL,
  `lng` decimal(10,2) DEFAULT NULL,
  `is_primary` tinyint(1) NOT NULL,
  `created_at` datetime NOT NULL,
  `updated_at` datetime NOT NULL,
  PRIMARY KEY (`location_id`)
) ENGINE=InnoDB DEFAULT CHARSET=utf8 AUTO_INCREMENT=1 ;

-- --------------------------------------------------------

--
-- Table structure for table `users_login_attempts`
--

CREATE TABLE IF NOT EXISTS `users_login_attempts` (
  `attempt_id` int(10) unsigned NOT NULL AUTO_INCREMENT,
  `ip_address` varchar(40) COLLATE utf8_unicode_ci NOT NULL,
  `created_at` timestamp NOT NULL DEFAULT '0000-00-00 00:00:00',
  `updated_at` timestamp NOT NULL DEFAULT '0000-00-00 00:00:00',
  PRIMARY KEY (`attempt_id`)
) ENGINE=InnoDB DEFAULT CHARSET=utf8 COLLATE=utf8_unicode_ci AUTO_INCREMENT=1 ;

--
-- Constraints for dumped tables
--

--
-- Constraints for table `fs_venue_categories`
--
ALTER TABLE `fs_venue_categories`
  ADD CONSTRAINT `fs_venue_categories_ibfk_1` FOREIGN KEY (`venue_id`) REFERENCES `fs_venues` (`venue_id`) ON DELETE CASCADE ON UPDATE CASCADE,
  ADD CONSTRAINT `fs_venue_categories_ibfk_2` FOREIGN KEY (`category_id`) REFERENCES `categories` (`category_id`) ON DELETE CASCADE ON UPDATE CASCADE;

